{"id":66,"date":"2018-02-18T13:04:49","date_gmt":"2018-02-18T12:04:49","guid":{"rendered":"http:\/\/www.evang-friedhof.at\/simmering\/?page_id=66"},"modified":"2018-07-06T18:17:37","modified_gmt":"2018-07-06T16:17:37","slug":"agb","status":"publish","type":"page","link":"https:\/\/www.evang-friedhof.at\/simmering\/agb\/","title":{"rendered":"AGB"},"content":{"rendered":"<p style=\"text-align: center;\"><img loading=\"lazy\" decoding=\"async\" class=\"alignleft wp-image-269\" src=\"http:\/\/www.evang-friedhof.at\/matzleinsdorf\/wp-content\/uploads\/2018\/07\/Logo.png\" alt=\"\" width=\"83\" height=\"120\"> <img loading=\"lazy\" decoding=\"async\" class=\"alignright wp-image-272\" src=\"http:\/\/www.evang-friedhof.at\/matzleinsdorf\/wp-content\/uploads\/2018\/07\/logo2-216x300.jpg\" alt=\"\" width=\"86\" height=\"120\"><strong>Allgemeine<br \/>\nGesch\u00e4ftsbedingungen f\u00fcr<br \/>\nfriedhofsg\u00e4rtnerische<br \/>\nArbeiten<\/strong><\/p>\n<p>&nbsp;<\/p>\n<ol>\n<li><strong> Ber\u00fccksichtigung der Friedhofsordnung:<\/strong><\/li>\n<\/ol>\n<p>S\u00e4mtliche g\u00e4rtnerische Arbeiten auf dem Friedhof werden nach Ma\u00dfgabe der Bestimmungen der \u00f6rtlich geltenden Friedhofsordnung und allf\u00e4lliger anderer Rechtsvorschriften fachgerecht ausgef\u00fchrt.<\/p>\n<p>&nbsp;<\/p>\n<ol start=\"2\">\n<li><strong> Art und Ausma\u00df der g\u00e4rtnerischen Arbeiten:<\/strong><\/li>\n<\/ol>\n<p>Die Art und das Ausma\u00df der g\u00e4rtnerischen Arbeiten (Bepflanzung, Grabpflege) richten sich nach der jeweiligen Vereinbarung im Einzelfall. Sie orientieren sich im Zweifel an den \u00f6rtlichen Gegebenheiten (Lage, Klima, Jahreszeit, Bodenbeschaffenheit, Schatten- oder Sonnenseitig usw.), die der G\u00e4rtner nach fachlichen Gesichtspunkten zu ber\u00fccksichtigen hat.<\/p>\n<p>F\u00fcr folgende Leistungen, die stets gesondert in Rechnung gestellt werden, ist jedenfalls ein gesonderter Auftrag erforderlich:<\/p>\n<p>a) Abf\u00fchren nicht ben\u00f6tigter Erde;<br \/>\nb) Auff\u00fcllen der Grabst\u00e4tte;<br \/>\nc) Lieferung von Pflanzerde, bei Neugestaltung der Grabst\u00e4tte (z.B. nach Beilegung)<br \/>\nd) Fundamente entfernen und- oder Neuanlagen von Fundamenten<br \/>\ne) Winterschutz von Pflanzen;<br \/>\nf) Arbeiten anl\u00e4sslich von Bestattung (z.B. Grabschmuck, Zu- und Abtransport von Trauergebinden etc.)<br \/>\ng) Sonstige Arbeiten, die nicht zu den \u00fcblichen Bepflanzungs- und Pflegearbeiten geh\u00f6ren (z.B. das Schneiden, Ausputzen o. Entfernen gr\u00f6\u00dferer B\u00e4ume, Hecken- u. Rosenschnitt, Anbringen von Schutzgitter, Sch\u00e4dlingsbek\u00e4mpfung, D\u00fcngen u. Boden verbessern, Behebung von Sch\u00e4den, die durch Dritte verursacht werden),<br \/>\nh) Vor\u00fcbergehendes Entfernen von Pflanzen von der Grabst\u00e4tte auf Wunsch des Auftraggebers o. auf Anordnung der Friedhofsverwaltung.<br \/>\ni) Neuanlage von Bodendecker oder Rasen.<\/p>\n<p>&nbsp;<\/p>\n<ol start=\"3\">\n<li><strong> Haftung:<\/strong><\/li>\n<\/ol>\n<p>Der Friedhofsg\u00e4rtner \u00fcbernimmt keine Haftung f\u00fcr von ihm nicht vors\u00e4tzlich oder grob fahrl\u00e4ssig o. durch h\u00f6here Gewalt o. Dritte herbeigef\u00fchrte Sch\u00e4den an der Grabst\u00e4tte, Grabsteinen, Grabausschm\u00fcckungsgegenst\u00e4nden, Sch\u00e4den durch D\u00fcrre, Frost, Hagel, Sturm, schweren Regen, Wild, tierischen o. pflanzlichen Sch\u00e4dlingen.<\/p>\n<p>&nbsp;<\/p>\n<ol start=\"4\">\n<li><strong> Gew\u00e4hrleistung:<\/strong><\/li>\n<\/ol>\n<p>Der Friedhofsg\u00e4rtner leistet f\u00fcr seine g\u00e4rtnerischen Arbeiten Gew\u00e4hr im Rahmen der Gesetzlichen Bestimmungen.<\/p>\n<p>&nbsp;<\/p>\n<ol start=\"5\">\n<li><strong> Warnhinweise: <\/strong><\/li>\n<\/ol>\n<p>a) Neue Pflanzen wachsen nur bei fachgerechter Pflege an. Es wird daher empfohlen, einen Pflegeauftrag zu erteilen bzw. sich mit den Pflegeerfordernissen bertraut zu machen u. die Pflege entsprechend durchzuf\u00fchren.<br \/>\nb) Eine ung\u00fcnstige \u00f6rtliche Lage der Grabst\u00e4tte, Schattenlage, Mangelnde o. schwer zu bearbeitende B\u00f6den und \u00e4hnliches, k\u00f6nnen dazu f\u00fchren, dass die Pflanzen nicht anwachsen oder nicht die \u00fcbliche Gr\u00f6\u00dfe bzw. Bl\u00fcte erreichen. Erteilt der Auftraggeber trotz Warnung des G\u00e4rtners vor einem m\u00f6glichen Misslingen den Auftrag, haftet der Friedhofsg\u00e4rtner f\u00fcr den Misserfolg nicht.<\/p>\n<p>&nbsp;<\/p>\n<ol start=\"6\">\n<li><strong> Zahlungsbedingungen:<\/strong><\/li>\n<\/ol>\n<p>a) die Friedhofsg\u00e4rtnerischen Arbeiten werden jeweils im Vor= hinein f\u00fcr das laufende Jahr bzw. Saison in Rechnung gestellt.<br \/>\nb) die G\u00e4rtnerischen Arbeiten werden erst durchgef\u00fchrt, wenn der Auftrag bezahlt ist (bar in der Kanzlei, per \u00dcberweisung, per Telebanking, oder Bankomatkassa).<\/p>\n<p>&nbsp;<\/p>\n<ol start=\"7\">\n<li><strong> Vertragsdauer-K\u00fcndigung<\/strong><\/li>\n<\/ol>\n<p>Auftr\u00e4ge, welche zeitlich unbeschr\u00e4nkt oder f\u00fcr l\u00e4nger als ein Jahr erteilt werden, k\u00f6nnen unter Einhaltung einer zweimonatigen Frist zum Ablauf des ersten Jahres, nachher jeweils zum Ablauf eines halben Jahres gek\u00fcndigt werden.<\/p>\n<p>Auf eine bestimmte Zeitdauer abgeschlossene Vertr\u00e4ge verl\u00e4ngern sich jeweils um ein weiteres Jahr, sofern der Auftraggeber bis sp\u00e4testens einen Monat vor Vertragsablauf auf diese Rechtsfolge besonders hingewiesen wurde und er in der Folge bis zum urspr\u00fcnglich vorgesehenen Termin des Vertragsablaufes nicht ausdr\u00fccklich erkl\u00e4rt hat, einer solchen Vertragsverl\u00e4ngerung nicht zuzustimmen.<\/p>\n<p>Das gleiche gilt f\u00fcr Vertr\u00e4ge, die friedhofsg\u00e4rtnerischen Arbeiten nur f\u00fcr bestimmte Jahreszeiten eines Jahres vorsehen; derartige Saisonvertr\u00e4ge gelten auch f\u00fcr die gleiche Jahreszeit des jeweiligen Folgejahres als verl\u00e4ngert. Der Hinweis muss in diesem Fall bis sp\u00e4testens einen Monat vor bzw. der Widerspruch des Kunden bis vor dem Arbeitsbeginn eingelangt sein.<\/p>\n<p>&nbsp;<\/p>\n<ol start=\"8\">\n<li><strong> Bepflanzung <\/strong><\/li>\n<\/ol>\n<p>Die Auswahl der Pflanzen f\u00fcr jahreszeitliche Wechsel= bepflanzungen erfolgt &#8211; wenn nicht anders Vereinbart &#8211; durch den Friedhofsg\u00e4rtner nach \u00f6rtlichen Gegebenheiten.<\/p>\n<p>Die Durchf\u00fchrung der Bepflanzung (jahreszeitliche Wechselbe- pflanzung, Rasen, Bodendecker, Fr\u00fchjahr-, Sommer-, Herbst-. sonstige Bepflanzungen) erfolgt, wann und wie Natur, Witterung und daraus resultierender Arbeitsanfall es gestatten bzw. erfordern.<\/p>\n<p>Die \u00fcbliche Auspflanzungszeit unter normalen klimatischen Verh\u00e4ltnissen ist bei:<\/p>\n<p>Fr\u00fchjahrsblumen: Ostern fertig<\/p>\n<p>Muttertag: Muttertag fertig<\/p>\n<p>Sommerblumen: ab 15. Mai bis zum 15. Juni<\/p>\n<p>Herbstblumen: Oktober bis Allerheiligen<\/p>\n<p>Winterdekoration: Allerheiligen bis Weihnachten<\/p>\n<p>Weihnachten: bis 23.12 des Jahres<\/p>\n<p><strong>&nbsp;<\/strong><\/p>\n<ol start=\"9\">\n<li><strong> Grabpflege<\/strong><\/li>\n<\/ol>\n<p>Die Grabpflege wird mit g\u00e4rtnerischer Sorgfalt ausgef\u00fchrt. Die g\u00e4rtnerische Pflege umfasst: Bek\u00e4mpfung von Unkraut, Schnitt der Pflanzen und des Rasens nach fachlichen Gesichtspunkten, S\u00e4ubern der Grabstelle, Begie\u00dfen soweit orts\u00fcblich und fachlich erforderlich (w\u00e4hrend der Saison). Sie umfasst nicht die fachliche notwendige Neuanlage des Rasens (grunds\u00e4tzlich alle 3 Jahre) und Bodendecker (grunds\u00e4tzlich alle 5 Jahre), f\u00fcr welche ein gesonderter Auftrag notwendig ist.<\/p>\n<p>Die j\u00e4hrlichen Wechselbepflanzungen sind nicht in der Pflege enthalten. Sie m\u00fcssen zus\u00e4tzlich in Auftrag gegeben werden.<\/p>\n","protected":false},"excerpt":{"rendered":"<p>Allgemeine Gesch\u00e4ftsbedingungen f\u00fcr friedhofsg\u00e4rtnerische Arbeiten &nbsp; Ber\u00fccksichtigung der Friedhofsordnung: S\u00e4mtliche g\u00e4rtnerische Arbeiten auf dem Friedhof werden nach Ma\u00dfgabe der Bestimmungen der \u00f6rtlich geltenden Friedhofsordnung und allf\u00e4lliger anderer Rechtsvorschriften fachgerecht ausgef\u00fchrt. &nbsp; Art und Ausma\u00df der g\u00e4rtnerischen Arbeiten: Die Art und das Ausma\u00df der g\u00e4rtnerischen Arbeiten (Bepflanzung, Grabpflege) richten sich nach der jeweiligen Vereinbarung im Einzelfall. &hellip; <\/p>\n<p class=\"link-more\"><a href=\"https:\/\/www.evang-friedhof.at\/simmering\/agb\/\" class=\"more-link\"><span class=\"screen-reader-text\">\u201eAGB\u201c <\/span>weiterlesen<\/a><\/p>\n","protected":false},"author":1,"featured_media":0,"parent":0,"menu_order":0,"comment_status":"closed","ping_status":"closed","template":"","meta":{"ngg_post_thumbnail":0,"footnotes":""},"class_list":["post-66","page","type-page","status-publish","hentry"],"_links":{"self":[{"href":"https:\/\/www.evang-friedhof.at\/simmering\/wp-json\/wp\/v2\/pages\/66","targetHints":{"allow":["GET"]}}],"collection":[{"href":"https:\/\/www.evang-friedhof.at\/simmering\/wp-json\/wp\/v2\/pages"}],"about":[{"href":"https:\/\/www.evang-friedhof.at\/simmering\/wp-json\/wp\/v2\/types\/page"}],"author":[{"embeddable":true,"href":"https:\/\/www.evang-friedhof.at\/simmering\/wp-json\/wp\/v2\/users\/1"}],"replies":[{"embeddable":true,"href":"https:\/\/www.evang-friedhof.at\/simmering\/wp-json\/wp\/v2\/comments?post=66"}],"version-history":[{"count":2,"href":"https:\/\/www.evang-friedhof.at\/simmering\/wp-json\/wp\/v2\/pages\/66\/revisions"}],"predecessor-version":[{"id":347,"href":"https:\/\/www.evang-friedhof.at\/simmering\/wp-json\/wp\/v2\/pages\/66\/revisions\/347"}],"wp:attachment":[{"href":"https:\/\/www.evang-friedhof.at\/simmering\/wp-json\/wp\/v2\/media?parent=66"}],"curies":[{"name":"wp","href":"https:\/\/api.w.org\/{rel}","templated":true}]}}