{"id":62,"date":"2018-02-18T12:59:55","date_gmt":"2018-02-18T11:59:55","guid":{"rendered":"http:\/\/www.evang-friedhof.at\/simmering\/?page_id=62"},"modified":"2018-02-18T12:59:55","modified_gmt":"2018-02-18T11:59:55","slug":"dauergrabpflege","status":"publish","type":"page","link":"https:\/\/www.evang-friedhof.at\/simmering\/dauergrabpflege\/","title":{"rendered":"Dauergrabpflege"},"content":{"rendered":"<p class=\"Stil1\" align=\"justify\">Oft f\u00e4llt mit zunehmendem Alter das Betreuen und Gie\u00dfen der Grabanlage schwerer, aus diesem Grund kann diese Arbeiten unser Friedhofsg\u00e4rtner \u00fcbernehmen ohne dass Sie den Bezug zu Ihrem Grab verlieren.<br \/>\nDauergrabpflege beinhaltet ein Angebot f\u00fcr die langj\u00e4hrige Betreuung der Grabstelle durch einen Friedhofsg\u00e4rtner.<\/p>\n<p>Die Kosten f\u00fcr die Grabpflege sind individuell, sie richten sich nach der Laufzeit des Vertrages und Ihren Leistungsw\u00fcnschen.<\/p>\n<p>Was bietet die Dauergrabpflege f\u00fcr Vorteile?<\/p>\n<ul>\n<li>\n<div class=\"Stil1\" align=\"left\">Leistungsumfang Ihren W\u00fcnschen entsprechend<\/div>\n<\/li>\n<li>\n<div align=\"left\"><span class=\"Stil1\">Einmaliger Vertragsabschluss<\/span><\/div>\n<\/li>\n<li>\n<div align=\"left\"><span class=\"Stil1\">Genaue und regelm\u00e4\u00dfige \u00dcberpr\u00fcfung der Leistungen<\/span><\/div>\n<\/li>\n<li>\n<div align=\"left\"><span class=\"Stil1\">Bei Vertragseinigung k\u00f6nnen die Hinterbliebenen den Vertrag nicht \u00e4ndern oder r\u00fcckg\u00e4ngig machen<\/span><\/div>\n<\/li>\n<li>\n<div align=\"left\"><span class=\"Stil1\">Sichere Anlage des Geldes<\/span><\/div>\n<\/li>\n<\/ul>\n<div class=\"Stil1\" align=\"justify\">Wir bieten Ihnen auch bereits zu Lebzeiten ein gew\u00fcnschtes Leistungspaket an, damit Ihre Grabanlage sp\u00e4ter f\u00fcrsorglich gehegt und gepflegt wird. F\u00fcr ein entsprechendes Angebot wenden Sie sich bitte an unseren Friedhofsg\u00e4rtner, der Ihnen gerne behilflich ist.<\/p>\n<p>F\u00fcr eventuelle Fragen etc. sind wir nat\u00fcrlich jeder Zeit h\u00f6rbereit!<\/p><\/div>\n","protected":false},"excerpt":{"rendered":"<p>Oft f\u00e4llt mit zunehmendem Alter das Betreuen und Gie\u00dfen der Grabanlage schwerer, aus diesem Grund kann diese Arbeiten unser Friedhofsg\u00e4rtner \u00fcbernehmen ohne dass Sie den Bezug zu Ihrem Grab verlieren. Dauergrabpflege beinhaltet ein Angebot f\u00fcr die langj\u00e4hrige Betreuung der Grabstelle durch einen Friedhofsg\u00e4rtner. Die Kosten f\u00fcr die Grabpflege sind individuell, sie richten sich nach der &hellip; <\/p>\n<p class=\"link-more\"><a href=\"https:\/\/www.evang-friedhof.at\/simmering\/dauergrabpflege\/\" class=\"more-link\"><span class=\"screen-reader-text\">\u201eDauergrabpflege\u201c <\/span>weiterlesen<\/a><\/p>\n","protected":false},"author":1,"featured_media":0,"parent":0,"menu_order":0,"comment_status":"closed","ping_status":"closed","template":"","meta":{"ngg_post_thumbnail":0,"footnotes":""},"class_list":["post-62","page","type-page","status-publish","hentry"],"_links":{"self":[{"href":"https:\/\/www.evang-friedhof.at\/simmering\/wp-json\/wp\/v2\/pages\/62","targetHints":{"allow":["GET"]}}],"collection":[{"href":"https:\/\/www.evang-friedhof.at\/simmering\/wp-json\/wp\/v2\/pages"}],"about":[{"href":"https:\/\/www.evang-friedhof.at\/simmering\/wp-json\/wp\/v2\/types\/page"}],"author":[{"embeddable":true,"href":"https:\/\/www.evang-friedhof.at\/simmering\/wp-json\/wp\/v2\/users\/1"}],"replies":[{"embeddable":true,"href":"https:\/\/www.evang-friedhof.at\/simmering\/wp-json\/wp\/v2\/comments?post=62"}],"version-history":[{"count":1,"href":"https:\/\/www.evang-friedhof.at\/simmering\/wp-json\/wp\/v2\/pages\/62\/revisions"}],"predecessor-version":[{"id":63,"href":"https:\/\/www.evang-friedhof.at\/simmering\/wp-json\/wp\/v2\/pages\/62\/revisions\/63"}],"wp:attachment":[{"href":"https:\/\/www.evang-friedhof.at\/simmering\/wp-json\/wp\/v2\/media?parent=62"}],"curies":[{"name":"wp","href":"https:\/\/api.w.org\/{rel}","templated":true}]}}