{"id":23934,"date":"2022-11-02T20:58:36","date_gmt":"2022-11-02T19:58:36","guid":{"rendered":"https:\/\/www.evang-friedhof.at\/simmering\/?page_id=23934"},"modified":"2022-11-02T20:58:36","modified_gmt":"2022-11-02T19:58:36","slug":"dr-hermann-vetters","status":"publish","type":"page","link":"https:\/\/www.evang-friedhof.at\/simmering\/dr-hermann-vetters\/","title":{"rendered":"Dr. Hermann VETTERS"},"content":{"rendered":"<div class=\"description\"><a href=\"http:\/\/www.evang-friedhof.at\/simmering\/wp-content\/uploads\/2022\/11\/12-1-17-Vetters-1.jpg\"><img loading=\"lazy\" decoding=\"async\" class=\"alignleft size-medium wp-image-23935\" src=\"http:\/\/www.evang-friedhof.at\/simmering\/wp-content\/uploads\/2022\/11\/12-1-17-Vetters-1-225x300.jpg\" alt=\"\" width=\"225\" height=\"300\" srcset=\"https:\/\/www.evang-friedhof.at\/simmering\/wp-content\/uploads\/2022\/11\/12-1-17-Vetters-1-225x300.jpg 225w, https:\/\/www.evang-friedhof.at\/simmering\/wp-content\/uploads\/2022\/11\/12-1-17-Vetters-1-768x1024.jpg 768w, https:\/\/www.evang-friedhof.at\/simmering\/wp-content\/uploads\/2022\/11\/12-1-17-Vetters-1-350x467.jpg 350w, https:\/\/www.evang-friedhof.at\/simmering\/wp-content\/uploads\/2022\/11\/12-1-17-Vetters-1.jpg 1080w\" sizes=\"auto, (max-width: 225px) 100vw, 225px\" \/><\/a>Geologe<\/p>\n<p>geb.: 31. 07. 1880, Wien<br \/>\ngest.: 6. 10. 1941, Wien<\/p>\n<p>Hermann Vetters besuchte das Gymnasium in B\u00f6hmisch Leipa (Cesk\u00e1 L\u00edpa) und studierte anschlie\u00dfend an der Universit\u00e4t Wien. Nach seiner Promotion wurde er 1903 Assistent an der Lehrkanzel f\u00fcr Geologie und wechselte 1908 an die geologische Reichsanstalt. An der Montanistischen Hochschule in Leoben lehrte er als Privatdozent tektonische Geologie.<\/p>\n<p>1914 bis 1918 wurde er der milit\u00e4rischen Bauanstalt Wien als Geologe und Leiter der Instruktionsabteilung f\u00fcr Tiefbohrungen und Bohrbrunnen zugeteilt. Von 1916 bis 1918 diente er dann im Kriegsministerium und r\u00fcstete als Oberleutnant Ingenieur des Landsturms ab.<\/p>\n<p>Nach dem Krieg kehrte er in die geologische Bundesanstalt zur\u00fcck und wurde schlie\u00dflich deren Chefgeologe.<\/p>\n<p>Hermann Vetters geh\u00f6rte zu den Gr\u00fcndungsmitgliedern der geologischen Gesellschaft Wien und stand dieser 1934\/35 als Pr\u00e4sident vor<\/p>\n<p>Bei zahlreichen Reisen nach Albanien, Syrien, der Bukowina und Dalmatien oder auch in die Westkarpathen machte er geologische Aufnahmen.<\/p>\n<p>Zu seinen gro\u00dfen Leistungen z\u00e4hlt eine Karte der Geologie \u00d6sterreichs bzw. das Auffinden von \u00d6llagerst\u00e4tten in \u00d6sterreich.<\/p>\n<p>Sein Sohn Hermann (1915 &#8211; 1993) war Arch\u00e4ologe und machte sich als Direktor des arch\u00e4ologischen Instituts um die Ausgrabungen in Ephesus verdient.<\/p>\n<p>Lit::<br \/>\nAckerl Isabella, Weissensteiner Friedrich: \u00d6sterreichisches Personen Lexikon, Wien 1992, S. 501 Czeike Felix: Historisches Lexikon Wien, Wien 1997, S. 537 Em\u00f6di Paul: Wer ist wer. Lexikon \u00f6sterreichischer Zeitgenossen, Wien 1937, S. 360f<br \/>\nTaylor Stephen: Who\u00b4s who in Austria, Wien 1972, S. 781<\/p><\/div>\n","protected":false},"excerpt":{"rendered":"<p>Geologe geb.: 31. 07. 1880, Wien gest.: 6. 10. 1941, Wien Hermann Vetters besuchte das Gymnasium in B\u00f6hmisch Leipa (Cesk\u00e1 L\u00edpa) und studierte anschlie\u00dfend an der Universit\u00e4t Wien. Nach seiner Promotion wurde er 1903 Assistent an der Lehrkanzel f\u00fcr Geologie und wechselte 1908 an die geologische Reichsanstalt. An der Montanistischen Hochschule in Leoben lehrte er &hellip; <\/p>\n<p class=\"link-more\"><a href=\"https:\/\/www.evang-friedhof.at\/simmering\/dr-hermann-vetters\/\" class=\"more-link\"><span class=\"screen-reader-text\">\u201eDr. Hermann VETTERS\u201c <\/span>weiterlesen<\/a><\/p>\n","protected":false},"author":1,"featured_media":0,"parent":0,"menu_order":0,"comment_status":"closed","ping_status":"closed","template":"","meta":{"ngg_post_thumbnail":0,"footnotes":""},"class_list":["post-23934","page","type-page","status-publish","hentry"],"_links":{"self":[{"href":"https:\/\/www.evang-friedhof.at\/simmering\/wp-json\/wp\/v2\/pages\/23934","targetHints":{"allow":["GET"]}}],"collection":[{"href":"https:\/\/www.evang-friedhof.at\/simmering\/wp-json\/wp\/v2\/pages"}],"about":[{"href":"https:\/\/www.evang-friedhof.at\/simmering\/wp-json\/wp\/v2\/types\/page"}],"author":[{"embeddable":true,"href":"https:\/\/www.evang-friedhof.at\/simmering\/wp-json\/wp\/v2\/users\/1"}],"replies":[{"embeddable":true,"href":"https:\/\/www.evang-friedhof.at\/simmering\/wp-json\/wp\/v2\/comments?post=23934"}],"version-history":[{"count":1,"href":"https:\/\/www.evang-friedhof.at\/simmering\/wp-json\/wp\/v2\/pages\/23934\/revisions"}],"predecessor-version":[{"id":23936,"href":"https:\/\/www.evang-friedhof.at\/simmering\/wp-json\/wp\/v2\/pages\/23934\/revisions\/23936"}],"wp:attachment":[{"href":"https:\/\/www.evang-friedhof.at\/simmering\/wp-json\/wp\/v2\/media?parent=23934"}],"curies":[{"name":"wp","href":"https:\/\/api.w.org\/{rel}","templated":true}]}}

<div class="description"><a href="http://www.evang-friedhof.at/simmering/wp-content/uploads/2022/11/12-1-17-Vetters-1.jpg"><img loading="lazy" decoding="async" class="alignleft size-medium wp-image-23935" src="http://www.evang-friedhof.at/simmering/wp-content/uploads/2022/11/12-1-17-Vetters-1-225x300.jpg" alt="" width="225" height="300" srcset="https://www.evang-friedhof.at/simmering/wp-content/uploads/2022/11/12-1-17-Vetters-1-225x300.jpg 225w, https://www.evang-friedhof.at/simmering/wp-content/uploads/2022/11/12-1-17-Vetters-1-768x1024.jpg 768w, https://www.evang-friedhof.at/simmering/wp-content/uploads/2022/11/12-1-17-Vetters-1-350x467.jpg 350w, https://www.evang-friedhof.at/simmering/wp-content/uploads/2022/11/12-1-17-Vetters-1.jpg 1080w" sizes="auto, (max-width: 225px) 100vw, 225px" /></a>Geologe</p>
<p>geb.: 31. 07. 1880, Wien<br />
gest.: 6. 10. 1941, Wien</p>
<p>Hermann Vetters besuchte das Gymnasium in Böhmisch Leipa (Ceská Lípa) und studierte anschließend an der Universität Wien. Nach seiner Promotion wurde er 1903 Assistent an der Lehrkanzel für Geologie und wechselte 1908 an die geologische Reichsanstalt. An der Montanistischen Hochschule in Leoben lehrte er als Privatdozent tektonische Geologie.</p>
<p>1914 bis 1918 wurde er der militärischen Bauanstalt Wien als Geologe und Leiter der Instruktionsabteilung für Tiefbohrungen und Bohrbrunnen zugeteilt. Von 1916 bis 1918 diente er dann im Kriegsministerium und rüstete als Oberleutnant Ingenieur des Landsturms ab.</p>
<p>Nach dem Krieg kehrte er in die geologische Bundesanstalt zurück und wurde schließlich deren Chefgeologe.</p>
<p>Hermann Vetters gehörte zu den Gründungsmitgliedern der geologischen Gesellschaft Wien und stand dieser 1934/35 als Präsident vor</p>
<p>Bei zahlreichen Reisen nach Albanien, Syrien, der Bukowina und Dalmatien oder auch in die Westkarpathen machte er geologische Aufnahmen.</p>
<p>Zu seinen großen Leistungen zählt eine Karte der Geologie Österreichs bzw. das Auffinden von Öllagerstätten in Österreich.</p>
<p>Sein Sohn Hermann (1915 &#8211; 1993) war Archäologe und machte sich als Direktor des archäologischen Instituts um die Ausgrabungen in Ephesus verdient.</p>
<p>Lit::<br />
Ackerl Isabella, Weissensteiner Friedrich: Österreichisches Personen Lexikon, Wien 1992, S. 501 Czeike Felix: Historisches Lexikon Wien, Wien 1997, S. 537 Emödi Paul: Wer ist wer. Lexikon österreichischer Zeitgenossen, Wien 1937, S. 360f<br />
Taylor Stephen: Who´s who in Austria, Wien 1972, S. 781</p></div>

<p>Geologe geb.: 31. 07. 1880, Wien gest.: 6. 10. 1941, Wien Hermann Vetters besuchte das Gymnasium in Böhmisch Leipa (Ceská Lípa) und studierte anschließend an der Universität Wien. Nach seiner Promotion wurde er 1903 Assistent an der Lehrkanzel für Geologie und wechselte 1908 an die geologische Reichsanstalt. An der Montanistischen Hochschule in Leoben lehrte er &hellip; </p>
<p class="link-more"><a href="https://www.evang-friedhof.at/simmering/dr-hermann-vetters/" class="more-link"><span class="screen-reader-text">„Dr. Hermann VETTERS“ </span>weiterlesen</a></p>
