{"id":23931,"date":"2022-11-02T20:58:08","date_gmt":"2022-11-02T19:58:08","guid":{"rendered":"https:\/\/www.evang-friedhof.at\/simmering\/?page_id=23931"},"modified":"2022-11-02T20:58:08","modified_gmt":"2022-11-02T19:58:08","slug":"mag-dr-emil-van-tongel","status":"publish","type":"page","link":"https:\/\/www.evang-friedhof.at\/simmering\/mag-dr-emil-van-tongel\/","title":{"rendered":"Mag. Dr. Emil van TONGEL"},"content":{"rendered":"<p><a href=\"http:\/\/www.evang-friedhof.at\/simmering\/wp-content\/uploads\/2022\/11\/3-283-Tongel.jpg\"><img loading=\"lazy\" decoding=\"async\" class=\"alignleft size-medium wp-image-23932\" src=\"http:\/\/www.evang-friedhof.at\/simmering\/wp-content\/uploads\/2022\/11\/3-283-Tongel-225x300.jpg\" alt=\"\" width=\"225\" height=\"300\" srcset=\"https:\/\/www.evang-friedhof.at\/simmering\/wp-content\/uploads\/2022\/11\/3-283-Tongel-225x300.jpg 225w, https:\/\/www.evang-friedhof.at\/simmering\/wp-content\/uploads\/2022\/11\/3-283-Tongel-768x1024.jpg 768w, https:\/\/www.evang-friedhof.at\/simmering\/wp-content\/uploads\/2022\/11\/3-283-Tongel-350x467.jpg 350w, https:\/\/www.evang-friedhof.at\/simmering\/wp-content\/uploads\/2022\/11\/3-283-Tongel.jpg 1080w\" sizes=\"auto, (max-width: 225px) 100vw, 225px\" \/><\/a>Politiker, Apotheker<\/p>\n<p>geb.: 27. 10. 1902, Leitmeritz (Litomerice) heute Tschechien<br \/>\ngest.: 22. 05. 1981, Wien<\/p>\n<p>Emil van Tongel besuchte in Wien das humanistische Gymnasium und begann nach der Reifepr\u00fcfung sowohl Pharmazie, als auch Rechtswissenschaften an der Universit\u00e4t Wien zu studieren. Nach seiner Promotion zum Doktor der beiden Rechte konnte er auch das zweite Studium mit dem Magisterium beenden.<\/p>\n<p>W\u00e4hrend des Zeiten Weltkrieges war er einger\u00fcckt und geriet 1945 in Kriegsgefangenschaft, aus der er 1947 in die Heimat zur\u00fcckkehren konnte. Er z\u00e4hlte zum Gr\u00fcndungskreis um Reimann und Kraus bei der Gr\u00fcndung des VdU aus dem 1956 die FP\u00d6 hervorging: Von 1959 bis 1970 war er Abgeordneter zum Nationalrat und \u00fcbte vor Friedrich Peter die Funktion des Klubobmannes aus.<\/p>\n<p>Innerhalb der FP\u00d6 bekleidete er das Amt des Bundesfinanz &#8211; sowie des Presse und Propagandareferenten und war Mitglied des Bundesvorstandes sowie Landesparteivorstand in Wien.<\/p>\n<p>Dar\u00fcber hinaus war er Verlagsleiter der Neuen Front und Vizepr\u00e4sident des \u201eSchwarzen Kreuzes\u201c.<\/p>\n<p>Lit.:<br \/>\nWSTLA: Biographischer Akt<br \/>\nAnglas Erwin H.: Die Zweite Republik und ihre Repr\u00e4sentanten, Wien 1960 S. 40<br \/>\nParlamentsdirektion Wien (Hrsg.): Biographisches Handbuch der \u00f6sterreichischen Parlamentarier 1918 &#8211; 1993, Wien 1993, S. 599<\/p>\n","protected":false},"excerpt":{"rendered":"<p>Politiker, Apotheker geb.: 27. 10. 1902, Leitmeritz (Litomerice) heute Tschechien gest.: 22. 05. 1981, Wien Emil van Tongel besuchte in Wien das humanistische Gymnasium und begann nach der Reifepr\u00fcfung sowohl Pharmazie, als auch Rechtswissenschaften an der Universit\u00e4t Wien zu studieren. Nach seiner Promotion zum Doktor der beiden Rechte konnte er auch das zweite Studium mit &hellip; <\/p>\n<p class=\"link-more\"><a href=\"https:\/\/www.evang-friedhof.at\/simmering\/mag-dr-emil-van-tongel\/\" class=\"more-link\"><span class=\"screen-reader-text\">\u201eMag. Dr. Emil van TONGEL\u201c <\/span>weiterlesen<\/a><\/p>\n","protected":false},"author":1,"featured_media":0,"parent":0,"menu_order":0,"comment_status":"closed","ping_status":"closed","template":"","meta":{"ngg_post_thumbnail":0,"footnotes":""},"class_list":["post-23931","page","type-page","status-publish","hentry"],"_links":{"self":[{"href":"https:\/\/www.evang-friedhof.at\/simmering\/wp-json\/wp\/v2\/pages\/23931","targetHints":{"allow":["GET"]}}],"collection":[{"href":"https:\/\/www.evang-friedhof.at\/simmering\/wp-json\/wp\/v2\/pages"}],"about":[{"href":"https:\/\/www.evang-friedhof.at\/simmering\/wp-json\/wp\/v2\/types\/page"}],"author":[{"embeddable":true,"href":"https:\/\/www.evang-friedhof.at\/simmering\/wp-json\/wp\/v2\/users\/1"}],"replies":[{"embeddable":true,"href":"https:\/\/www.evang-friedhof.at\/simmering\/wp-json\/wp\/v2\/comments?post=23931"}],"version-history":[{"count":1,"href":"https:\/\/www.evang-friedhof.at\/simmering\/wp-json\/wp\/v2\/pages\/23931\/revisions"}],"predecessor-version":[{"id":23933,"href":"https:\/\/www.evang-friedhof.at\/simmering\/wp-json\/wp\/v2\/pages\/23931\/revisions\/23933"}],"wp:attachment":[{"href":"https:\/\/www.evang-friedhof.at\/simmering\/wp-json\/wp\/v2\/media?parent=23931"}],"curies":[{"name":"wp","href":"https:\/\/api.w.org\/{rel}","templated":true}]}}

<p><a href="http://www.evang-friedhof.at/simmering/wp-content/uploads/2022/11/3-283-Tongel.jpg"><img loading="lazy" decoding="async" class="alignleft size-medium wp-image-23932" src="http://www.evang-friedhof.at/simmering/wp-content/uploads/2022/11/3-283-Tongel-225x300.jpg" alt="" width="225" height="300" srcset="https://www.evang-friedhof.at/simmering/wp-content/uploads/2022/11/3-283-Tongel-225x300.jpg 225w, https://www.evang-friedhof.at/simmering/wp-content/uploads/2022/11/3-283-Tongel-768x1024.jpg 768w, https://www.evang-friedhof.at/simmering/wp-content/uploads/2022/11/3-283-Tongel-350x467.jpg 350w, https://www.evang-friedhof.at/simmering/wp-content/uploads/2022/11/3-283-Tongel.jpg 1080w" sizes="auto, (max-width: 225px) 100vw, 225px" /></a>Politiker, Apotheker</p>
<p>geb.: 27. 10. 1902, Leitmeritz (Litomerice) heute Tschechien<br />
gest.: 22. 05. 1981, Wien</p>
<p>Emil van Tongel besuchte in Wien das humanistische Gymnasium und begann nach der Reifeprüfung sowohl Pharmazie, als auch Rechtswissenschaften an der Universität Wien zu studieren. Nach seiner Promotion zum Doktor der beiden Rechte konnte er auch das zweite Studium mit dem Magisterium beenden.</p>
<p>Während des Zeiten Weltkrieges war er eingerückt und geriet 1945 in Kriegsgefangenschaft, aus der er 1947 in die Heimat zurückkehren konnte. Er zählte zum Gründungskreis um Reimann und Kraus bei der Gründung des VdU aus dem 1956 die FPÖ hervorging: Von 1959 bis 1970 war er Abgeordneter zum Nationalrat und übte vor Friedrich Peter die Funktion des Klubobmannes aus.</p>
<p>Innerhalb der FPÖ bekleidete er das Amt des Bundesfinanz &#8211; sowie des Presse und Propagandareferenten und war Mitglied des Bundesvorstandes sowie Landesparteivorstand in Wien.</p>
<p>Darüber hinaus war er Verlagsleiter der Neuen Front und Vizepräsident des „Schwarzen Kreuzes“.</p>
<p>Lit.:<br />
WSTLA: Biographischer Akt<br />
Anglas Erwin H.: Die Zweite Republik und ihre Repräsentanten, Wien 1960 S. 40<br />
Parlamentsdirektion Wien (Hrsg.): Biographisches Handbuch der österreichischen Parlamentarier 1918 &#8211; 1993, Wien 1993, S. 599</p>

<p>Politiker, Apotheker geb.: 27. 10. 1902, Leitmeritz (Litomerice) heute Tschechien gest.: 22. 05. 1981, Wien Emil van Tongel besuchte in Wien das humanistische Gymnasium und begann nach der Reifeprüfung sowohl Pharmazie, als auch Rechtswissenschaften an der Universität Wien zu studieren. Nach seiner Promotion zum Doktor der beiden Rechte konnte er auch das zweite Studium mit &hellip; </p>
<p class="link-more"><a href="https://www.evang-friedhof.at/simmering/mag-dr-emil-van-tongel/" class="more-link"><span class="screen-reader-text">„Mag. Dr. Emil van TONGEL“ </span>weiterlesen</a></p>
