{"id":23925,"date":"2022-11-02T20:56:56","date_gmt":"2022-11-02T19:56:56","guid":{"rendered":"https:\/\/www.evang-friedhof.at\/simmering\/?page_id=23925"},"modified":"2022-11-02T20:56:56","modified_gmt":"2022-11-02T19:56:56","slug":"georg-traar","status":"publish","type":"page","link":"https:\/\/www.evang-friedhof.at\/simmering\/georg-traar\/","title":{"rendered":"Georg TRAAR"},"content":{"rendered":"<div class=\"description\"><a href=\"http:\/\/www.evang-friedhof.at\/simmering\/wp-content\/uploads\/2022\/11\/P-1-Traar-2.jpg\"><img loading=\"lazy\" decoding=\"async\" class=\"alignleft size-medium wp-image-23926\" src=\"http:\/\/www.evang-friedhof.at\/simmering\/wp-content\/uploads\/2022\/11\/P-1-Traar-2-225x300.jpg\" alt=\"\" width=\"225\" height=\"300\" srcset=\"https:\/\/www.evang-friedhof.at\/simmering\/wp-content\/uploads\/2022\/11\/P-1-Traar-2-225x300.jpg 225w, https:\/\/www.evang-friedhof.at\/simmering\/wp-content\/uploads\/2022\/11\/P-1-Traar-2-768x1024.jpg 768w, https:\/\/www.evang-friedhof.at\/simmering\/wp-content\/uploads\/2022\/11\/P-1-Traar-2-350x467.jpg 350w, https:\/\/www.evang-friedhof.at\/simmering\/wp-content\/uploads\/2022\/11\/P-1-Traar-2.jpg 1080w\" sizes=\"auto, (max-width: 225px) 100vw, 225px\" \/><\/a>Superintendent A.B.<\/p>\n<p>geb.: 5. 07. 1899, Neusach am Wei\u00dfensee<br \/>\ngest.: 4. 09. 1980, Wien<\/p>\n<p>Von den studentischen Anf\u00e4ngen an war sein Werk der Jugend gewidmet und so entstand noch w\u00e4hrend seines Theologiestudiums unter seiner F\u00fchrung der Jugendbund \u201eKreuzfahrer\u201c, aus dem sp\u00e4ter das evangelische Jugendwerk hervorging. Als Jugendpfarrer wurde er 1929 an die zweite Pfarrstelle der Pfarrgemeinde A.B. Wien Innere Stadt gew\u00e4hlt und nach dem Zweiten Weltkrieg baute er das \u201eEvangelische Jugendwerk\u201c auf, das er auch als Landesjugendpfarrer leitete.<\/p>\n<p>Zahlreiche Institutionen entstanden \u00fcber seine Initiative, so veranstaltete er 1927 erstmals die \u201eEvangelische Woche\u201c, die zu einer bleibenden Einrichtung wurde und allj\u00e4hrlich vom evangelischen Bildungswerk durchgef\u00fchrt wird. Unmittelbar nach dem Zweiten Weltkrieg gr\u00fcndete er das \u201eEvangelische Hilfswerk\u201c. Fast im Alleingang und gegen mancherlei Widerstand gelang es ihm nach 1945 die evangelische Schule am Karlsplatz wieder aufzubauen.<\/p>\n<p>1946 erfolgte seine Wahl zum Superintendenten der Di\u00f6zese Wien und dieses Amt bekleidete er 25 Jahre. Er f\u00f6rderte den Ausbau des evangelischen Pressewesens und war bis 1977 Obmann des Presseverbandes. Auch die Herausgabe des Kalenders \u201eGlaube und Heimat\u201c war sein Werk.<\/p>\n<p>Lit.:<br \/>\nRassl Hermann: Des Herrn Wort bleibet in Ewigkeit, 2000 Jahre Evangelische Gemeinde in Wien, Wien 1983, S. 58ff.<\/p><\/div>\n","protected":false},"excerpt":{"rendered":"<p>Superintendent A.B. geb.: 5. 07. 1899, Neusach am Wei\u00dfensee gest.: 4. 09. 1980, Wien Von den studentischen Anf\u00e4ngen an war sein Werk der Jugend gewidmet und so entstand noch w\u00e4hrend seines Theologiestudiums unter seiner F\u00fchrung der Jugendbund \u201eKreuzfahrer\u201c, aus dem sp\u00e4ter das evangelische Jugendwerk hervorging. Als Jugendpfarrer wurde er 1929 an die zweite Pfarrstelle der &hellip; <\/p>\n<p class=\"link-more\"><a href=\"https:\/\/www.evang-friedhof.at\/simmering\/georg-traar\/\" class=\"more-link\"><span class=\"screen-reader-text\">\u201eGeorg TRAAR\u201c <\/span>weiterlesen<\/a><\/p>\n","protected":false},"author":1,"featured_media":0,"parent":0,"menu_order":0,"comment_status":"closed","ping_status":"closed","template":"","meta":{"ngg_post_thumbnail":0,"footnotes":""},"class_list":["post-23925","page","type-page","status-publish","hentry"],"_links":{"self":[{"href":"https:\/\/www.evang-friedhof.at\/simmering\/wp-json\/wp\/v2\/pages\/23925","targetHints":{"allow":["GET"]}}],"collection":[{"href":"https:\/\/www.evang-friedhof.at\/simmering\/wp-json\/wp\/v2\/pages"}],"about":[{"href":"https:\/\/www.evang-friedhof.at\/simmering\/wp-json\/wp\/v2\/types\/page"}],"author":[{"embeddable":true,"href":"https:\/\/www.evang-friedhof.at\/simmering\/wp-json\/wp\/v2\/users\/1"}],"replies":[{"embeddable":true,"href":"https:\/\/www.evang-friedhof.at\/simmering\/wp-json\/wp\/v2\/comments?post=23925"}],"version-history":[{"count":1,"href":"https:\/\/www.evang-friedhof.at\/simmering\/wp-json\/wp\/v2\/pages\/23925\/revisions"}],"predecessor-version":[{"id":23927,"href":"https:\/\/www.evang-friedhof.at\/simmering\/wp-json\/wp\/v2\/pages\/23925\/revisions\/23927"}],"wp:attachment":[{"href":"https:\/\/www.evang-friedhof.at\/simmering\/wp-json\/wp\/v2\/media?parent=23925"}],"curies":[{"name":"wp","href":"https:\/\/api.w.org\/{rel}","templated":true}]}}