{"id":23922,"date":"2022-11-02T20:56:27","date_gmt":"2022-11-02T19:56:27","guid":{"rendered":"https:\/\/www.evang-friedhof.at\/simmering\/?page_id=23922"},"modified":"2022-11-02T20:56:27","modified_gmt":"2022-11-02T19:56:27","slug":"otto-thienemann","status":"publish","type":"page","link":"https:\/\/www.evang-friedhof.at\/simmering\/otto-thienemann\/","title":{"rendered":"Otto THIENEMANN"},"content":{"rendered":"<p><a href=\"http:\/\/www.evang-friedhof.at\/simmering\/wp-content\/uploads\/2022\/11\/3-98-Thienemann.jpg\"><img loading=\"lazy\" decoding=\"async\" class=\"alignleft size-medium wp-image-23923\" src=\"http:\/\/www.evang-friedhof.at\/simmering\/wp-content\/uploads\/2022\/11\/3-98-Thienemann-225x300.jpg\" alt=\"\" width=\"225\" height=\"300\" srcset=\"https:\/\/www.evang-friedhof.at\/simmering\/wp-content\/uploads\/2022\/11\/3-98-Thienemann-225x300.jpg 225w, https:\/\/www.evang-friedhof.at\/simmering\/wp-content\/uploads\/2022\/11\/3-98-Thienemann-768x1024.jpg 768w, https:\/\/www.evang-friedhof.at\/simmering\/wp-content\/uploads\/2022\/11\/3-98-Thienemann-350x467.jpg 350w, https:\/\/www.evang-friedhof.at\/simmering\/wp-content\/uploads\/2022\/11\/3-98-Thienemann.jpg 1080w\" sizes=\"auto, (max-width: 225px) 100vw, 225px\" \/><\/a>Architekt<\/p>\n<p>geb.: 11. 08. 1827, Gotha<br \/>\ngest.:28. 11. 1905, Wien<\/p>\n<p>Der aus Gotha stammende K\u00fcnstler absolvierte das Wiener Polytechnikum und die Akademie der bildenden K\u00fcnste und studierte anschlie\u00dfend in Berlin. Nach seiner R\u00fcckkehr 1851, arbeitete er zun\u00e4chst im Atelier von van der N\u00fcll und Sicard und dann bei F\u00f6rster.<\/p>\n<p>Acht Jahre lang bet\u00e4tigte sich Thienemann am Streckenbau der Kaiserin Elisabeth Westbahn, ehe er sich Ende der 60 er Jahre selbst\u00e4ndig machte und als Chefarchitekt am Bau der Kronprinz Rudolf Bahn mitwirkte.<\/p>\n<p>Zahlreiche Bauten wurden in Wien nach seinen Pl\u00e4nen ausgef\u00fchrt, zu erw\u00e4hnen sind vor allem das zwischen 1870 und 1872 im \u201eHansenstil\u201c errichtete Doppelgeb\u00e4ude des \u00d6sterreichischen Ingenieur &#8211; und Architektenvereins und des Nieder\u00f6sterreichischen Gewerbevereins in der Eschenbachgasse, der Stephanshof und Grabenhof &#8211; letzterer gemeinsam mit Otto Wagner sowie der inzwischen nicht mehr existierende K\u00e4rntnerhof in der K\u00e4rntnerstra\u00dfe. Zu seinen Bauten z\u00e4hlten auch das Dianabad, der um 1880 der mit franz\u00f6sischen Barockmotiven verzierte Renaissancebau auf dem Bauernmarkt und das Gesch\u00e4ftshaus der Assicurazioni Generali. F\u00fcr den evangelischen Waisenversorgungsverein entwarf er die Pl\u00e4ne f\u00fcr den Neubau in der Wienstra\u00dfe 51 (heute Hamburgerstra\u00dfe 3).<\/p>\n<p>Thienemann nahm auch am Wettbewerb zum Bau des Rathauses teil und erreichte den zweiten Preis.<\/p>\n<p>Er war als weltliches Mitglied des Presbyteriums mit der Funktion des Kirchenvaters betraut.<\/p>\n<p>Lit:<br \/>\nCzeike Felix: Historisches Lexikon Wien, Bd. 5, Wien 1997, S. 447 Ginhart Karl: Wiener Kunstgeschichte, Wien 1948, S. 203 Lehmanns Wiener Adre\u00dfbuch 1900, Wien 1900, Teil I, S. 121<\/p>\n","protected":false},"excerpt":{"rendered":"<p>Architekt geb.: 11. 08. 1827, Gotha gest.:28. 11. 1905, Wien Der aus Gotha stammende K\u00fcnstler absolvierte das Wiener Polytechnikum und die Akademie der bildenden K\u00fcnste und studierte anschlie\u00dfend in Berlin. Nach seiner R\u00fcckkehr 1851, arbeitete er zun\u00e4chst im Atelier von van der N\u00fcll und Sicard und dann bei F\u00f6rster. Acht Jahre lang bet\u00e4tigte sich Thienemann &hellip; <\/p>\n<p class=\"link-more\"><a href=\"https:\/\/www.evang-friedhof.at\/simmering\/otto-thienemann\/\" class=\"more-link\"><span class=\"screen-reader-text\">\u201eOtto THIENEMANN\u201c <\/span>weiterlesen<\/a><\/p>\n","protected":false},"author":1,"featured_media":0,"parent":0,"menu_order":0,"comment_status":"closed","ping_status":"closed","template":"","meta":{"ngg_post_thumbnail":0,"footnotes":""},"class_list":["post-23922","page","type-page","status-publish","hentry"],"_links":{"self":[{"href":"https:\/\/www.evang-friedhof.at\/simmering\/wp-json\/wp\/v2\/pages\/23922","targetHints":{"allow":["GET"]}}],"collection":[{"href":"https:\/\/www.evang-friedhof.at\/simmering\/wp-json\/wp\/v2\/pages"}],"about":[{"href":"https:\/\/www.evang-friedhof.at\/simmering\/wp-json\/wp\/v2\/types\/page"}],"author":[{"embeddable":true,"href":"https:\/\/www.evang-friedhof.at\/simmering\/wp-json\/wp\/v2\/users\/1"}],"replies":[{"embeddable":true,"href":"https:\/\/www.evang-friedhof.at\/simmering\/wp-json\/wp\/v2\/comments?post=23922"}],"version-history":[{"count":1,"href":"https:\/\/www.evang-friedhof.at\/simmering\/wp-json\/wp\/v2\/pages\/23922\/revisions"}],"predecessor-version":[{"id":23924,"href":"https:\/\/www.evang-friedhof.at\/simmering\/wp-json\/wp\/v2\/pages\/23922\/revisions\/23924"}],"wp:attachment":[{"href":"https:\/\/www.evang-friedhof.at\/simmering\/wp-json\/wp\/v2\/media?parent=23922"}],"curies":[{"name":"wp","href":"https:\/\/api.w.org\/{rel}","templated":true}]}}

<p><a href="http://www.evang-friedhof.at/simmering/wp-content/uploads/2022/11/3-98-Thienemann.jpg"><img loading="lazy" decoding="async" class="alignleft size-medium wp-image-23923" src="http://www.evang-friedhof.at/simmering/wp-content/uploads/2022/11/3-98-Thienemann-225x300.jpg" alt="" width="225" height="300" srcset="https://www.evang-friedhof.at/simmering/wp-content/uploads/2022/11/3-98-Thienemann-225x300.jpg 225w, https://www.evang-friedhof.at/simmering/wp-content/uploads/2022/11/3-98-Thienemann-768x1024.jpg 768w, https://www.evang-friedhof.at/simmering/wp-content/uploads/2022/11/3-98-Thienemann-350x467.jpg 350w, https://www.evang-friedhof.at/simmering/wp-content/uploads/2022/11/3-98-Thienemann.jpg 1080w" sizes="auto, (max-width: 225px) 100vw, 225px" /></a>Architekt</p>
<p>geb.: 11. 08. 1827, Gotha<br />
gest.:28. 11. 1905, Wien</p>
<p>Der aus Gotha stammende Künstler absolvierte das Wiener Polytechnikum und die Akademie der bildenden Künste und studierte anschließend in Berlin. Nach seiner Rückkehr 1851, arbeitete er zunächst im Atelier von van der Nüll und Sicard und dann bei Förster.</p>
<p>Acht Jahre lang betätigte sich Thienemann am Streckenbau der Kaiserin Elisabeth Westbahn, ehe er sich Ende der 60 er Jahre selbständig machte und als Chefarchitekt am Bau der Kronprinz Rudolf Bahn mitwirkte.</p>
<p>Zahlreiche Bauten wurden in Wien nach seinen Plänen ausgeführt, zu erwähnen sind vor allem das zwischen 1870 und 1872 im „Hansenstil“ errichtete Doppelgebäude des Österreichischen Ingenieur &#8211; und Architektenvereins und des Niederösterreichischen Gewerbevereins in der Eschenbachgasse, der Stephanshof und Grabenhof &#8211; letzterer gemeinsam mit Otto Wagner sowie der inzwischen nicht mehr existierende Kärntnerhof in der Kärntnerstraße. Zu seinen Bauten zählten auch das Dianabad, der um 1880 der mit französischen Barockmotiven verzierte Renaissancebau auf dem Bauernmarkt und das Geschäftshaus der Assicurazioni Generali. Für den evangelischen Waisenversorgungsverein entwarf er die Pläne für den Neubau in der Wienstraße 51 (heute Hamburgerstraße 3).</p>
<p>Thienemann nahm auch am Wettbewerb zum Bau des Rathauses teil und erreichte den zweiten Preis.</p>
<p>Er war als weltliches Mitglied des Presbyteriums mit der Funktion des Kirchenvaters betraut.</p>
<p>Lit:<br />
Czeike Felix: Historisches Lexikon Wien, Bd. 5, Wien 1997, S. 447 Ginhart Karl: Wiener Kunstgeschichte, Wien 1948, S. 203 Lehmanns Wiener Adreßbuch 1900, Wien 1900, Teil I, S. 121</p>

<p>Architekt geb.: 11. 08. 1827, Gotha gest.:28. 11. 1905, Wien Der aus Gotha stammende Künstler absolvierte das Wiener Polytechnikum und die Akademie der bildenden Künste und studierte anschließend in Berlin. Nach seiner Rückkehr 1851, arbeitete er zunächst im Atelier von van der Nüll und Sicard und dann bei Förster. Acht Jahre lang betätigte sich Thienemann &hellip; </p>
<p class="link-more"><a href="https://www.evang-friedhof.at/simmering/otto-thienemann/" class="more-link"><span class="screen-reader-text">„Otto THIENEMANN“ </span>weiterlesen</a></p>
