{"id":23909,"date":"2022-11-02T20:53:58","date_gmt":"2022-11-02T19:53:58","guid":{"rendered":"https:\/\/www.evang-friedhof.at\/simmering\/?page_id=23909"},"modified":"2022-11-02T20:53:58","modified_gmt":"2022-11-02T19:53:58","slug":"siegfried-von-strakosch-feldringen","status":"publish","type":"page","link":"https:\/\/www.evang-friedhof.at\/simmering\/siegfried-von-strakosch-feldringen\/","title":{"rendered":"Siegfried von STRAKOSCH &#8211; FELDRINGEN"},"content":{"rendered":"<div class=\"description\"><a href=\"http:\/\/www.evang-friedhof.at\/simmering\/wp-content\/uploads\/2022\/11\/1-R-12-Strakosch.jpg\"><img loading=\"lazy\" decoding=\"async\" class=\"alignleft size-medium wp-image-23907\" src=\"http:\/\/www.evang-friedhof.at\/simmering\/wp-content\/uploads\/2022\/11\/1-R-12-Strakosch-225x300.jpg\" alt=\"\" width=\"225\" height=\"300\" srcset=\"https:\/\/www.evang-friedhof.at\/simmering\/wp-content\/uploads\/2022\/11\/1-R-12-Strakosch-225x300.jpg 225w, https:\/\/www.evang-friedhof.at\/simmering\/wp-content\/uploads\/2022\/11\/1-R-12-Strakosch-768x1024.jpg 768w, https:\/\/www.evang-friedhof.at\/simmering\/wp-content\/uploads\/2022\/11\/1-R-12-Strakosch-350x467.jpg 350w, https:\/\/www.evang-friedhof.at\/simmering\/wp-content\/uploads\/2022\/11\/1-R-12-Strakosch.jpg 1080w\" sizes=\"auto, (max-width: 225px) 100vw, 225px\" \/><\/a>Industrieller<\/p>\n<p>geb.: 19. 05. 1867, Br\u00fcnn (Brno), Tschechien<br \/>\ngest.: 1933, Wien<\/p>\n<p>Da die Familie seit Anfang des 19. Jahrhunderts ausgedehnte Textilbetriebe in Br\u00fcnn besa\u00df, wurden die Interessen von Siegfried Strakosch anf\u00e4nglich in diese Richtung gelenkt. Mit 14 Jahren wurde er vom Vater zur Arbeit in eine Tuchfabrik angehalten und verbrachte dabei die n\u00e4chsten zwanzig Jahre. Doch wandte er sich schlie\u00dflich der Landwirtschaft und der Zuckerindustrie zu, holte eine einschl\u00e4gige Ausbildung nach bzw. erwarb mit Studienreisen in die USA und nach \u00c4gypten Informationen \u00fcber moderne Produktionstechnologien. Er trat als Gesellschafter in die 1868 gegr\u00fcndete Hohenauer Zuckerfabrik der Familie ein und leitete den rund 6000 ha gro\u00dfen dazugeh\u00f6renden Landwirtschaftsbetrieb. In den rund 25 Jahren seiner F\u00fchrungst\u00e4tigkeit konnte er Ertragssteigerungen bei Weizen, Milch und Zucker um mehr als 100% erreichen.<\/p>\n<p>Als Berater des k..k. Ackerbauministeriums bem\u00fchte er sich um die Einf\u00fchrung der landwirtschaftlichen Buchf\u00fchrung. W\u00e4hrend des ersten Weltkrieges war er Direktor des Ern\u00e4hrungsamtes.<\/p>\n<p>Siegfried Strakosch &#8211; Feldringen war auch Vizepr\u00e4sident der \u00f6sterreichischen Landwirtschafts-gesellschaft und sa\u00df im Verwaltungsrat der \u00d6sterreichischen Boden Credit Anstalt in Wien.<\/p>\n<p>Als Sch\u00fcler und Assistent des Botanikers Wiesner widmete er sich pflanzenphysiologischen und biochemischen Studien, deren Ergebnisse er zwischen 1907 und 1913 ver\u00f6ffentlichte. Dabei entwickelte er die Theorie vom assimilatorischen Effekt der Kulturpflanzen. Die Hochschule f\u00fcr Bodenkultur in Wien verlieh ihm das Ehrendoktorat.<\/p>\n<p>Nach 1913 ver\u00f6ffentlichte er volkswirtschaftliche Artikel und Publikationen, darunter ein Werk \u00fcber die \u201eGrundlagen der Agrarwirtschaft in \u00d6sterreich\u201c und war wesentlich an der inhaltlichen Gestaltung der \u00f6sterreichischen Agrarzeitung beteiligt.<\/p>\n<p>Lit.:<br \/>\nPlaner Franz: Das Jahrbuch der Wiener Gesellschaft 1928, Wien 1928, S. 331.<br \/>\nWeikert Alfred: Menschen in Nieder\u00f6sterreich, Wien o.J., S. 168.<\/p><\/div>\n","protected":false},"excerpt":{"rendered":"<p>Industrieller geb.: 19. 05. 1867, Br\u00fcnn (Brno), Tschechien gest.: 1933, Wien Da die Familie seit Anfang des 19. Jahrhunderts ausgedehnte Textilbetriebe in Br\u00fcnn besa\u00df, wurden die Interessen von Siegfried Strakosch anf\u00e4nglich in diese Richtung gelenkt. Mit 14 Jahren wurde er vom Vater zur Arbeit in eine Tuchfabrik angehalten und verbrachte dabei die n\u00e4chsten zwanzig Jahre. &hellip; <\/p>\n<p class=\"link-more\"><a href=\"https:\/\/www.evang-friedhof.at\/simmering\/siegfried-von-strakosch-feldringen\/\" class=\"more-link\"><span class=\"screen-reader-text\">\u201eSiegfried von STRAKOSCH &#8211; FELDRINGEN\u201c <\/span>weiterlesen<\/a><\/p>\n","protected":false},"author":1,"featured_media":0,"parent":0,"menu_order":0,"comment_status":"closed","ping_status":"closed","template":"","meta":{"ngg_post_thumbnail":0,"footnotes":""},"class_list":["post-23909","page","type-page","status-publish","hentry"],"_links":{"self":[{"href":"https:\/\/www.evang-friedhof.at\/simmering\/wp-json\/wp\/v2\/pages\/23909","targetHints":{"allow":["GET"]}}],"collection":[{"href":"https:\/\/www.evang-friedhof.at\/simmering\/wp-json\/wp\/v2\/pages"}],"about":[{"href":"https:\/\/www.evang-friedhof.at\/simmering\/wp-json\/wp\/v2\/types\/page"}],"author":[{"embeddable":true,"href":"https:\/\/www.evang-friedhof.at\/simmering\/wp-json\/wp\/v2\/users\/1"}],"replies":[{"embeddable":true,"href":"https:\/\/www.evang-friedhof.at\/simmering\/wp-json\/wp\/v2\/comments?post=23909"}],"version-history":[{"count":1,"href":"https:\/\/www.evang-friedhof.at\/simmering\/wp-json\/wp\/v2\/pages\/23909\/revisions"}],"predecessor-version":[{"id":23910,"href":"https:\/\/www.evang-friedhof.at\/simmering\/wp-json\/wp\/v2\/pages\/23909\/revisions\/23910"}],"wp:attachment":[{"href":"https:\/\/www.evang-friedhof.at\/simmering\/wp-json\/wp\/v2\/media?parent=23909"}],"curies":[{"name":"wp","href":"https:\/\/api.w.org\/{rel}","templated":true}]}}