{"id":23883,"date":"2022-11-02T20:49:03","date_gmt":"2022-11-02T19:49:03","guid":{"rendered":"https:\/\/www.evang-friedhof.at\/simmering\/?page_id=23883"},"modified":"2022-11-02T20:49:03","modified_gmt":"2022-11-02T19:49:03","slug":"georg-adam-scheid","status":"publish","type":"page","link":"https:\/\/www.evang-friedhof.at\/simmering\/georg-adam-scheid\/","title":{"rendered":"Georg Adam SCHEID"},"content":{"rendered":"<p><a href=\"http:\/\/www.evang-friedhof.at\/simmering\/wp-content\/uploads\/2022\/11\/1-R-8-Scheid.jpg\"><img loading=\"lazy\" decoding=\"async\" class=\"alignleft size-medium wp-image-23884\" src=\"http:\/\/www.evang-friedhof.at\/simmering\/wp-content\/uploads\/2022\/11\/1-R-8-Scheid-225x300.jpg\" alt=\"\" width=\"225\" height=\"300\" srcset=\"https:\/\/www.evang-friedhof.at\/simmering\/wp-content\/uploads\/2022\/11\/1-R-8-Scheid-225x300.jpg 225w, https:\/\/www.evang-friedhof.at\/simmering\/wp-content\/uploads\/2022\/11\/1-R-8-Scheid-768x1024.jpg 768w, https:\/\/www.evang-friedhof.at\/simmering\/wp-content\/uploads\/2022\/11\/1-R-8-Scheid-350x467.jpg 350w, https:\/\/www.evang-friedhof.at\/simmering\/wp-content\/uploads\/2022\/11\/1-R-8-Scheid.jpg 1080w\" sizes=\"auto, (max-width: 225px) 100vw, 225px\" \/><\/a>Unternehmer<\/p>\n<p>geb.: 28. 07. 1837, Sch\u00f6nau Baden, W\u00fcrttemberg<br \/>\ngest.: 3. 04. 1921, Meran<\/p>\n<p>Georg Adam Scheid begann 1853 seine kaufm\u00e4nnische Lehre und arbeitete anschlie\u00dfend in Pforzheim und Stuttgart. 1858 kam er nach Wien und trat in die Werkst\u00e4tte des Gold &#8211; , Silberwarenerzeugers und Juweliers M. Markowitsch ein. Nachdem er die Tochter seines Arbeitgebers geheiratete hatte, wurde er 1862 dessen Teilhaber und der Betrieb in eine OHG mit der Firma Markowitsch und Scheid umgewandelt. Ab 1882 f\u00fchrte Scheid den florierenden Betrieb, der bis zu 300 Arbeiter besch\u00e4ftigte, wieder als Einzelkaufmann unter dem eigenen Namen. Spezialit\u00e4ten des Hauses waren Zigarettenetuis, Puderdosen, Schreibgarnituren, Toilettegarnituren sowie Schmuckkassetten, die auch in Deutschland, Frankreich, Italien, Gro\u00dfbritannien, Belgien und Spanien gro\u00dfen Absatz fanden.<\/p>\n<p>Zur Sicherung des Rohstoffbedarfs gr\u00fcndete er 1884 die Georg Adam Scheid`sche Affinerie, in der Gold und Silber getrennt (affiniert) und aus Edelmetallabf\u00e4llen Rohmaterial sowie Halbfertigware, wie Bleche und Dr\u00e4hte erzeugt wurden. Der Betrieb wuchs rasch und deckte nicht nur den eigenen Bedarf sondern exportierte auch ins Ausland und mit der Gr\u00fcndung von Schwesterbetrieben in Budapest (1891), Prag (1920) und Bukarest (1923) reagierte Scheid auf die Marktlage.<\/p>\n<p>1894 traten die S\u00f6hne Arthur (1870 &#8211; 1897) und Robert (1872 &#8211; 1950) sowie sein Neffe Georg (1850 &#8211; 1937) als Gesellschafter ein und als sich Georg Adam Scheid 1911 aus dem Gesch\u00e4ftsleben zur\u00fcckzog \u00fcbernahmen Robert und Georg Scheid bzw. Robert und sein j\u00fcngerer Bruder Ludwig ( 1886 &#8211; 1960) die Gesch\u00e4ftsf\u00fchrung.<\/p>\n<p>Nach dem Ersten Weltkrieg brach der \u00dcberseemarkt f\u00fcr den Schmucksektor ein und die schlechte Konjunkturlage f\u00fchrten in der Folge zur Liquidation der Schmuckfabrik, w\u00e4hrend die Affinerie weiterbestand und 1962 durch Fusionierung mit der Ludwig Roessler GmbH zur \u00d6GUSSA GmbH &amp; Co. KG umgestaltet wurde.<\/p>\n<p>Lit.:<br \/>\nAkad. d. Wiss. (Hrsg.): \u00d6sterreichisches Biographisches Lexikon, Bd. X, Wien 1994, S. 62f.<\/p>\n","protected":false},"excerpt":{"rendered":"<p>Unternehmer geb.: 28. 07. 1837, Sch\u00f6nau Baden, W\u00fcrttemberg gest.: 3. 04. 1921, Meran Georg Adam Scheid begann 1853 seine kaufm\u00e4nnische Lehre und arbeitete anschlie\u00dfend in Pforzheim und Stuttgart. 1858 kam er nach Wien und trat in die Werkst\u00e4tte des Gold &#8211; , Silberwarenerzeugers und Juweliers M. Markowitsch ein. Nachdem er die Tochter seines Arbeitgebers geheiratete &hellip; <\/p>\n<p class=\"link-more\"><a href=\"https:\/\/www.evang-friedhof.at\/simmering\/georg-adam-scheid\/\" class=\"more-link\"><span class=\"screen-reader-text\">\u201eGeorg Adam SCHEID\u201c <\/span>weiterlesen<\/a><\/p>\n","protected":false},"author":1,"featured_media":0,"parent":0,"menu_order":0,"comment_status":"closed","ping_status":"closed","template":"","meta":{"ngg_post_thumbnail":0,"footnotes":""},"class_list":["post-23883","page","type-page","status-publish","hentry"],"_links":{"self":[{"href":"https:\/\/www.evang-friedhof.at\/simmering\/wp-json\/wp\/v2\/pages\/23883","targetHints":{"allow":["GET"]}}],"collection":[{"href":"https:\/\/www.evang-friedhof.at\/simmering\/wp-json\/wp\/v2\/pages"}],"about":[{"href":"https:\/\/www.evang-friedhof.at\/simmering\/wp-json\/wp\/v2\/types\/page"}],"author":[{"embeddable":true,"href":"https:\/\/www.evang-friedhof.at\/simmering\/wp-json\/wp\/v2\/users\/1"}],"replies":[{"embeddable":true,"href":"https:\/\/www.evang-friedhof.at\/simmering\/wp-json\/wp\/v2\/comments?post=23883"}],"version-history":[{"count":1,"href":"https:\/\/www.evang-friedhof.at\/simmering\/wp-json\/wp\/v2\/pages\/23883\/revisions"}],"predecessor-version":[{"id":23885,"href":"https:\/\/www.evang-friedhof.at\/simmering\/wp-json\/wp\/v2\/pages\/23883\/revisions\/23885"}],"wp:attachment":[{"href":"https:\/\/www.evang-friedhof.at\/simmering\/wp-json\/wp\/v2\/media?parent=23883"}],"curies":[{"name":"wp","href":"https:\/\/api.w.org\/{rel}","templated":true}]}}