{"id":23873,"date":"2022-11-02T20:43:43","date_gmt":"2022-11-02T19:43:43","guid":{"rendered":"https:\/\/www.evang-friedhof.at\/simmering\/?page_id=23873"},"modified":"2022-11-02T20:43:43","modified_gmt":"2022-11-02T19:43:43","slug":"dipl-ing-dr-alexander-schaaf","status":"publish","type":"page","link":"https:\/\/www.evang-friedhof.at\/simmering\/dipl-ing-dr-alexander-schaaf\/","title":{"rendered":"Dipl. Ing. Dr. Alexander SCHAAF"},"content":{"rendered":"<p><a href=\"http:\/\/www.evang-friedhof.at\/simmering\/wp-content\/uploads\/2022\/11\/B-1-A-Schaaf-1.jpg\"><img loading=\"lazy\" decoding=\"async\" class=\"alignleft size-medium wp-image-23874\" src=\"http:\/\/www.evang-friedhof.at\/simmering\/wp-content\/uploads\/2022\/11\/B-1-A-Schaaf-1-300x225.jpg\" alt=\"\" width=\"300\" height=\"225\" srcset=\"https:\/\/www.evang-friedhof.at\/simmering\/wp-content\/uploads\/2022\/11\/B-1-A-Schaaf-1-300x225.jpg 300w, https:\/\/www.evang-friedhof.at\/simmering\/wp-content\/uploads\/2022\/11\/B-1-A-Schaaf-1-1024x768.jpg 1024w, https:\/\/www.evang-friedhof.at\/simmering\/wp-content\/uploads\/2022\/11\/B-1-A-Schaaf-1-768x576.jpg 768w, https:\/\/www.evang-friedhof.at\/simmering\/wp-content\/uploads\/2022\/11\/B-1-A-Schaaf-1-350x263.jpg 350w, https:\/\/www.evang-friedhof.at\/simmering\/wp-content\/uploads\/2022\/11\/B-1-A-Schaaf-1.jpg 1440w\" sizes=\"auto, (max-width: 300px) 100vw, 300px\" \/><\/a>Schausteller<\/p>\n<p>geb.: 5. 10. 1923, Wien<br \/>\ngest.: 22. 05. 1996, Wien<\/p>\n<p>Alexander Schaaf wurde 1923 im Prater geboren, er stammt aus der \u00e4ltesten gro\u00dfen Prater &#8211; und Schaustellerfamilie, die seit mehr als 130 Jahren in diesem Metier t\u00e4tig ist. Der Urgro\u00dfvater August Schaaf kam aus Sachsen und tourte durch Mitteleuropa mit kleinen Menagerien oder einem Affentheater. Er gr\u00fcndete 1866 seinen ersten Betrieb im Prater und zeigte Riesen und Zwerge, ein M\u00e4dchen ohne Arme und Beine und holte den \u201eRumpfmenschen\u201c Nikolai Kobelkoff aus Sibirien in seinen Betrieb.<\/p>\n<p>Der Gro\u00dfvater Friedrich Carl brachte die ersten Schaukelpferde in den Prater, die Federn daf\u00fcr wurden in Paris angefertigt. Als weitere neue Pratersensationen pr\u00e4sentierte er die erste Notenblattorgel, den ersten Cinematographen und die erste Rutschbahn sowie den \u201eVelocipedecircus.\u201c<\/p>\n<p>Ing. Karl Schaaf der Vater von Alexander, war mit der Enkelin von Nikolai Kobelkoff verheiratet er\u00f6ffnete 1911 das Aeroplankarussell. In der Schlussphase des Zweiten Weltkrieges brannten die meisten Objekte des Praters ab, nur f\u00fcnf H\u00fctten blieben bestehen. Ing. Karl Schaaf konnte Geldgeber auftreiben und begann mit dem Wiederaufbau.<\/p>\n<p>Alexander Schaaf war im Zweiten Weltkrieg eingezogen worden und in Kriegsgefangenschaft geraten. Im Februar 1946 kam er wieder heim und musste f\u00fcnf Monate sp\u00e4ter den Betrieb seines Vaters nach dessen pl\u00f6tzlichen Tod \u00fcbernehmen. Im Verein mit seinen Geschwistern und Verwandten aus den Familien Kobelkoff und Wilfert gelang nicht nur der Neubeginn sondern es gelang ein kleines Praterimperium aufzubauen, das im Laufe der Zeit den jeweiligen Publikumsinteressen angepasst wurde. 65 der rund 200 Praterbetriebe befinden sich im Besitz der Familie Schaaf oder ihrer Verwandten. Nicht zu Unrecht wurde Alexander Schaaf als \u201ePraterk\u00f6nig\u201c tituliert.<\/p>\n<p>Am Tag seines Begr\u00e4bnisses hatten alle Betriebe der Familie geschlossen und schwarze Fahnen wehrten zum Zeichen der Trauer. Dass die Tradition erhalten bleibt, daf\u00fcr sorgen eine Tochter, dreizehn Enkel- und f\u00fcnf Urenkelkinder.<\/p>\n<p>Seine Erfahrungen, Leistungen aber auch Sorge um die Branche brachten es mit sich, dass Alexander Schaaf in zahlreichen Gremien und Institutionen sa\u00df und einige auch begr\u00fcndet hatte. So geht auf ihn der Wiener Schaustellerverband oder die Prater &#8211; Seelsorge zur\u00fcck und war er Vorsitzender des Sicherheitsausschusses f\u00fcr Vergn\u00fcgungsbetriebe in Europa und Ehrenvizepr\u00e4sident der europ\u00e4ischen Schaustellerunion (ESU), sowie Funktion\u00e4r in der Wiener Handelskammer.<\/p>\n<p>Unter dem Namen \u201eLiliom\u201c geh\u00f6rte er der \u201eSchlaraffia\u201c an.<\/p>\n<p>Lit.:<br \/>\nWSTLA: Biographischer Akt H\u00fcbner Ralph (Hrsg.): Who is who in \u00d6sterreich, Cham 1985, S. 928<\/p>\n","protected":false},"excerpt":{"rendered":"<p>Schausteller geb.: 5. 10. 1923, Wien gest.: 22. 05. 1996, Wien Alexander Schaaf wurde 1923 im Prater geboren, er stammt aus der \u00e4ltesten gro\u00dfen Prater &#8211; und Schaustellerfamilie, die seit mehr als 130 Jahren in diesem Metier t\u00e4tig ist. Der Urgro\u00dfvater August Schaaf kam aus Sachsen und tourte durch Mitteleuropa mit kleinen Menagerien oder einem &hellip; <\/p>\n<p class=\"link-more\"><a href=\"https:\/\/www.evang-friedhof.at\/simmering\/dipl-ing-dr-alexander-schaaf\/\" class=\"more-link\"><span class=\"screen-reader-text\">\u201eDipl. Ing. Dr. Alexander SCHAAF\u201c <\/span>weiterlesen<\/a><\/p>\n","protected":false},"author":1,"featured_media":0,"parent":0,"menu_order":0,"comment_status":"closed","ping_status":"closed","template":"","meta":{"ngg_post_thumbnail":0,"footnotes":""},"class_list":["post-23873","page","type-page","status-publish","hentry"],"_links":{"self":[{"href":"https:\/\/www.evang-friedhof.at\/simmering\/wp-json\/wp\/v2\/pages\/23873","targetHints":{"allow":["GET"]}}],"collection":[{"href":"https:\/\/www.evang-friedhof.at\/simmering\/wp-json\/wp\/v2\/pages"}],"about":[{"href":"https:\/\/www.evang-friedhof.at\/simmering\/wp-json\/wp\/v2\/types\/page"}],"author":[{"embeddable":true,"href":"https:\/\/www.evang-friedhof.at\/simmering\/wp-json\/wp\/v2\/users\/1"}],"replies":[{"embeddable":true,"href":"https:\/\/www.evang-friedhof.at\/simmering\/wp-json\/wp\/v2\/comments?post=23873"}],"version-history":[{"count":1,"href":"https:\/\/www.evang-friedhof.at\/simmering\/wp-json\/wp\/v2\/pages\/23873\/revisions"}],"predecessor-version":[{"id":23875,"href":"https:\/\/www.evang-friedhof.at\/simmering\/wp-json\/wp\/v2\/pages\/23873\/revisions\/23875"}],"wp:attachment":[{"href":"https:\/\/www.evang-friedhof.at\/simmering\/wp-json\/wp\/v2\/media?parent=23873"}],"curies":[{"name":"wp","href":"https:\/\/api.w.org\/{rel}","templated":true}]}}

<p><a href="http://www.evang-friedhof.at/simmering/wp-content/uploads/2022/11/B-1-A-Schaaf-1.jpg"><img loading="lazy" decoding="async" class="alignleft size-medium wp-image-23874" src="http://www.evang-friedhof.at/simmering/wp-content/uploads/2022/11/B-1-A-Schaaf-1-300x225.jpg" alt="" width="300" height="225" srcset="https://www.evang-friedhof.at/simmering/wp-content/uploads/2022/11/B-1-A-Schaaf-1-300x225.jpg 300w, https://www.evang-friedhof.at/simmering/wp-content/uploads/2022/11/B-1-A-Schaaf-1-1024x768.jpg 1024w, https://www.evang-friedhof.at/simmering/wp-content/uploads/2022/11/B-1-A-Schaaf-1-768x576.jpg 768w, https://www.evang-friedhof.at/simmering/wp-content/uploads/2022/11/B-1-A-Schaaf-1-350x263.jpg 350w, https://www.evang-friedhof.at/simmering/wp-content/uploads/2022/11/B-1-A-Schaaf-1.jpg 1440w" sizes="auto, (max-width: 300px) 100vw, 300px" /></a>Schausteller</p>
<p>geb.: 5. 10. 1923, Wien<br />
gest.: 22. 05. 1996, Wien</p>
<p>Alexander Schaaf wurde 1923 im Prater geboren, er stammt aus der ältesten großen Prater &#8211; und Schaustellerfamilie, die seit mehr als 130 Jahren in diesem Metier tätig ist. Der Urgroßvater August Schaaf kam aus Sachsen und tourte durch Mitteleuropa mit kleinen Menagerien oder einem Affentheater. Er gründete 1866 seinen ersten Betrieb im Prater und zeigte Riesen und Zwerge, ein Mädchen ohne Arme und Beine und holte den „Rumpfmenschen“ Nikolai Kobelkoff aus Sibirien in seinen Betrieb.</p>
<p>Der Großvater Friedrich Carl brachte die ersten Schaukelpferde in den Prater, die Federn dafür wurden in Paris angefertigt. Als weitere neue Pratersensationen präsentierte er die erste Notenblattorgel, den ersten Cinematographen und die erste Rutschbahn sowie den „Velocipedecircus.“</p>
<p>Ing. Karl Schaaf der Vater von Alexander, war mit der Enkelin von Nikolai Kobelkoff verheiratet eröffnete 1911 das Aeroplankarussell. In der Schlussphase des Zweiten Weltkrieges brannten die meisten Objekte des Praters ab, nur fünf Hütten blieben bestehen. Ing. Karl Schaaf konnte Geldgeber auftreiben und begann mit dem Wiederaufbau.</p>
<p>Alexander Schaaf war im Zweiten Weltkrieg eingezogen worden und in Kriegsgefangenschaft geraten. Im Februar 1946 kam er wieder heim und musste fünf Monate später den Betrieb seines Vaters nach dessen plötzlichen Tod übernehmen. Im Verein mit seinen Geschwistern und Verwandten aus den Familien Kobelkoff und Wilfert gelang nicht nur der Neubeginn sondern es gelang ein kleines Praterimperium aufzubauen, das im Laufe der Zeit den jeweiligen Publikumsinteressen angepasst wurde. 65 der rund 200 Praterbetriebe befinden sich im Besitz der Familie Schaaf oder ihrer Verwandten. Nicht zu Unrecht wurde Alexander Schaaf als „Praterkönig“ tituliert.</p>
<p>Am Tag seines Begräbnisses hatten alle Betriebe der Familie geschlossen und schwarze Fahnen wehrten zum Zeichen der Trauer. Dass die Tradition erhalten bleibt, dafür sorgen eine Tochter, dreizehn Enkel- und fünf Urenkelkinder.</p>
<p>Seine Erfahrungen, Leistungen aber auch Sorge um die Branche brachten es mit sich, dass Alexander Schaaf in zahlreichen Gremien und Institutionen saß und einige auch begründet hatte. So geht auf ihn der Wiener Schaustellerverband oder die Prater &#8211; Seelsorge zurück und war er Vorsitzender des Sicherheitsausschusses für Vergnügungsbetriebe in Europa und Ehrenvizepräsident der europäischen Schaustellerunion (ESU), sowie Funktionär in der Wiener Handelskammer.</p>
<p>Unter dem Namen „Liliom“ gehörte er der „Schlaraffia“ an.</p>
<p>Lit.:<br />
WSTLA: Biographischer Akt Hübner Ralph (Hrsg.): Who is who in Österreich, Cham 1985, S. 928</p>

<p>Schausteller geb.: 5. 10. 1923, Wien gest.: 22. 05. 1996, Wien Alexander Schaaf wurde 1923 im Prater geboren, er stammt aus der ältesten großen Prater &#8211; und Schaustellerfamilie, die seit mehr als 130 Jahren in diesem Metier tätig ist. Der Urgroßvater August Schaaf kam aus Sachsen und tourte durch Mitteleuropa mit kleinen Menagerien oder einem &hellip; </p>
<p class="link-more"><a href="https://www.evang-friedhof.at/simmering/dipl-ing-dr-alexander-schaaf/" class="more-link"><span class="screen-reader-text">„Dipl. Ing. Dr. Alexander SCHAAF“ </span>weiterlesen</a></p>
