{"id":23867,"date":"2022-11-02T16:44:39","date_gmt":"2022-11-02T15:44:39","guid":{"rendered":"https:\/\/www.evang-friedhof.at\/simmering\/?page_id=23867"},"modified":"2022-11-02T16:44:39","modified_gmt":"2022-11-02T15:44:39","slug":"georg-rukowansky","status":"publish","type":"page","link":"https:\/\/www.evang-friedhof.at\/simmering\/georg-rukowansky\/","title":{"rendered":"Georg RUKOWANSKY"},"content":{"rendered":"<figure id=\"attachment_23868\" aria-describedby=\"caption-attachment-23868\" style=\"width: 225px\" class=\"wp-caption alignleft\"><a href=\"http:\/\/www.evang-friedhof.at\/simmering\/wp-content\/uploads\/2022\/11\/G-47-Rukowansky-3.jpg\"><img loading=\"lazy\" decoding=\"async\" class=\"size-medium wp-image-23868\" src=\"http:\/\/www.evang-friedhof.at\/simmering\/wp-content\/uploads\/2022\/11\/G-47-Rukowansky-3-225x300.jpg\" alt=\"\" width=\"225\" height=\"300\" srcset=\"https:\/\/www.evang-friedhof.at\/simmering\/wp-content\/uploads\/2022\/11\/G-47-Rukowansky-3-225x300.jpg 225w, https:\/\/www.evang-friedhof.at\/simmering\/wp-content\/uploads\/2022\/11\/G-47-Rukowansky-3-768x1024.jpg 768w, https:\/\/www.evang-friedhof.at\/simmering\/wp-content\/uploads\/2022\/11\/G-47-Rukowansky-3-350x467.jpg 350w, https:\/\/www.evang-friedhof.at\/simmering\/wp-content\/uploads\/2022\/11\/G-47-Rukowansky-3.jpg 1080w\" sizes=\"auto, (max-width: 225px) 100vw, 225px\" \/><\/a><figcaption id=\"caption-attachment-23868\" class=\"wp-caption-text\">OLYMPUS DIGITAL CAMERA<\/figcaption><\/figure>\n<p>k. k. Leibkammerdiener<\/p>\n<p>geb.: 1862<br \/>\ngest.: 22. 05. 1940, Wien<\/p>\n<p>Georg Rukowansky war urspr\u00fcnglich Leibb\u00fcchsenspanner, dann Kammert\u00fcrh\u00fcter und stieg 1906 zu einem der Leibkammerdiener Kaiser Franz Joseph I. auf. F\u00fcr seine Dienste wurde er mit zahlreichen in &#8211; und ausl\u00e4ndischen Orden und Ehrenzeichen, beispielsweise dem Kaiser Franz Joseph Orden ausgezeichnet.<\/p>\n<p>Lit.:<br \/>\nLehmanns Wiener Adre\u00dfbuch, Wien 1895, Teil VII, S. 930.<br \/>\nLehmanns Wiener Adre\u00dfbuch, Wien 1904, Teil II, S. 1077.<br \/>\nLehmanns Wiener Adre\u00dfbuch, Wien 1905, Teil II, S. 1117.<br \/>\nLehmanns Wiener Adre\u00dfbuch, Wien 1906, Teil II, S. 886.<br \/>\nNeuer Krakauer Schreib &#8211; Kalender f\u00fcr das Schaltjahr nach der Geburt Jesu Christi 1912, Wien 1912, S. 27.<\/p>\n","protected":false},"excerpt":{"rendered":"<p>k. k. Leibkammerdiener geb.: 1862 gest.: 22. 05. 1940, Wien Georg Rukowansky war urspr\u00fcnglich Leibb\u00fcchsenspanner, dann Kammert\u00fcrh\u00fcter und stieg 1906 zu einem der Leibkammerdiener Kaiser Franz Joseph I. auf. F\u00fcr seine Dienste wurde er mit zahlreichen in &#8211; und ausl\u00e4ndischen Orden und Ehrenzeichen, beispielsweise dem Kaiser Franz Joseph Orden ausgezeichnet. Lit.: Lehmanns Wiener Adre\u00dfbuch, Wien &hellip; <\/p>\n<p class=\"link-more\"><a href=\"https:\/\/www.evang-friedhof.at\/simmering\/georg-rukowansky\/\" class=\"more-link\"><span class=\"screen-reader-text\">\u201eGeorg RUKOWANSKY\u201c <\/span>weiterlesen<\/a><\/p>\n","protected":false},"author":1,"featured_media":0,"parent":0,"menu_order":0,"comment_status":"closed","ping_status":"closed","template":"","meta":{"ngg_post_thumbnail":0,"footnotes":""},"class_list":["post-23867","page","type-page","status-publish","hentry"],"_links":{"self":[{"href":"https:\/\/www.evang-friedhof.at\/simmering\/wp-json\/wp\/v2\/pages\/23867","targetHints":{"allow":["GET"]}}],"collection":[{"href":"https:\/\/www.evang-friedhof.at\/simmering\/wp-json\/wp\/v2\/pages"}],"about":[{"href":"https:\/\/www.evang-friedhof.at\/simmering\/wp-json\/wp\/v2\/types\/page"}],"author":[{"embeddable":true,"href":"https:\/\/www.evang-friedhof.at\/simmering\/wp-json\/wp\/v2\/users\/1"}],"replies":[{"embeddable":true,"href":"https:\/\/www.evang-friedhof.at\/simmering\/wp-json\/wp\/v2\/comments?post=23867"}],"version-history":[{"count":1,"href":"https:\/\/www.evang-friedhof.at\/simmering\/wp-json\/wp\/v2\/pages\/23867\/revisions"}],"predecessor-version":[{"id":23869,"href":"https:\/\/www.evang-friedhof.at\/simmering\/wp-json\/wp\/v2\/pages\/23867\/revisions\/23869"}],"wp:attachment":[{"href":"https:\/\/www.evang-friedhof.at\/simmering\/wp-json\/wp\/v2\/media?parent=23867"}],"curies":[{"name":"wp","href":"https:\/\/api.w.org\/{rel}","templated":true}]}}