{"id":23864,"date":"2022-11-02T16:44:02","date_gmt":"2022-11-02T15:44:02","guid":{"rendered":"https:\/\/www.evang-friedhof.at\/simmering\/?page_id=23864"},"modified":"2022-11-02T16:44:02","modified_gmt":"2022-11-02T15:44:02","slug":"dr-otto-rommel","status":"publish","type":"page","link":"https:\/\/www.evang-friedhof.at\/simmering\/dr-otto-rommel\/","title":{"rendered":"Dr. Otto ROMMEL"},"content":{"rendered":"<p><a href=\"http:\/\/www.evang-friedhof.at\/simmering\/wp-content\/uploads\/2022\/11\/U-51-Rommel.jpg\"><img loading=\"lazy\" decoding=\"async\" class=\"alignleft size-medium wp-image-23865\" src=\"http:\/\/www.evang-friedhof.at\/simmering\/wp-content\/uploads\/2022\/11\/U-51-Rommel-225x300.jpg\" alt=\"\" width=\"225\" height=\"300\" srcset=\"https:\/\/www.evang-friedhof.at\/simmering\/wp-content\/uploads\/2022\/11\/U-51-Rommel-225x300.jpg 225w, https:\/\/www.evang-friedhof.at\/simmering\/wp-content\/uploads\/2022\/11\/U-51-Rommel-768x1024.jpg 768w, https:\/\/www.evang-friedhof.at\/simmering\/wp-content\/uploads\/2022\/11\/U-51-Rommel-350x467.jpg 350w, https:\/\/www.evang-friedhof.at\/simmering\/wp-content\/uploads\/2022\/11\/U-51-Rommel.jpg 1080w\" sizes=\"auto, (max-width: 225px) 100vw, 225px\" \/><\/a>Literaturhistoriker<\/p>\n<p>geb.: 12. 06. 1880, M\u00e4hrisch \u2013 Sch\u00f6nberg (\u0160umperk) heute Tschechien<br \/>\ngest.: 6. 09. 1965, Salzerbad (N\u00d6)<\/p>\n<p>Otto Rommel studierte nach der Matura Geschichte, Germanistik und klassische Philologie an den Universit\u00e4ten Wien und Graz und promovierte 1904 zum Dr. phil. 1916 &#8211; 1919 leitete er als Direktor die Schwarzwaldschen M\u00e4dchenmittelschulen und \u00fcbernahm von 1919 &#8211; 1937 die Direktion in der Bundeserziehungsanstalt in Wien Breitensee. 1929 wurde er zum Hofrat ernannt.<br \/>\nZu seinen Leistungen als Literturhistoriker z\u00e4hlte die Entdeckung der \u201eBarocktradition im \u00f6sterreichisch &#8211; bayrischen Volkstheater\u201c, \u201eDer \u00f6sterreichische Vorm\u00e4rz\u201c sowie die Herausgabe des \u201eWiener Musenalmanachs\u201c. Im Besonderen sind seine Forschungen zur Wiener Volkskom\u00f6die, die sich in den Werken \u201eDie gro\u00dfen Figuren der Alt &#8211; Wiener Volkskom\u00f6die\u201c und \u201eDie Geschichte der Altwiener Volkskom\u00f6die von der fr\u00fchesten Zeit bis zum Tode Nestroys\u201c niederschlugen, hervorzuheben. Als Herausgeber edierte er die historisch kritischen Gesamtausgaben der Werke von Johann Nestroy, Ludwig Anzengruber und Anton Wildgans sowie Ausgew\u00e4hlte Werke von Nikolaus Lenau und die Novellen von Friedrich Halm. Au\u00dferdem gab er 60 B\u00e4nde der \u201e\u00d6sterreichischen Klassikerbibliothek \u201e heraus.<\/p>\n<p>F\u00fcr seine Leistungen wurde Rommel mit dem Preis der Stadt Wien f\u00fcr Geisteswissenschaften und dem Ehrenring der Stadt Wien ausgezeichnet.<\/p>\n<p>Lit.:<br \/>\nCzeike Felix: Historisches Lexikon Wien, Bd. 4, Wien 1995, S. 690<br \/>\nKleindel Walter: Das gro\u00dfe Buch der \u00d6sterreicher, Wien 1987, S. 436<\/p>\n","protected":false},"excerpt":{"rendered":"<p>Literaturhistoriker geb.: 12. 06. 1880, M\u00e4hrisch \u2013 Sch\u00f6nberg (\u0160umperk) heute Tschechien gest.: 6. 09. 1965, Salzerbad (N\u00d6) Otto Rommel studierte nach der Matura Geschichte, Germanistik und klassische Philologie an den Universit\u00e4ten Wien und Graz und promovierte 1904 zum Dr. phil. 1916 &#8211; 1919 leitete er als Direktor die Schwarzwaldschen M\u00e4dchenmittelschulen und \u00fcbernahm von 1919 &#8211; &hellip; <\/p>\n<p class=\"link-more\"><a href=\"https:\/\/www.evang-friedhof.at\/simmering\/dr-otto-rommel\/\" class=\"more-link\"><span class=\"screen-reader-text\">\u201eDr. Otto ROMMEL\u201c <\/span>weiterlesen<\/a><\/p>\n","protected":false},"author":1,"featured_media":0,"parent":0,"menu_order":0,"comment_status":"closed","ping_status":"closed","template":"","meta":{"ngg_post_thumbnail":0,"footnotes":""},"class_list":["post-23864","page","type-page","status-publish","hentry"],"_links":{"self":[{"href":"https:\/\/www.evang-friedhof.at\/simmering\/wp-json\/wp\/v2\/pages\/23864","targetHints":{"allow":["GET"]}}],"collection":[{"href":"https:\/\/www.evang-friedhof.at\/simmering\/wp-json\/wp\/v2\/pages"}],"about":[{"href":"https:\/\/www.evang-friedhof.at\/simmering\/wp-json\/wp\/v2\/types\/page"}],"author":[{"embeddable":true,"href":"https:\/\/www.evang-friedhof.at\/simmering\/wp-json\/wp\/v2\/users\/1"}],"replies":[{"embeddable":true,"href":"https:\/\/www.evang-friedhof.at\/simmering\/wp-json\/wp\/v2\/comments?post=23864"}],"version-history":[{"count":1,"href":"https:\/\/www.evang-friedhof.at\/simmering\/wp-json\/wp\/v2\/pages\/23864\/revisions"}],"predecessor-version":[{"id":23866,"href":"https:\/\/www.evang-friedhof.at\/simmering\/wp-json\/wp\/v2\/pages\/23864\/revisions\/23866"}],"wp:attachment":[{"href":"https:\/\/www.evang-friedhof.at\/simmering\/wp-json\/wp\/v2\/media?parent=23864"}],"curies":[{"name":"wp","href":"https:\/\/api.w.org\/{rel}","templated":true}]}}