{"id":23806,"date":"2022-11-02T16:34:10","date_gmt":"2022-11-02T15:34:10","guid":{"rendered":"https:\/\/www.evang-friedhof.at\/simmering\/?page_id=23806"},"modified":"2022-11-02T16:34:10","modified_gmt":"2022-11-02T15:34:10","slug":"robert-rudolf-moessen","status":"publish","type":"page","link":"https:\/\/www.evang-friedhof.at\/simmering\/robert-rudolf-moessen\/","title":{"rendered":"Robert Rudolf MOESSEN"},"content":{"rendered":"<p><a href=\"http:\/\/www.evang-friedhof.at\/simmering\/wp-content\/uploads\/2022\/11\/G-53-Moessen-3-1-scaled.jpg\"><img loading=\"lazy\" decoding=\"async\" class=\"alignleft size-medium wp-image-23807\" src=\"http:\/\/www.evang-friedhof.at\/simmering\/wp-content\/uploads\/2022\/11\/G-53-Moessen-3-1-225x300.jpg\" alt=\"\" width=\"225\" height=\"300\" srcset=\"https:\/\/www.evang-friedhof.at\/simmering\/wp-content\/uploads\/2022\/11\/G-53-Moessen-3-1-225x300.jpg 225w, https:\/\/www.evang-friedhof.at\/simmering\/wp-content\/uploads\/2022\/11\/G-53-Moessen-3-1-768x1024.jpg 768w, https:\/\/www.evang-friedhof.at\/simmering\/wp-content\/uploads\/2022\/11\/G-53-Moessen-3-1-1152x1536.jpg 1152w, https:\/\/www.evang-friedhof.at\/simmering\/wp-content\/uploads\/2022\/11\/G-53-Moessen-3-1-1536x2048.jpg 1536w, https:\/\/www.evang-friedhof.at\/simmering\/wp-content\/uploads\/2022\/11\/G-53-Moessen-3-1-350x467.jpg 350w, https:\/\/www.evang-friedhof.at\/simmering\/wp-content\/uploads\/2022\/11\/G-53-Moessen-3-1-scaled.jpg 1920w\" sizes=\"auto, (max-width: 225px) 100vw, 225px\" \/><\/a>Unternehmer, Gemeinderat<\/p>\n<p>geb.: 4.10. 1852, Glabitsch, Preu\u00dfen<br \/>\ngest.: 9. 03. 1929, Wien<\/p>\n<p>1874 gr\u00fcndete er eine Unternehmung f\u00fcr Dynamomaschinen, Akkumulatoren, Schalt und Regulierapparate, Elektromotoren und Starkstromanlagen, Messinstrumente, dynamoelektrische Minenz\u00fcndapparate aber auch f\u00fcr Telefone und Mikrophone. Die Fabrik befand sich in der Alleegasse 53 (heute: Argentinierstra\u00dfe)<\/p>\n<p>Die Produkte des Unternehmens wurden zwischen 1883 und 1899 auf nationalen und internationalen Ausstellungen ausgezeichnet.<\/p>\n<p>Robert Moessen war auch Gr\u00fcnder der Genossenschaft der konzessionierten Elektrounternehmungen und authorisierter Sachverst\u00e4ndiger und Sch\u00e4tzmeister f\u00fcr Elektrotechnik.<\/p>\n<p>Politisch geh\u00f6rte Moessen der Christlich &#8211; Sozialen Partei an und war von 1900 bis 1912 im Wiener Gemeinderat vertreten und wirkte von 1908 bis 1912 als Stadtrat. In diesen Funktionen trat er f\u00fcr die Belange seines Wahlbezirkes Wieden ein und meldete sich bei Fragen, die die Elektrifizierung oder die Wiener Elektrizit\u00e4tswerke betrafen zu Wort.<\/p>\n<p>Lit.:<br \/>\nWSTLA: Biographischer Akt<br \/>\nWSTLA: Gemeinderats Akten 1900 &#8211; 1912<br \/>\nWSTLA: Stadtrats Akten 1909 &#8211; 1912<br \/>\nBriefkopf der Firma Moessen<br \/>\nReichspost v. 11. 3. 1929, S. 3<\/p>\n","protected":false},"excerpt":{"rendered":"<p>Unternehmer, Gemeinderat geb.: 4.10. 1852, Glabitsch, Preu\u00dfen gest.: 9. 03. 1929, Wien 1874 gr\u00fcndete er eine Unternehmung f\u00fcr Dynamomaschinen, Akkumulatoren, Schalt und Regulierapparate, Elektromotoren und Starkstromanlagen, Messinstrumente, dynamoelektrische Minenz\u00fcndapparate aber auch f\u00fcr Telefone und Mikrophone. Die Fabrik befand sich in der Alleegasse 53 (heute: Argentinierstra\u00dfe) Die Produkte des Unternehmens wurden zwischen 1883 und 1899 auf &hellip; <\/p>\n<p class=\"link-more\"><a href=\"https:\/\/www.evang-friedhof.at\/simmering\/robert-rudolf-moessen\/\" class=\"more-link\"><span class=\"screen-reader-text\">\u201eRobert Rudolf MOESSEN\u201c <\/span>weiterlesen<\/a><\/p>\n","protected":false},"author":1,"featured_media":0,"parent":0,"menu_order":0,"comment_status":"closed","ping_status":"closed","template":"","meta":{"ngg_post_thumbnail":0,"footnotes":""},"class_list":["post-23806","page","type-page","status-publish","hentry"],"_links":{"self":[{"href":"https:\/\/www.evang-friedhof.at\/simmering\/wp-json\/wp\/v2\/pages\/23806","targetHints":{"allow":["GET"]}}],"collection":[{"href":"https:\/\/www.evang-friedhof.at\/simmering\/wp-json\/wp\/v2\/pages"}],"about":[{"href":"https:\/\/www.evang-friedhof.at\/simmering\/wp-json\/wp\/v2\/types\/page"}],"author":[{"embeddable":true,"href":"https:\/\/www.evang-friedhof.at\/simmering\/wp-json\/wp\/v2\/users\/1"}],"replies":[{"embeddable":true,"href":"https:\/\/www.evang-friedhof.at\/simmering\/wp-json\/wp\/v2\/comments?post=23806"}],"version-history":[{"count":1,"href":"https:\/\/www.evang-friedhof.at\/simmering\/wp-json\/wp\/v2\/pages\/23806\/revisions"}],"predecessor-version":[{"id":23808,"href":"https:\/\/www.evang-friedhof.at\/simmering\/wp-json\/wp\/v2\/pages\/23806\/revisions\/23808"}],"wp:attachment":[{"href":"https:\/\/www.evang-friedhof.at\/simmering\/wp-json\/wp\/v2\/media?parent=23806"}],"curies":[{"name":"wp","href":"https:\/\/api.w.org\/{rel}","templated":true}]}}

<p><a href="http://www.evang-friedhof.at/simmering/wp-content/uploads/2022/11/G-53-Moessen-3-1-scaled.jpg"><img loading="lazy" decoding="async" class="alignleft size-medium wp-image-23807" src="http://www.evang-friedhof.at/simmering/wp-content/uploads/2022/11/G-53-Moessen-3-1-225x300.jpg" alt="" width="225" height="300" srcset="https://www.evang-friedhof.at/simmering/wp-content/uploads/2022/11/G-53-Moessen-3-1-225x300.jpg 225w, https://www.evang-friedhof.at/simmering/wp-content/uploads/2022/11/G-53-Moessen-3-1-768x1024.jpg 768w, https://www.evang-friedhof.at/simmering/wp-content/uploads/2022/11/G-53-Moessen-3-1-1152x1536.jpg 1152w, https://www.evang-friedhof.at/simmering/wp-content/uploads/2022/11/G-53-Moessen-3-1-1536x2048.jpg 1536w, https://www.evang-friedhof.at/simmering/wp-content/uploads/2022/11/G-53-Moessen-3-1-350x467.jpg 350w, https://www.evang-friedhof.at/simmering/wp-content/uploads/2022/11/G-53-Moessen-3-1-scaled.jpg 1920w" sizes="auto, (max-width: 225px) 100vw, 225px" /></a>Unternehmer, Gemeinderat</p>
<p>geb.: 4.10. 1852, Glabitsch, Preußen<br />
gest.: 9. 03. 1929, Wien</p>
<p>1874 gründete er eine Unternehmung für Dynamomaschinen, Akkumulatoren, Schalt und Regulierapparate, Elektromotoren und Starkstromanlagen, Messinstrumente, dynamoelektrische Minenzündapparate aber auch für Telefone und Mikrophone. Die Fabrik befand sich in der Alleegasse 53 (heute: Argentinierstraße)</p>
<p>Die Produkte des Unternehmens wurden zwischen 1883 und 1899 auf nationalen und internationalen Ausstellungen ausgezeichnet.</p>
<p>Robert Moessen war auch Gründer der Genossenschaft der konzessionierten Elektrounternehmungen und authorisierter Sachverständiger und Schätzmeister für Elektrotechnik.</p>
<p>Politisch gehörte Moessen der Christlich &#8211; Sozialen Partei an und war von 1900 bis 1912 im Wiener Gemeinderat vertreten und wirkte von 1908 bis 1912 als Stadtrat. In diesen Funktionen trat er für die Belange seines Wahlbezirkes Wieden ein und meldete sich bei Fragen, die die Elektrifizierung oder die Wiener Elektrizitätswerke betrafen zu Wort.</p>
<p>Lit.:<br />
WSTLA: Biographischer Akt<br />
WSTLA: Gemeinderats Akten 1900 &#8211; 1912<br />
WSTLA: Stadtrats Akten 1909 &#8211; 1912<br />
Briefkopf der Firma Moessen<br />
Reichspost v. 11. 3. 1929, S. 3</p>

<p>Unternehmer, Gemeinderat geb.: 4.10. 1852, Glabitsch, Preußen gest.: 9. 03. 1929, Wien 1874 gründete er eine Unternehmung für Dynamomaschinen, Akkumulatoren, Schalt und Regulierapparate, Elektromotoren und Starkstromanlagen, Messinstrumente, dynamoelektrische Minenzündapparate aber auch für Telefone und Mikrophone. Die Fabrik befand sich in der Alleegasse 53 (heute: Argentinierstraße) Die Produkte des Unternehmens wurden zwischen 1883 und 1899 auf &hellip; </p>
<p class="link-more"><a href="https://www.evang-friedhof.at/simmering/robert-rudolf-moessen/" class="more-link"><span class="screen-reader-text">„Robert Rudolf MOESSEN“ </span>weiterlesen</a></p>
