{"id":23791,"date":"2022-11-02T16:31:31","date_gmt":"2022-11-02T15:31:31","guid":{"rendered":"https:\/\/www.evang-friedhof.at\/simmering\/?page_id=23791"},"modified":"2022-11-02T16:31:31","modified_gmt":"2022-11-02T15:31:31","slug":"dipl-ing-dr-franz-magyar","status":"publish","type":"page","link":"https:\/\/www.evang-friedhof.at\/simmering\/dipl-ing-dr-franz-magyar\/","title":{"rendered":"Dipl. Ing. Dr. Franz MAGYAR"},"content":{"rendered":"<div class=\"description\"><a href=\"http:\/\/www.evang-friedhof.at\/simmering\/wp-content\/uploads\/2022\/11\/U-256-Magyar.jpg\"><img loading=\"lazy\" decoding=\"async\" class=\"alignleft size-medium wp-image-23792\" src=\"http:\/\/www.evang-friedhof.at\/simmering\/wp-content\/uploads\/2022\/11\/U-256-Magyar-225x300.jpg\" alt=\"\" width=\"225\" height=\"300\" srcset=\"https:\/\/www.evang-friedhof.at\/simmering\/wp-content\/uploads\/2022\/11\/U-256-Magyar-225x300.jpg 225w, https:\/\/www.evang-friedhof.at\/simmering\/wp-content\/uploads\/2022\/11\/U-256-Magyar-768x1024.jpg 768w, https:\/\/www.evang-friedhof.at\/simmering\/wp-content\/uploads\/2022\/11\/U-256-Magyar-350x467.jpg 350w, https:\/\/www.evang-friedhof.at\/simmering\/wp-content\/uploads\/2022\/11\/U-256-Magyar.jpg 1080w\" sizes=\"auto, (max-width: 225px) 100vw, 225px\" \/><\/a>Techniker<\/p>\n<p>geb.: 6. 05. 1894, Wien<br \/>\ngest.: 15. 09. 1958, Wien<\/p>\n<p>1946 erhielt Magyar eine ordentliche Professur f\u00fcr Str\u00f6mungslehre an der Technischen Hochschule in Wien. Bereits ein Jahr sp\u00e4ter wurde er zum Dekan gew\u00e4hlt und stand schlie\u00dflich als Rektor an der Spitze der Hochschule.<\/p>\n<p>Aus seiner Feder stammen unter Anderem zwei kurze Monographien \u00fcber die beiden Flugpioniere Wilhelm Kre\u00df und Igo Etrich.<\/p>\n<p>Lit.:<br \/>\n\u00d6sterr. Akademie d. Wiss.(Hrsg.): \u00d6sterreichische Naturforscher und Techniker, Wien 1950, S.149ff<br \/>\nOrgel Wilhelm: Wer ist wer in \u00d6sterreich, Wien 1953, S. 135<br \/>\nTeichl Robert: \u00d6sterreicher der Gegenwart, Wien 1951, S. 187<\/p><\/div>\n","protected":false},"excerpt":{"rendered":"<p>Techniker geb.: 6. 05. 1894, Wien gest.: 15. 09. 1958, Wien 1946 erhielt Magyar eine ordentliche Professur f\u00fcr Str\u00f6mungslehre an der Technischen Hochschule in Wien. Bereits ein Jahr sp\u00e4ter wurde er zum Dekan gew\u00e4hlt und stand schlie\u00dflich als Rektor an der Spitze der Hochschule. Aus seiner Feder stammen unter Anderem zwei kurze Monographien \u00fcber die &hellip; <\/p>\n<p class=\"link-more\"><a href=\"https:\/\/www.evang-friedhof.at\/simmering\/dipl-ing-dr-franz-magyar\/\" class=\"more-link\"><span class=\"screen-reader-text\">\u201eDipl. Ing. Dr. Franz MAGYAR\u201c <\/span>weiterlesen<\/a><\/p>\n","protected":false},"author":1,"featured_media":0,"parent":0,"menu_order":0,"comment_status":"closed","ping_status":"closed","template":"","meta":{"ngg_post_thumbnail":0,"footnotes":""},"class_list":["post-23791","page","type-page","status-publish","hentry"],"_links":{"self":[{"href":"https:\/\/www.evang-friedhof.at\/simmering\/wp-json\/wp\/v2\/pages\/23791","targetHints":{"allow":["GET"]}}],"collection":[{"href":"https:\/\/www.evang-friedhof.at\/simmering\/wp-json\/wp\/v2\/pages"}],"about":[{"href":"https:\/\/www.evang-friedhof.at\/simmering\/wp-json\/wp\/v2\/types\/page"}],"author":[{"embeddable":true,"href":"https:\/\/www.evang-friedhof.at\/simmering\/wp-json\/wp\/v2\/users\/1"}],"replies":[{"embeddable":true,"href":"https:\/\/www.evang-friedhof.at\/simmering\/wp-json\/wp\/v2\/comments?post=23791"}],"version-history":[{"count":1,"href":"https:\/\/www.evang-friedhof.at\/simmering\/wp-json\/wp\/v2\/pages\/23791\/revisions"}],"predecessor-version":[{"id":23793,"href":"https:\/\/www.evang-friedhof.at\/simmering\/wp-json\/wp\/v2\/pages\/23791\/revisions\/23793"}],"wp:attachment":[{"href":"https:\/\/www.evang-friedhof.at\/simmering\/wp-json\/wp\/v2\/media?parent=23791"}],"curies":[{"name":"wp","href":"https:\/\/api.w.org\/{rel}","templated":true}]}}