{"id":23786,"date":"2022-11-02T16:30:52","date_gmt":"2022-11-02T15:30:52","guid":{"rendered":"https:\/\/www.evang-friedhof.at\/simmering\/?page_id=23786"},"modified":"2022-11-02T16:30:52","modified_gmt":"2022-11-02T15:30:52","slug":"dr-georg-lotheissen","status":"publish","type":"page","link":"https:\/\/www.evang-friedhof.at\/simmering\/dr-georg-lotheissen\/","title":{"rendered":"Dr. Georg LOTHEISSEN"},"content":{"rendered":"<p><a href=\"http:\/\/www.evang-friedhof.at\/simmering\/wp-content\/uploads\/2022\/11\/3-55-Lotheisen.jpg\"><img loading=\"lazy\" decoding=\"async\" class=\"alignleft size-medium wp-image-23787\" src=\"http:\/\/www.evang-friedhof.at\/simmering\/wp-content\/uploads\/2022\/11\/3-55-Lotheisen-225x300.jpg\" alt=\"\" width=\"225\" height=\"300\" srcset=\"https:\/\/www.evang-friedhof.at\/simmering\/wp-content\/uploads\/2022\/11\/3-55-Lotheisen-225x300.jpg 225w, https:\/\/www.evang-friedhof.at\/simmering\/wp-content\/uploads\/2022\/11\/3-55-Lotheisen-768x1024.jpg 768w, https:\/\/www.evang-friedhof.at\/simmering\/wp-content\/uploads\/2022\/11\/3-55-Lotheisen-350x467.jpg 350w, https:\/\/www.evang-friedhof.at\/simmering\/wp-content\/uploads\/2022\/11\/3-55-Lotheisen.jpg 1080w\" sizes=\"auto, (max-width: 225px) 100vw, 225px\" \/><\/a>Chirurg<\/p>\n<p>geb.: 14. 09. 1868, Genf<br \/>\ngest.: 23. 10. 1941, Wien<\/p>\n<p>Der Sohn des Romanisten Ferdinand Lotheissen wuchs zuerst in Genf auf bevor die Familie nach Wien \u00fcbersiedelte, wo der Vater an einer Oberrealschule unterrichtete. Schon vor seiner Promotion zum Doktor der Medizin arbeite Georg Lotheissen als Prosektor an der anatomischen Lehrkanzel von Emil Zuckerkandl. 1894 wandte er sich der Chirurgie zu und wurde Operationsz\u00f6gling bei Theodor Billroth und dann nach dessen Tod bei dessen Nachfolger Carl Gussenbauer. 1895 ging er als 1. Assistent von Professor Viktor von Hacker nach Innsbruck, wo er sich 1899 habilitierte.<\/p>\n<p>Von 1902 bis 1935 leitete er die chirurgische Abteilung des Kaiser Franz Josef Spitals in Wien. 1915 erhielt er den Titel eines au\u00dferordentlichen Professors und 1921 wurde er zum Hofrat ernannt. 1936 trat der verdiente Chirurg und anregende Lehrer in den Ruhestand.<\/p>\n<p>Die Leistungen von Georg Lotheissen lagen insbesondere auf dem Gebiet der Radikaloperation von Schenkelhernien, der Lunge, vor allem aber der Speiser\u00f6hre. Dabei entwickelte er eine bahnbrechende Technik zur Behandlung von Speiser\u00f6hrenrestriktionen. Ebenso wirkte er als Pionier der plastischen Chirurgie, indem er komplette k\u00fcnstliche Speiser\u00f6hren einsetzte. Mit der virtuosen Handhabung des \u00d6sophagoskops und der elektrolytischen Sonde entwickelte er die \u00d6sophaguschirurgie seines Lehrers Viktor von Hacker weiter. F\u00fcr den Fortschritt aufgeschlossen, gelangten bei seinen Operationen die jeweils neuesten Narkosetechniken, wie \u00c4tylchlorid und Sauerstoffnarkose zum Einsatz.<\/p>\n<p>Lit.:<br \/>\nCzeike Felix: Historisches Lexikon, Wien, Bd. 4, Wien 1995, S. 97<br \/>\nLesky Erna: Meilensteine der Wiener Medizin, Wien 1981, S. 120<br \/>\nMecenseffy Grete: Evangelische Lehrer an der Wiener Universit\u00e4t, Wien 1967, S. 117<\/p>\n","protected":false},"excerpt":{"rendered":"<p>Chirurg geb.: 14. 09. 1868, Genf gest.: 23. 10. 1941, Wien Der Sohn des Romanisten Ferdinand Lotheissen wuchs zuerst in Genf auf bevor die Familie nach Wien \u00fcbersiedelte, wo der Vater an einer Oberrealschule unterrichtete. Schon vor seiner Promotion zum Doktor der Medizin arbeite Georg Lotheissen als Prosektor an der anatomischen Lehrkanzel von Emil Zuckerkandl. &hellip; <\/p>\n<p class=\"link-more\"><a href=\"https:\/\/www.evang-friedhof.at\/simmering\/dr-georg-lotheissen\/\" class=\"more-link\"><span class=\"screen-reader-text\">\u201eDr. Georg LOTHEISSEN\u201c <\/span>weiterlesen<\/a><\/p>\n","protected":false},"author":1,"featured_media":0,"parent":0,"menu_order":0,"comment_status":"closed","ping_status":"closed","template":"","meta":{"ngg_post_thumbnail":0,"footnotes":""},"class_list":["post-23786","page","type-page","status-publish","hentry"],"_links":{"self":[{"href":"https:\/\/www.evang-friedhof.at\/simmering\/wp-json\/wp\/v2\/pages\/23786","targetHints":{"allow":["GET"]}}],"collection":[{"href":"https:\/\/www.evang-friedhof.at\/simmering\/wp-json\/wp\/v2\/pages"}],"about":[{"href":"https:\/\/www.evang-friedhof.at\/simmering\/wp-json\/wp\/v2\/types\/page"}],"author":[{"embeddable":true,"href":"https:\/\/www.evang-friedhof.at\/simmering\/wp-json\/wp\/v2\/users\/1"}],"replies":[{"embeddable":true,"href":"https:\/\/www.evang-friedhof.at\/simmering\/wp-json\/wp\/v2\/comments?post=23786"}],"version-history":[{"count":1,"href":"https:\/\/www.evang-friedhof.at\/simmering\/wp-json\/wp\/v2\/pages\/23786\/revisions"}],"predecessor-version":[{"id":23788,"href":"https:\/\/www.evang-friedhof.at\/simmering\/wp-json\/wp\/v2\/pages\/23786\/revisions\/23788"}],"wp:attachment":[{"href":"https:\/\/www.evang-friedhof.at\/simmering\/wp-json\/wp\/v2\/media?parent=23786"}],"curies":[{"name":"wp","href":"https:\/\/api.w.org\/{rel}","templated":true}]}}