{"id":23737,"date":"2022-11-02T16:15:43","date_gmt":"2022-11-02T15:15:43","guid":{"rendered":"https:\/\/www.evang-friedhof.at\/simmering\/?page_id=23737"},"modified":"2022-11-02T16:15:43","modified_gmt":"2022-11-02T15:15:43","slug":"dr-fritz-kerner-von-marilaun","status":"publish","type":"page","link":"https:\/\/www.evang-friedhof.at\/simmering\/dr-fritz-kerner-von-marilaun\/","title":{"rendered":"Dr. Fritz KERNER von MARILAUN"},"content":{"rendered":"<p><a href=\"http:\/\/www.evang-friedhof.at\/simmering\/wp-content\/uploads\/2022\/11\/N-4-Kerner-2.jpg\"><img loading=\"lazy\" decoding=\"async\" class=\"alignleft size-medium wp-image-23738\" src=\"http:\/\/www.evang-friedhof.at\/simmering\/wp-content\/uploads\/2022\/11\/N-4-Kerner-2-225x300.jpg\" alt=\"\" width=\"225\" height=\"300\" srcset=\"https:\/\/www.evang-friedhof.at\/simmering\/wp-content\/uploads\/2022\/11\/N-4-Kerner-2-225x300.jpg 225w, https:\/\/www.evang-friedhof.at\/simmering\/wp-content\/uploads\/2022\/11\/N-4-Kerner-2-768x1024.jpg 768w, https:\/\/www.evang-friedhof.at\/simmering\/wp-content\/uploads\/2022\/11\/N-4-Kerner-2-350x467.jpg 350w, https:\/\/www.evang-friedhof.at\/simmering\/wp-content\/uploads\/2022\/11\/N-4-Kerner-2.jpg 1080w\" sizes=\"auto, (max-width: 225px) 100vw, 225px\" \/><\/a>Geologe und Meteorologe<\/p>\n<p>geb.: 30. 06. 1866, Innsbruck<br \/>\ngest.: 26. 04. 1944, Wien<\/p>\n<p>Der Sohn des Botanikers Anton Kerner von Marilaun (1831 &#8211; 1898) sowie Neffe des Juristen und Botanikers Josef Anton Kerner (1829 &#8211; 1906) studierte auf Wunsch des Vaters Medizin. Nach seiner Promotion zum Doktor der Medizin 1891 arbeitete er zun\u00e4chst am Wiener Hygienischen Institut, trat aber 1893, seinen eigenen Neigungen folgend, als Volont\u00e4r in den Dienst der geologischen Reichsanstalt.<\/p>\n<p>Bis zum Ersten Weltkrieg arbeitete er an der geologischen Landesaufnahme von Dalmatien, verlagerte jedoch sein T\u00e4tigkeitsgebiet nach dem Ende \u00d6sterreich &#8211; Ungarns nach Tirol. F\u00fcr das Kartenblatt Lofer &#8211; St. Johann betreute er die Kirchberggruppe, f\u00fcr das Blatt \u00d6tztal den Pinniser Schrofen.<\/p>\n<p>Auf dem Familiengut Marilaun im Gschnitztal richtete Fritz Kerner ein kleines heimatkundliches Museum ein, das vor allem geologische Exponate zeigte.<\/p>\n<p>Mit der Meteorologie erschloss sich Kerner ein neues Wissensgebiet, wobei die Schwerpunkte seiner Forschungen um die Themen F\u00f6hn, Schneegrenze und Bodentemperaturen kreisten. Bei zahlreichen Quelluntersuchungen griff er auf zum Teil unver\u00f6ffentlichtes Material seines Vaters zur\u00fcck.<\/p>\n<p>Seine geologischen und meteorologischen Kenntnisse pr\u00e4destinierten ihn pal\u00e4oklimatologische und p\u00e4l\u00e4ozoographische Gesamtdarstellungen zu verfassen, wobei er \u00fcber die Vermittlung von Fakten hinaus, Probleme der Forschung in seine Werke einflie\u00dfen lie\u00df.<\/p>\n<p>Der Forscher unternahm zahlreiche Reisen, die ihn unter anderem nach Mexiko, in den Sudan, den Orient sowie Spitzbergen f\u00fchrten. 1901 nahm er an der von der Akademie der Wissenschaften initiierten Forschungsreise des Botanikers Richard von Wettstein nach S\u00fcdbrasilien teil. W\u00e4hrend des Ersten Weltkrieges hielt er sich im Auftrag der Akademie der Wissenschaften in Nordalbanien auf.<\/p>\n<p>Lit.:<br \/>\nAkad. d. Wiss. (Hrsg.): \u00d6sterreichisches Biographisches Lexikon, Bd. 3, Graz 1965, S.<br \/>\nAkad. d. Wiss. (Hrsg.): \u00d6sterreichische Naturforscher und Techniker, Wien 1950, S. 115<\/p>\n","protected":false},"excerpt":{"rendered":"<p>Geologe und Meteorologe geb.: 30. 06. 1866, Innsbruck gest.: 26. 04. 1944, Wien Der Sohn des Botanikers Anton Kerner von Marilaun (1831 &#8211; 1898) sowie Neffe des Juristen und Botanikers Josef Anton Kerner (1829 &#8211; 1906) studierte auf Wunsch des Vaters Medizin. Nach seiner Promotion zum Doktor der Medizin 1891 arbeitete er zun\u00e4chst am Wiener &hellip; <\/p>\n<p class=\"link-more\"><a href=\"https:\/\/www.evang-friedhof.at\/simmering\/dr-fritz-kerner-von-marilaun\/\" class=\"more-link\"><span class=\"screen-reader-text\">\u201eDr. Fritz KERNER von MARILAUN\u201c <\/span>weiterlesen<\/a><\/p>\n","protected":false},"author":1,"featured_media":0,"parent":0,"menu_order":0,"comment_status":"closed","ping_status":"closed","template":"","meta":{"ngg_post_thumbnail":0,"footnotes":""},"class_list":["post-23737","page","type-page","status-publish","hentry"],"_links":{"self":[{"href":"https:\/\/www.evang-friedhof.at\/simmering\/wp-json\/wp\/v2\/pages\/23737","targetHints":{"allow":["GET"]}}],"collection":[{"href":"https:\/\/www.evang-friedhof.at\/simmering\/wp-json\/wp\/v2\/pages"}],"about":[{"href":"https:\/\/www.evang-friedhof.at\/simmering\/wp-json\/wp\/v2\/types\/page"}],"author":[{"embeddable":true,"href":"https:\/\/www.evang-friedhof.at\/simmering\/wp-json\/wp\/v2\/users\/1"}],"replies":[{"embeddable":true,"href":"https:\/\/www.evang-friedhof.at\/simmering\/wp-json\/wp\/v2\/comments?post=23737"}],"version-history":[{"count":1,"href":"https:\/\/www.evang-friedhof.at\/simmering\/wp-json\/wp\/v2\/pages\/23737\/revisions"}],"predecessor-version":[{"id":23739,"href":"https:\/\/www.evang-friedhof.at\/simmering\/wp-json\/wp\/v2\/pages\/23737\/revisions\/23739"}],"wp:attachment":[{"href":"https:\/\/www.evang-friedhof.at\/simmering\/wp-json\/wp\/v2\/media?parent=23737"}],"curies":[{"name":"wp","href":"https:\/\/api.w.org\/{rel}","templated":true}]}}

<p><a href="http://www.evang-friedhof.at/simmering/wp-content/uploads/2022/11/N-4-Kerner-2.jpg"><img loading="lazy" decoding="async" class="alignleft size-medium wp-image-23738" src="http://www.evang-friedhof.at/simmering/wp-content/uploads/2022/11/N-4-Kerner-2-225x300.jpg" alt="" width="225" height="300" srcset="https://www.evang-friedhof.at/simmering/wp-content/uploads/2022/11/N-4-Kerner-2-225x300.jpg 225w, https://www.evang-friedhof.at/simmering/wp-content/uploads/2022/11/N-4-Kerner-2-768x1024.jpg 768w, https://www.evang-friedhof.at/simmering/wp-content/uploads/2022/11/N-4-Kerner-2-350x467.jpg 350w, https://www.evang-friedhof.at/simmering/wp-content/uploads/2022/11/N-4-Kerner-2.jpg 1080w" sizes="auto, (max-width: 225px) 100vw, 225px" /></a>Geologe und Meteorologe</p>
<p>geb.: 30. 06. 1866, Innsbruck<br />
gest.: 26. 04. 1944, Wien</p>
<p>Der Sohn des Botanikers Anton Kerner von Marilaun (1831 &#8211; 1898) sowie Neffe des Juristen und Botanikers Josef Anton Kerner (1829 &#8211; 1906) studierte auf Wunsch des Vaters Medizin. Nach seiner Promotion zum Doktor der Medizin 1891 arbeitete er zunächst am Wiener Hygienischen Institut, trat aber 1893, seinen eigenen Neigungen folgend, als Volontär in den Dienst der geologischen Reichsanstalt.</p>
<p>Bis zum Ersten Weltkrieg arbeitete er an der geologischen Landesaufnahme von Dalmatien, verlagerte jedoch sein Tätigkeitsgebiet nach dem Ende Österreich &#8211; Ungarns nach Tirol. Für das Kartenblatt Lofer &#8211; St. Johann betreute er die Kirchberggruppe, für das Blatt Ötztal den Pinniser Schrofen.</p>
<p>Auf dem Familiengut Marilaun im Gschnitztal richtete Fritz Kerner ein kleines heimatkundliches Museum ein, das vor allem geologische Exponate zeigte.</p>
<p>Mit der Meteorologie erschloss sich Kerner ein neues Wissensgebiet, wobei die Schwerpunkte seiner Forschungen um die Themen Föhn, Schneegrenze und Bodentemperaturen kreisten. Bei zahlreichen Quelluntersuchungen griff er auf zum Teil unveröffentlichtes Material seines Vaters zurück.</p>
<p>Seine geologischen und meteorologischen Kenntnisse prädestinierten ihn paläoklimatologische und päläozoographische Gesamtdarstellungen zu verfassen, wobei er über die Vermittlung von Fakten hinaus, Probleme der Forschung in seine Werke einfließen ließ.</p>
<p>Der Forscher unternahm zahlreiche Reisen, die ihn unter anderem nach Mexiko, in den Sudan, den Orient sowie Spitzbergen führten. 1901 nahm er an der von der Akademie der Wissenschaften initiierten Forschungsreise des Botanikers Richard von Wettstein nach Südbrasilien teil. Während des Ersten Weltkrieges hielt er sich im Auftrag der Akademie der Wissenschaften in Nordalbanien auf.</p>
<p>Lit.:<br />
Akad. d. Wiss. (Hrsg.): Österreichisches Biographisches Lexikon, Bd. 3, Graz 1965, S.<br />
Akad. d. Wiss. (Hrsg.): Österreichische Naturforscher und Techniker, Wien 1950, S. 115</p>

<p>Geologe und Meteorologe geb.: 30. 06. 1866, Innsbruck gest.: 26. 04. 1944, Wien Der Sohn des Botanikers Anton Kerner von Marilaun (1831 &#8211; 1898) sowie Neffe des Juristen und Botanikers Josef Anton Kerner (1829 &#8211; 1906) studierte auf Wunsch des Vaters Medizin. Nach seiner Promotion zum Doktor der Medizin 1891 arbeitete er zunächst am Wiener &hellip; </p>
<p class="link-more"><a href="https://www.evang-friedhof.at/simmering/dr-fritz-kerner-von-marilaun/" class="more-link"><span class="screen-reader-text">„Dr. Fritz KERNER von MARILAUN“ </span>weiterlesen</a></p>
