{"id":23720,"date":"2022-11-02T16:12:52","date_gmt":"2022-11-02T15:12:52","guid":{"rendered":"https:\/\/www.evang-friedhof.at\/simmering\/?page_id=23720"},"modified":"2022-11-02T16:12:52","modified_gmt":"2022-11-02T15:12:52","slug":"johanna-hansi-jarno","status":"publish","type":"page","link":"https:\/\/www.evang-friedhof.at\/simmering\/johanna-hansi-jarno\/","title":{"rendered":"Johanna (Hansi) JARNO"},"content":{"rendered":"<p><a href=\"http:\/\/www.evang-friedhof.at\/simmering\/wp-content\/uploads\/2022\/11\/5-10-Jarno-1.jpg\"><img loading=\"lazy\" decoding=\"async\" class=\"alignleft size-medium wp-image-23721\" src=\"http:\/\/www.evang-friedhof.at\/simmering\/wp-content\/uploads\/2022\/11\/5-10-Jarno-1-225x300.jpg\" alt=\"\" width=\"225\" height=\"300\" srcset=\"https:\/\/www.evang-friedhof.at\/simmering\/wp-content\/uploads\/2022\/11\/5-10-Jarno-1-225x300.jpg 225w, https:\/\/www.evang-friedhof.at\/simmering\/wp-content\/uploads\/2022\/11\/5-10-Jarno-1-768x1024.jpg 768w, https:\/\/www.evang-friedhof.at\/simmering\/wp-content\/uploads\/2022\/11\/5-10-Jarno-1-350x467.jpg 350w, https:\/\/www.evang-friedhof.at\/simmering\/wp-content\/uploads\/2022\/11\/5-10-Jarno-1.jpg 1080w\" sizes=\"auto, (max-width: 225px) 100vw, 225px\" \/><\/a>Schauspielerin<\/p>\n<p>geb.:<br \/>\ngest.: 17. 06. 1929, Wien<\/p>\n<p>Die Tochter des Schauspielerehepaares Hansi Niese (1875 &#8211; 1934) und Josef Jarno (1866 &#8211; 1932) trat in die Fu\u00dfstapfen ihrer Eltern. Sie deb\u00fctierte unmittelbar nach der Absolvierung des Schwarzwald Lyceums ohne jegliche Ausbildung am Sommertheater Baden. Von dort ging sie nach M\u00fcnchen und kam 1927 als Gast an die Renaissanceb\u00fchne in Wien, die ihr Vater leitete. Ihr fr\u00fcher Tod verhinderte eine hoffnungsvolle Karriere.<\/p>\n<p>Lit.:<br \/>\nPlaner Franz: Das Jahrbuch der Wiener Gesellschaft, Wien 1928, S. 149<\/p>\n","protected":false},"excerpt":{"rendered":"<p>Schauspielerin geb.: gest.: 17. 06. 1929, Wien Die Tochter des Schauspielerehepaares Hansi Niese (1875 &#8211; 1934) und Josef Jarno (1866 &#8211; 1932) trat in die Fu\u00dfstapfen ihrer Eltern. Sie deb\u00fctierte unmittelbar nach der Absolvierung des Schwarzwald Lyceums ohne jegliche Ausbildung am Sommertheater Baden. Von dort ging sie nach M\u00fcnchen und kam 1927 als Gast an &hellip; <\/p>\n<p class=\"link-more\"><a href=\"https:\/\/www.evang-friedhof.at\/simmering\/johanna-hansi-jarno\/\" class=\"more-link\"><span class=\"screen-reader-text\">\u201eJohanna (Hansi) JARNO\u201c <\/span>weiterlesen<\/a><\/p>\n","protected":false},"author":1,"featured_media":0,"parent":0,"menu_order":0,"comment_status":"closed","ping_status":"closed","template":"","meta":{"ngg_post_thumbnail":0,"footnotes":""},"class_list":["post-23720","page","type-page","status-publish","hentry"],"_links":{"self":[{"href":"https:\/\/www.evang-friedhof.at\/simmering\/wp-json\/wp\/v2\/pages\/23720","targetHints":{"allow":["GET"]}}],"collection":[{"href":"https:\/\/www.evang-friedhof.at\/simmering\/wp-json\/wp\/v2\/pages"}],"about":[{"href":"https:\/\/www.evang-friedhof.at\/simmering\/wp-json\/wp\/v2\/types\/page"}],"author":[{"embeddable":true,"href":"https:\/\/www.evang-friedhof.at\/simmering\/wp-json\/wp\/v2\/users\/1"}],"replies":[{"embeddable":true,"href":"https:\/\/www.evang-friedhof.at\/simmering\/wp-json\/wp\/v2\/comments?post=23720"}],"version-history":[{"count":1,"href":"https:\/\/www.evang-friedhof.at\/simmering\/wp-json\/wp\/v2\/pages\/23720\/revisions"}],"predecessor-version":[{"id":23722,"href":"https:\/\/www.evang-friedhof.at\/simmering\/wp-json\/wp\/v2\/pages\/23720\/revisions\/23722"}],"wp:attachment":[{"href":"https:\/\/www.evang-friedhof.at\/simmering\/wp-json\/wp\/v2\/media?parent=23720"}],"curies":[{"name":"wp","href":"https:\/\/api.w.org\/{rel}","templated":true}]}}