{"id":23712,"date":"2022-11-02T16:10:11","date_gmt":"2022-11-02T15:10:11","guid":{"rendered":"https:\/\/www.evang-friedhof.at\/simmering\/?page_id=23712"},"modified":"2022-11-02T16:10:11","modified_gmt":"2022-11-02T15:10:11","slug":"karl-hiess-ss","status":"publish","type":"page","link":"https:\/\/www.evang-friedhof.at\/simmering\/karl-hiess-ss\/","title":{"rendered":"Karl HIESS (\u00df)"},"content":{"rendered":"<div class=\"description\"><a href=\"http:\/\/www.evang-friedhof.at\/simmering\/wp-content\/uploads\/2022\/11\/marmor-grabstein-mit-blumen-dekor-v1079.jpg\"><img loading=\"lazy\" decoding=\"async\" class=\"alignleft size-medium wp-image-23658\" src=\"http:\/\/www.evang-friedhof.at\/simmering\/wp-content\/uploads\/2022\/11\/marmor-grabstein-mit-blumen-dekor-v1079-300x300.jpg\" alt=\"\" width=\"300\" height=\"300\" srcset=\"https:\/\/www.evang-friedhof.at\/simmering\/wp-content\/uploads\/2022\/11\/marmor-grabstein-mit-blumen-dekor-v1079-300x300.jpg 300w, https:\/\/www.evang-friedhof.at\/simmering\/wp-content\/uploads\/2022\/11\/marmor-grabstein-mit-blumen-dekor-v1079-150x150.jpg 150w, https:\/\/www.evang-friedhof.at\/simmering\/wp-content\/uploads\/2022\/11\/marmor-grabstein-mit-blumen-dekor-v1079-100x100.jpg 100w, https:\/\/www.evang-friedhof.at\/simmering\/wp-content\/uploads\/2022\/11\/marmor-grabstein-mit-blumen-dekor-v1079-250x250.jpg 250w, https:\/\/www.evang-friedhof.at\/simmering\/wp-content\/uploads\/2022\/11\/marmor-grabstein-mit-blumen-dekor-v1079.jpg 310w\" sizes=\"auto, (max-width: 300px) 100vw, 300px\" \/><\/a>Kapellmeister<\/p>\n<p>geb.: 1877<br \/>\ngest.: 3. 08. 1943, Wien<\/p>\n<p>Er studierte bei Anton Bruckner und Robert Fuchs und wirkte lange Jahre als Theaterkapellmeister am Deutschen Volkstheater. Zwischen 1905 und 1939 schrieb er eine Vielzahl von B\u00fchnenmusiken f\u00fcr so unterschiedliche St\u00fccke wie \u201eEine gsunde Person\u201c, \u201eM\u00e4del aus der Vorstadt\u201c oder der \u201eWei\u00dfe Heiland\u201c f\u00fcr dieses Theater. Die letzte Produktion am Volkstheater an der er mitwirkte, war das Wiener Volksst\u00fcck \u201eGoldene Wolken\u201c, das am 20. Juli 1939 Premiere hatte.<\/p>\n<p>Daneben komponierte er Operetten, wie \u201ePeterl sei gscheid\u201c, die in Baden\/Wien uraufgef\u00fchrt wurde oder \u201eDie vertauschte Braut\u201c f\u00fcr das B\u00fcrgertheater.<\/p>\n<p>Lit.:<br \/>\nSchl\u00f6gl Grid: Der Theaterkritiker Paul Blaha als Direktor des Wiener Volkstheaters 1979\/80 &#8211; 1987, phil. Diss. Wien 1994, Bd. 2 B 1650<br \/>\nUlrich Paul S.: Theater, Tanz und Musik in Deutschlands B\u00fchnengeschehen, Bd.2, Berlin 1985, S. 55<\/p><\/div>\n","protected":false},"excerpt":{"rendered":"<p>Kapellmeister geb.: 1877 gest.: 3. 08. 1943, Wien Er studierte bei Anton Bruckner und Robert Fuchs und wirkte lange Jahre als Theaterkapellmeister am Deutschen Volkstheater. Zwischen 1905 und 1939 schrieb er eine Vielzahl von B\u00fchnenmusiken f\u00fcr so unterschiedliche St\u00fccke wie \u201eEine gsunde Person\u201c, \u201eM\u00e4del aus der Vorstadt\u201c oder der \u201eWei\u00dfe Heiland\u201c f\u00fcr dieses Theater. Die &hellip; <\/p>\n<p class=\"link-more\"><a href=\"https:\/\/www.evang-friedhof.at\/simmering\/karl-hiess-ss\/\" class=\"more-link\"><span class=\"screen-reader-text\">\u201eKarl HIESS (\u00df)\u201c <\/span>weiterlesen<\/a><\/p>\n","protected":false},"author":1,"featured_media":0,"parent":0,"menu_order":0,"comment_status":"closed","ping_status":"closed","template":"","meta":{"ngg_post_thumbnail":0,"footnotes":""},"class_list":["post-23712","page","type-page","status-publish","hentry"],"_links":{"self":[{"href":"https:\/\/www.evang-friedhof.at\/simmering\/wp-json\/wp\/v2\/pages\/23712","targetHints":{"allow":["GET"]}}],"collection":[{"href":"https:\/\/www.evang-friedhof.at\/simmering\/wp-json\/wp\/v2\/pages"}],"about":[{"href":"https:\/\/www.evang-friedhof.at\/simmering\/wp-json\/wp\/v2\/types\/page"}],"author":[{"embeddable":true,"href":"https:\/\/www.evang-friedhof.at\/simmering\/wp-json\/wp\/v2\/users\/1"}],"replies":[{"embeddable":true,"href":"https:\/\/www.evang-friedhof.at\/simmering\/wp-json\/wp\/v2\/comments?post=23712"}],"version-history":[{"count":1,"href":"https:\/\/www.evang-friedhof.at\/simmering\/wp-json\/wp\/v2\/pages\/23712\/revisions"}],"predecessor-version":[{"id":23713,"href":"https:\/\/www.evang-friedhof.at\/simmering\/wp-json\/wp\/v2\/pages\/23712\/revisions\/23713"}],"wp:attachment":[{"href":"https:\/\/www.evang-friedhof.at\/simmering\/wp-json\/wp\/v2\/media?parent=23712"}],"curies":[{"name":"wp","href":"https:\/\/api.w.org\/{rel}","templated":true}]}}