{"id":23677,"date":"2022-11-02T15:58:20","date_gmt":"2022-11-02T14:58:20","guid":{"rendered":"https:\/\/www.evang-friedhof.at\/simmering\/?page_id=23677"},"modified":"2022-11-02T15:58:20","modified_gmt":"2022-11-02T14:58:20","slug":"robert-haardt","status":"publish","type":"page","link":"https:\/\/www.evang-friedhof.at\/simmering\/robert-haardt\/","title":{"rendered":"Robert HAARDT"},"content":{"rendered":"<div class=\"description\"><a href=\"http:\/\/www.evang-friedhof.at\/simmering\/wp-content\/uploads\/2022\/11\/1-R-11-Haardt-1.jpg\"><img loading=\"lazy\" decoding=\"async\" class=\"alignleft size-medium wp-image-23678\" src=\"http:\/\/www.evang-friedhof.at\/simmering\/wp-content\/uploads\/2022\/11\/1-R-11-Haardt-1-225x300.jpg\" alt=\"\" width=\"225\" height=\"300\" srcset=\"https:\/\/www.evang-friedhof.at\/simmering\/wp-content\/uploads\/2022\/11\/1-R-11-Haardt-1-225x300.jpg 225w, https:\/\/www.evang-friedhof.at\/simmering\/wp-content\/uploads\/2022\/11\/1-R-11-Haardt-1-350x467.jpg 350w, https:\/\/www.evang-friedhof.at\/simmering\/wp-content\/uploads\/2022\/11\/1-R-11-Haardt-1.jpg 768w\" sizes=\"auto, (max-width: 225px) 100vw, 225px\" \/><\/a>Ingenieur, Geograph<\/p>\n<p>geb.: 3. 03. 1884, Wien<br \/>\ngest.: 19. 05. 1962, Wien<\/p>\n<p>Robert Haardt war der Enkel des Mitbegr\u00fcnders der \u00f6sterreichischen Emailindustrie, er studierte an der Technischen Hochschule in Wien Maschinenbau und nach dem Abschluss arbeitete er in der v\u00e4terlichen Emailfabrik in Neschwitz. Er unternahm Studienreisen nach Indien, SE &#8211; Asien und den USA. Von 1913 bis 1925 war er Direktor der \u201eARIHAG\u201c, der Emil &#8211; Industrie und Handels AG Wien und nach deren Aufl\u00f6sung ihre Vertretungen im Ausland, insbesondere der \u201eRosenthal Isolatorenwerke\u201c in Selb.<\/p>\n<p>Sein spezielles Interesse geh\u00f6rte jedoch der Geographie und Kartographie. Der von ihm konstruierte Rollglobus auf den er Patente in \u00d6sterreich, Deutschland, Gro\u00dfbritannien und den USA erwarb, war der Ausgangspunkt sich mit der historischen Geographie und mit Globen im speziellen zu besch\u00e4ftigen. Die von ihm angelegte Karten und Globensammlung wurde 1945 vom Staat \u00fcbernommen und \u00fcber Robert Haardts Anregung 1952 zu einem Globusmuseum ausgebaut, das er im Zusammenarbeit mit dem Coronelli Weltbund der Globusfreunde leitete.<\/p>\n<p>Er war Vorstandsmitglied der Geographischen Gesellschaft Wien und korrespondierendes Mitglied der portugiesischen geographischen Gesellschaft in Lissabon.<\/p>\n<p>Lit.:<br \/>\nCzeike Felix: Historisches Lexikon Wien, Bd. 3, Wien 1994, S. 2.<br \/>\nTeichl Robert: \u00d6sterreicher der Gegenwart, Wien 1951, S. 94.<\/p><\/div>\n","protected":false},"excerpt":{"rendered":"<p>Ingenieur, Geograph geb.: 3. 03. 1884, Wien gest.: 19. 05. 1962, Wien Robert Haardt war der Enkel des Mitbegr\u00fcnders der \u00f6sterreichischen Emailindustrie, er studierte an der Technischen Hochschule in Wien Maschinenbau und nach dem Abschluss arbeitete er in der v\u00e4terlichen Emailfabrik in Neschwitz. Er unternahm Studienreisen nach Indien, SE &#8211; Asien und den USA. Von &hellip; <\/p>\n<p class=\"link-more\"><a href=\"https:\/\/www.evang-friedhof.at\/simmering\/robert-haardt\/\" class=\"more-link\"><span class=\"screen-reader-text\">\u201eRobert HAARDT\u201c <\/span>weiterlesen<\/a><\/p>\n","protected":false},"author":1,"featured_media":0,"parent":0,"menu_order":0,"comment_status":"closed","ping_status":"closed","template":"","meta":{"ngg_post_thumbnail":0,"footnotes":""},"class_list":["post-23677","page","type-page","status-publish","hentry"],"_links":{"self":[{"href":"https:\/\/www.evang-friedhof.at\/simmering\/wp-json\/wp\/v2\/pages\/23677","targetHints":{"allow":["GET"]}}],"collection":[{"href":"https:\/\/www.evang-friedhof.at\/simmering\/wp-json\/wp\/v2\/pages"}],"about":[{"href":"https:\/\/www.evang-friedhof.at\/simmering\/wp-json\/wp\/v2\/types\/page"}],"author":[{"embeddable":true,"href":"https:\/\/www.evang-friedhof.at\/simmering\/wp-json\/wp\/v2\/users\/1"}],"replies":[{"embeddable":true,"href":"https:\/\/www.evang-friedhof.at\/simmering\/wp-json\/wp\/v2\/comments?post=23677"}],"version-history":[{"count":1,"href":"https:\/\/www.evang-friedhof.at\/simmering\/wp-json\/wp\/v2\/pages\/23677\/revisions"}],"predecessor-version":[{"id":23679,"href":"https:\/\/www.evang-friedhof.at\/simmering\/wp-json\/wp\/v2\/pages\/23677\/revisions\/23679"}],"wp:attachment":[{"href":"https:\/\/www.evang-friedhof.at\/simmering\/wp-json\/wp\/v2\/media?parent=23677"}],"curies":[{"name":"wp","href":"https:\/\/api.w.org\/{rel}","templated":true}]}}