{"id":23640,"date":"2022-11-02T15:43:54","date_gmt":"2022-11-02T14:43:54","guid":{"rendered":"https:\/\/www.evang-friedhof.at\/simmering\/?page_id=23640"},"modified":"2022-11-02T15:43:54","modified_gmt":"2022-11-02T14:43:54","slug":"franz-farga","status":"publish","type":"page","link":"https:\/\/www.evang-friedhof.at\/simmering\/franz-farga\/","title":{"rendered":"Franz FARGA"},"content":{"rendered":"<figure id=\"attachment_23641\" aria-describedby=\"caption-attachment-23641\" style=\"width: 225px\" class=\"wp-caption alignleft\"><a href=\"http:\/\/www.evang-friedhof.at\/simmering\/wp-content\/uploads\/2022\/11\/2-63-Farga-3.jpg\"><img loading=\"lazy\" decoding=\"async\" class=\"size-medium wp-image-23641\" src=\"http:\/\/www.evang-friedhof.at\/simmering\/wp-content\/uploads\/2022\/11\/2-63-Farga-3-225x300.jpg\" alt=\"\" width=\"225\" height=\"300\" srcset=\"https:\/\/www.evang-friedhof.at\/simmering\/wp-content\/uploads\/2022\/11\/2-63-Farga-3-225x300.jpg 225w, https:\/\/www.evang-friedhof.at\/simmering\/wp-content\/uploads\/2022\/11\/2-63-Farga-3-768x1024.jpg 768w, https:\/\/www.evang-friedhof.at\/simmering\/wp-content\/uploads\/2022\/11\/2-63-Farga-3-350x467.jpg 350w, https:\/\/www.evang-friedhof.at\/simmering\/wp-content\/uploads\/2022\/11\/2-63-Farga-3.jpg 1080w\" sizes=\"auto, (max-width: 225px) 100vw, 225px\" \/><\/a><figcaption id=\"caption-attachment-23641\" class=\"wp-caption-text\">OLYMPUS DIGITAL CAMERA<\/figcaption><\/figure>\n<p>Journalist, Schriftsteller<\/p>\n<p>geb.: 10. 10. 1873, Budweis (Ceske Budejovice) Tschechien<br \/>\ngest.: 11. 08. 1950, Wien<\/p>\n<p>Franz Farga war anf\u00e4nglich Lehrer im Waldviertel, doch ab 1904 arbeitete er als Journalist f\u00fcr \u00f6sterreichische und deutsche Zeitungen. Nach der Gr\u00fcndung des V\u00f6lkerbundes ging er als Berichterstatter nach Genf, von dort kehrte er 1924 nach Wien zur\u00fcck.<\/p>\n<p>Er war ein gesch\u00e4tzter Erz\u00e4hler, Feuilletonist, Journalist und Musikschriftsteller, der sich auch als \u00dcbersetzer englischer und franz\u00f6sischer Texte einen Namen machte. Zu seinen Werken z\u00e4hlen \u201eDie Wiener Oper\u201c und \u201ePaganini. Der Roman seines Lebens\u201c.<\/p>\n<p>Lit.:<br \/>\nCzeike Felix: Historisches Lexikon Wien, Bd. 2, Wien 1993, S. 255<br \/>\nSturm Heribert: Biographisches Lexikon zur Geschichte der b\u00f6hmischen L\u00e4nder, Bd. I, Wien 1979, S. 329<\/p>\n","protected":false},"excerpt":{"rendered":"<p>Journalist, Schriftsteller geb.: 10. 10. 1873, Budweis (Ceske Budejovice) Tschechien gest.: 11. 08. 1950, Wien Franz Farga war anf\u00e4nglich Lehrer im Waldviertel, doch ab 1904 arbeitete er als Journalist f\u00fcr \u00f6sterreichische und deutsche Zeitungen. Nach der Gr\u00fcndung des V\u00f6lkerbundes ging er als Berichterstatter nach Genf, von dort kehrte er 1924 nach Wien zur\u00fcck. Er war &hellip; <\/p>\n<p class=\"link-more\"><a href=\"https:\/\/www.evang-friedhof.at\/simmering\/franz-farga\/\" class=\"more-link\"><span class=\"screen-reader-text\">\u201eFranz FARGA\u201c <\/span>weiterlesen<\/a><\/p>\n","protected":false},"author":1,"featured_media":0,"parent":0,"menu_order":0,"comment_status":"closed","ping_status":"closed","template":"","meta":{"ngg_post_thumbnail":0,"footnotes":""},"class_list":["post-23640","page","type-page","status-publish","hentry"],"_links":{"self":[{"href":"https:\/\/www.evang-friedhof.at\/simmering\/wp-json\/wp\/v2\/pages\/23640","targetHints":{"allow":["GET"]}}],"collection":[{"href":"https:\/\/www.evang-friedhof.at\/simmering\/wp-json\/wp\/v2\/pages"}],"about":[{"href":"https:\/\/www.evang-friedhof.at\/simmering\/wp-json\/wp\/v2\/types\/page"}],"author":[{"embeddable":true,"href":"https:\/\/www.evang-friedhof.at\/simmering\/wp-json\/wp\/v2\/users\/1"}],"replies":[{"embeddable":true,"href":"https:\/\/www.evang-friedhof.at\/simmering\/wp-json\/wp\/v2\/comments?post=23640"}],"version-history":[{"count":1,"href":"https:\/\/www.evang-friedhof.at\/simmering\/wp-json\/wp\/v2\/pages\/23640\/revisions"}],"predecessor-version":[{"id":23642,"href":"https:\/\/www.evang-friedhof.at\/simmering\/wp-json\/wp\/v2\/pages\/23640\/revisions\/23642"}],"wp:attachment":[{"href":"https:\/\/www.evang-friedhof.at\/simmering\/wp-json\/wp\/v2\/media?parent=23640"}],"curies":[{"name":"wp","href":"https:\/\/api.w.org\/{rel}","templated":true}]}}

<figure id="attachment_23641" aria-describedby="caption-attachment-23641" style="width: 225px" class="wp-caption alignleft"><a href="http://www.evang-friedhof.at/simmering/wp-content/uploads/2022/11/2-63-Farga-3.jpg"><img loading="lazy" decoding="async" class="size-medium wp-image-23641" src="http://www.evang-friedhof.at/simmering/wp-content/uploads/2022/11/2-63-Farga-3-225x300.jpg" alt="" width="225" height="300" srcset="https://www.evang-friedhof.at/simmering/wp-content/uploads/2022/11/2-63-Farga-3-225x300.jpg 225w, https://www.evang-friedhof.at/simmering/wp-content/uploads/2022/11/2-63-Farga-3-768x1024.jpg 768w, https://www.evang-friedhof.at/simmering/wp-content/uploads/2022/11/2-63-Farga-3-350x467.jpg 350w, https://www.evang-friedhof.at/simmering/wp-content/uploads/2022/11/2-63-Farga-3.jpg 1080w" sizes="auto, (max-width: 225px) 100vw, 225px" /></a><figcaption id="caption-attachment-23641" class="wp-caption-text">OLYMPUS DIGITAL CAMERA</figcaption></figure>
<p>Journalist, Schriftsteller</p>
<p>geb.: 10. 10. 1873, Budweis (Ceske Budejovice) Tschechien<br />
gest.: 11. 08. 1950, Wien</p>
<p>Franz Farga war anfänglich Lehrer im Waldviertel, doch ab 1904 arbeitete er als Journalist für österreichische und deutsche Zeitungen. Nach der Gründung des Völkerbundes ging er als Berichterstatter nach Genf, von dort kehrte er 1924 nach Wien zurück.</p>
<p>Er war ein geschätzter Erzähler, Feuilletonist, Journalist und Musikschriftsteller, der sich auch als Übersetzer englischer und französischer Texte einen Namen machte. Zu seinen Werken zählen „Die Wiener Oper“ und „Paganini. Der Roman seines Lebens“.</p>
<p>Lit.:<br />
Czeike Felix: Historisches Lexikon Wien, Bd. 2, Wien 1993, S. 255<br />
Sturm Heribert: Biographisches Lexikon zur Geschichte der böhmischen Länder, Bd. I, Wien 1979, S. 329</p>

<p>Journalist, Schriftsteller geb.: 10. 10. 1873, Budweis (Ceske Budejovice) Tschechien gest.: 11. 08. 1950, Wien Franz Farga war anfänglich Lehrer im Waldviertel, doch ab 1904 arbeitete er als Journalist für österreichische und deutsche Zeitungen. Nach der Gründung des Völkerbundes ging er als Berichterstatter nach Genf, von dort kehrte er 1924 nach Wien zurück. Er war &hellip; </p>
<p class="link-more"><a href="https://www.evang-friedhof.at/simmering/franz-farga/" class="more-link"><span class="screen-reader-text">„Franz FARGA“ </span>weiterlesen</a></p>
