{"id":23627,"date":"2022-11-02T15:41:20","date_gmt":"2022-11-02T14:41:20","guid":{"rendered":"https:\/\/www.evang-friedhof.at\/simmering\/?page_id=23627"},"modified":"2022-11-02T15:41:20","modified_gmt":"2022-11-02T14:41:20","slug":"dr-johann-karl-egli","status":"publish","type":"page","link":"https:\/\/www.evang-friedhof.at\/simmering\/dr-johann-karl-egli\/","title":{"rendered":"Dr. Johann Karl EGLI"},"content":{"rendered":"<p><a href=\"http:\/\/www.evang-friedhof.at\/simmering\/wp-content\/uploads\/2022\/11\/P-20-Egli-Zwernemann-Mittel.jpg\"><img loading=\"lazy\" decoding=\"async\" class=\"alignleft size-medium wp-image-23628\" src=\"http:\/\/www.evang-friedhof.at\/simmering\/wp-content\/uploads\/2022\/11\/P-20-Egli-Zwernemann-Mittel-225x300.jpg\" alt=\"\" width=\"225\" height=\"300\" srcset=\"https:\/\/www.evang-friedhof.at\/simmering\/wp-content\/uploads\/2022\/11\/P-20-Egli-Zwernemann-Mittel-225x300.jpg 225w, https:\/\/www.evang-friedhof.at\/simmering\/wp-content\/uploads\/2022\/11\/P-20-Egli-Zwernemann-Mittel-350x467.jpg 350w, https:\/\/www.evang-friedhof.at\/simmering\/wp-content\/uploads\/2022\/11\/P-20-Egli-Zwernemann-Mittel.jpg 768w\" sizes=\"auto, (max-width: 225px) 100vw, 225px\" \/><\/a>Pfarrer, Feldkurat i.R.<\/p>\n<p>geb.: 20. 09. 1891<br \/>\ngest.: 1975, Wien<\/p>\n<p>Der Sohn des aus der Schweiz stammenden Ingenieurs Johann Jakob Egli studierte nach dem Besuch des Gymnasiums an den Universit\u00e4ten Wien, Basel und Leipzig Theologie und Philosophie. Nach seiner Promotion zum Doktor der Theologie wurde er 1915 Vikar und 1924 Pfarrer der reformierten Gemeinde in Wien.<\/p>\n<p>Neben seiner T\u00e4tigkeit als Universit\u00e4tsprofessor an der Universit\u00e4t Wien war Johann Egli auch Obmann des Religionsunterrichtskomitees der evangelischen Gemeinden AB und HB sowie Mitglied des Ausschusses des Hauptvereines der Gustav Adolf Stiftung f\u00fcr \u00d6sterreich und redigierte das reformierte Kirchenblatt f\u00fcr \u00d6sterreich.<\/p>\n<p>Lit.:<br \/>\nPlaner Franz: Jahrbuch der Wiener Gesellschaft 1928, Wien 1928, S. 64<\/p>\n","protected":false},"excerpt":{"rendered":"<p>Pfarrer, Feldkurat i.R. geb.: 20. 09. 1891 gest.: 1975, Wien Der Sohn des aus der Schweiz stammenden Ingenieurs Johann Jakob Egli studierte nach dem Besuch des Gymnasiums an den Universit\u00e4ten Wien, Basel und Leipzig Theologie und Philosophie. Nach seiner Promotion zum Doktor der Theologie wurde er 1915 Vikar und 1924 Pfarrer der reformierten Gemeinde in &hellip; <\/p>\n<p class=\"link-more\"><a href=\"https:\/\/www.evang-friedhof.at\/simmering\/dr-johann-karl-egli\/\" class=\"more-link\"><span class=\"screen-reader-text\">\u201eDr. Johann Karl EGLI\u201c <\/span>weiterlesen<\/a><\/p>\n","protected":false},"author":1,"featured_media":0,"parent":0,"menu_order":0,"comment_status":"closed","ping_status":"closed","template":"","meta":{"ngg_post_thumbnail":0,"footnotes":""},"class_list":["post-23627","page","type-page","status-publish","hentry"],"_links":{"self":[{"href":"https:\/\/www.evang-friedhof.at\/simmering\/wp-json\/wp\/v2\/pages\/23627","targetHints":{"allow":["GET"]}}],"collection":[{"href":"https:\/\/www.evang-friedhof.at\/simmering\/wp-json\/wp\/v2\/pages"}],"about":[{"href":"https:\/\/www.evang-friedhof.at\/simmering\/wp-json\/wp\/v2\/types\/page"}],"author":[{"embeddable":true,"href":"https:\/\/www.evang-friedhof.at\/simmering\/wp-json\/wp\/v2\/users\/1"}],"replies":[{"embeddable":true,"href":"https:\/\/www.evang-friedhof.at\/simmering\/wp-json\/wp\/v2\/comments?post=23627"}],"version-history":[{"count":1,"href":"https:\/\/www.evang-friedhof.at\/simmering\/wp-json\/wp\/v2\/pages\/23627\/revisions"}],"predecessor-version":[{"id":23629,"href":"https:\/\/www.evang-friedhof.at\/simmering\/wp-json\/wp\/v2\/pages\/23627\/revisions\/23629"}],"wp:attachment":[{"href":"https:\/\/www.evang-friedhof.at\/simmering\/wp-json\/wp\/v2\/media?parent=23627"}],"curies":[{"name":"wp","href":"https:\/\/api.w.org\/{rel}","templated":true}]}}