{"id":23604,"date":"2022-11-02T15:36:29","date_gmt":"2022-11-02T14:36:29","guid":{"rendered":"https:\/\/www.evang-friedhof.at\/simmering\/?page_id=23604"},"modified":"2022-11-02T15:36:29","modified_gmt":"2022-11-02T14:36:29","slug":"tina-blau-verh-lang","status":"publish","type":"page","link":"https:\/\/www.evang-friedhof.at\/simmering\/tina-blau-verh-lang\/","title":{"rendered":"Tina BLAU (verh. Lang)"},"content":{"rendered":"<p><a href=\"http:\/\/www.evang-friedhof.at\/simmering\/wp-content\/uploads\/2022\/11\/3-12-Blau.jpg\"><img loading=\"lazy\" decoding=\"async\" class=\"alignleft size-medium wp-image-23605\" src=\"http:\/\/www.evang-friedhof.at\/simmering\/wp-content\/uploads\/2022\/11\/3-12-Blau-225x300.jpg\" alt=\"\" width=\"225\" height=\"300\" srcset=\"https:\/\/www.evang-friedhof.at\/simmering\/wp-content\/uploads\/2022\/11\/3-12-Blau-225x300.jpg 225w, https:\/\/www.evang-friedhof.at\/simmering\/wp-content\/uploads\/2022\/11\/3-12-Blau-768x1024.jpg 768w, https:\/\/www.evang-friedhof.at\/simmering\/wp-content\/uploads\/2022\/11\/3-12-Blau-350x467.jpg 350w, https:\/\/www.evang-friedhof.at\/simmering\/wp-content\/uploads\/2022\/11\/3-12-Blau.jpg 1080w\" sizes=\"auto, (max-width: 225px) 100vw, 225px\" \/><\/a>Malerin<\/p>\n<p>geb.: 15. 11. 1845, Wien<br \/>\ngest.: 31.10. 1916, Wien<\/p>\n<p>Tina (eigentlich Regine Leopoldine) Blau war die Tochter des Milit\u00e4rarztes Simon Blau, der ihre Neigung zur Malerei f\u00f6rderte. Ihre Ausbildung erhielt sie in Wien bei Anton Hanley sowie August von Schaffer und von 1869 &#8211; 1877 in M\u00fcnchen bei Wilhelm Lindenschmit. 1872 lernte sie Emil Jakob Schindel und Emil Jettel kennen und beteiligte sich 1873 mit dem Gem\u00e4lde \u201eAn der Donauregulierung\u201c an der Wiener Weltausstellung. Die Ateliergemeinschaft mit Emil Jakob Schindler w\u00e4hrte nur kurz (1875- 1876). Als Folge ihrer Heirat mit dem Tier &#8211; und Schlachtenmaler Heinrich Lang \u00fcbersiedelte die K\u00fcnstlerin 1883 nach M\u00fcnchen. Nach dem Tod ihres Mannes 1891 unternahm Tina Blau ausgedehnte Reisen nach Holland, Frankreich und Italien und lie\u00df sich 1894 wieder in Wien nieder. 1897 wurde sie Mitbegr\u00fcnderin der \u201eKunstschule f\u00fcr Frauen und M\u00e4dchen\u201c, an der sie Landschaft und Stilleben unterrichtete. In dieser Zeit lernte die K\u00fcnstlerin auch Rosa Mayreder kennen.<\/p>\n<p>An Ehrungen erhielt sie 1883 in Paris den \u201eMention honorable\u201c f\u00fcr das Bild \u201eFr\u00fchling im Prater\u201c, 1897 die Kleine Goldene Staatsmedaille sowie eine silberne Medaille in Salzburg. ebenso wurde sie in M\u00fcnchen mit der Goldenen K\u00f6nig Ludwig &#8211; Medaille ausgezeichnet und in Chicago mit einer Medaille geehrt.<\/p>\n<p>Ihre Bedeutung lag vor allem in der Landschaftsmalerei, der Prater und andere Wiener Bauwerke und Pl\u00e4tze dienten ihr als Motiv. In der Argentinierstra\u00dfe schuf sie im ehemaligen Palais Zierer ein Deckengem\u00e4lde. Mit Maria Egger und Olga Wisinger &#8211; Florian geh\u00f6rte sie zu den bedeutendsten \u00f6sterreichischen K\u00fcnstlerinnen der Jahrhundertwende.<\/p>\n<p>Lit.:<br \/>\nCzeike Felix: Historisches Lexikon Wien 1992, S. 398<br \/>\nFuchs Heinrich: Die \u00d6sterreichischen Maler des 19. Jahrunderts, Erg\u00e4nzungsband 1, Wien 1978, S. K 61<br \/>\nHavelka Hans: Der Wiener Zentralfriedhof, Wien 1989, S. 130<br \/>\nKleindel Walter: Das gro\u00dfe Buch der \u00d6sterreicher, Wien 1987, S. 41<\/p>\n","protected":false},"excerpt":{"rendered":"<p>Malerin geb.: 15. 11. 1845, Wien gest.: 31.10. 1916, Wien Tina (eigentlich Regine Leopoldine) Blau war die Tochter des Milit\u00e4rarztes Simon Blau, der ihre Neigung zur Malerei f\u00f6rderte. Ihre Ausbildung erhielt sie in Wien bei Anton Hanley sowie August von Schaffer und von 1869 &#8211; 1877 in M\u00fcnchen bei Wilhelm Lindenschmit. 1872 lernte sie Emil &hellip; <\/p>\n<p class=\"link-more\"><a href=\"https:\/\/www.evang-friedhof.at\/simmering\/tina-blau-verh-lang\/\" class=\"more-link\"><span class=\"screen-reader-text\">\u201eTina BLAU (verh. Lang)\u201c <\/span>weiterlesen<\/a><\/p>\n","protected":false},"author":1,"featured_media":0,"parent":0,"menu_order":0,"comment_status":"closed","ping_status":"closed","template":"","meta":{"ngg_post_thumbnail":0,"footnotes":""},"class_list":["post-23604","page","type-page","status-publish","hentry"],"_links":{"self":[{"href":"https:\/\/www.evang-friedhof.at\/simmering\/wp-json\/wp\/v2\/pages\/23604","targetHints":{"allow":["GET"]}}],"collection":[{"href":"https:\/\/www.evang-friedhof.at\/simmering\/wp-json\/wp\/v2\/pages"}],"about":[{"href":"https:\/\/www.evang-friedhof.at\/simmering\/wp-json\/wp\/v2\/types\/page"}],"author":[{"embeddable":true,"href":"https:\/\/www.evang-friedhof.at\/simmering\/wp-json\/wp\/v2\/users\/1"}],"replies":[{"embeddable":true,"href":"https:\/\/www.evang-friedhof.at\/simmering\/wp-json\/wp\/v2\/comments?post=23604"}],"version-history":[{"count":1,"href":"https:\/\/www.evang-friedhof.at\/simmering\/wp-json\/wp\/v2\/pages\/23604\/revisions"}],"predecessor-version":[{"id":23606,"href":"https:\/\/www.evang-friedhof.at\/simmering\/wp-json\/wp\/v2\/pages\/23604\/revisions\/23606"}],"wp:attachment":[{"href":"https:\/\/www.evang-friedhof.at\/simmering\/wp-json\/wp\/v2\/media?parent=23604"}],"curies":[{"name":"wp","href":"https:\/\/api.w.org\/{rel}","templated":true}]}}