{"id":23579,"date":"2022-11-02T15:27:08","date_gmt":"2022-11-02T14:27:08","guid":{"rendered":"https:\/\/www.evang-friedhof.at\/simmering\/?page_id=23579"},"modified":"2022-11-02T15:27:08","modified_gmt":"2022-11-02T14:27:08","slug":"wanda-achsel","status":"publish","type":"page","link":"https:\/\/www.evang-friedhof.at\/simmering\/wanda-achsel\/","title":{"rendered":"Wanda ACHSEL"},"content":{"rendered":"<div class=\"description\"><a href=\"http:\/\/www.evang-friedhof.at\/simmering\/wp-content\/uploads\/2022\/11\/N-72-Achsel-3-scaled.jpg\"><img loading=\"lazy\" decoding=\"async\" class=\"wp-image-23580 size-medium alignleft\" src=\"http:\/\/www.evang-friedhof.at\/simmering\/wp-content\/uploads\/2022\/11\/N-72-Achsel-3-225x300.jpg\" alt=\"\" width=\"225\" height=\"300\" srcset=\"https:\/\/www.evang-friedhof.at\/simmering\/wp-content\/uploads\/2022\/11\/N-72-Achsel-3-225x300.jpg 225w, https:\/\/www.evang-friedhof.at\/simmering\/wp-content\/uploads\/2022\/11\/N-72-Achsel-3-768x1024.jpg 768w, https:\/\/www.evang-friedhof.at\/simmering\/wp-content\/uploads\/2022\/11\/N-72-Achsel-3-1152x1536.jpg 1152w, https:\/\/www.evang-friedhof.at\/simmering\/wp-content\/uploads\/2022\/11\/N-72-Achsel-3-1536x2048.jpg 1536w, https:\/\/www.evang-friedhof.at\/simmering\/wp-content\/uploads\/2022\/11\/N-72-Achsel-3-350x467.jpg 350w, https:\/\/www.evang-friedhof.at\/simmering\/wp-content\/uploads\/2022\/11\/N-72-Achsel-3-scaled.jpg 1920w\" sizes=\"auto, (max-width: 225px) 100vw, 225px\" \/><\/a>S\u00e4ngerin<\/p>\n<p>geb.: 12. 10. 1886, Berlin<br \/>\ngest.: 3. 08. 1977, Wien<\/p>\n<p>Wanda Achsel erhielt nach der Absolvierung der Ullrich\u00b4schen Schule f\u00fcr H\u00f6here T\u00f6chter ihre Ausbildung bei Laura D\u00e9tschy in Berlin und deb\u00fctierte 1910 in der Berliner Sommeroper als Elsa in Lohengrin von Richard Wagner. Nach Engagements am Stadttheater W\u00fcrzburg bzw. dem Opernhaus in K\u00f6ln, war die S\u00e4ngerin von 1923 bis 1939 an der Wiener Staatsoper besch\u00e4ftigt. 1923 sang sie in der Premiere von Fredegundis von Franz Schmidt die Titelpartie. Die gesch\u00e4tzte lyrisch &#8211; dramatische Sopranistin hatte ein breit gef\u00e4chertes Repertoire das so unterschiedliche Rollen wie die Butterfly oder Mimi mit Elisabeth (Tannh\u00e4user) und Sieglinde vereinte. Sie engagierte sich f\u00fcr die zeitgen\u00f6ssische Oper und sang die Marie (Wozzek), Komponist (Ariadne) und Octavian (Rosenkavalier) oder an der Seite von Richard Tauber 1937 bei der Erstauff\u00fchrung von Bernhard Paumgartners \u201eRossini in Neapel\u201c.<\/p>\n<p>Gastspiele f\u00fchrten die K\u00fcnstlerin nach den Niederlanden, Polen, der Tschechoslowakei und Jugoslawien. Bei den Salzburger Festspielen sang sie 1926 die Rosalinde in der \u201eFledermaus\u201c.<\/p>\n<p>Nach dem Ende ihrer Karriere bet\u00e4tigte sie sich als Gesangsp\u00e4dagogin.<\/p>\n<p>Bamberger Richard, Maier-Bruck Franz: \u00d6sterreich Lexikon, Bd. 1, Wien 1966, S. 13<br \/>\nKutsch Karl J., Riemens Leo: Gro\u00dfes S\u00e4ngerlexikon, Bd. 1, Bern 1987, S. 6<\/p><\/div>\n","protected":false},"excerpt":{"rendered":"<p>S\u00e4ngerin geb.: 12. 10. 1886, Berlin gest.: 3. 08. 1977, Wien Wanda Achsel erhielt nach der Absolvierung der Ullrich\u00b4schen Schule f\u00fcr H\u00f6here T\u00f6chter ihre Ausbildung bei Laura D\u00e9tschy in Berlin und deb\u00fctierte 1910 in der Berliner Sommeroper als Elsa in Lohengrin von Richard Wagner. Nach Engagements am Stadttheater W\u00fcrzburg bzw. dem Opernhaus in K\u00f6ln, war &hellip; <\/p>\n<p class=\"link-more\"><a href=\"https:\/\/www.evang-friedhof.at\/simmering\/wanda-achsel\/\" class=\"more-link\"><span class=\"screen-reader-text\">\u201eWanda ACHSEL\u201c <\/span>weiterlesen<\/a><\/p>\n","protected":false},"author":1,"featured_media":0,"parent":0,"menu_order":0,"comment_status":"closed","ping_status":"closed","template":"","meta":{"ngg_post_thumbnail":0,"footnotes":""},"class_list":["post-23579","page","type-page","status-publish","hentry"],"_links":{"self":[{"href":"https:\/\/www.evang-friedhof.at\/simmering\/wp-json\/wp\/v2\/pages\/23579","targetHints":{"allow":["GET"]}}],"collection":[{"href":"https:\/\/www.evang-friedhof.at\/simmering\/wp-json\/wp\/v2\/pages"}],"about":[{"href":"https:\/\/www.evang-friedhof.at\/simmering\/wp-json\/wp\/v2\/types\/page"}],"author":[{"embeddable":true,"href":"https:\/\/www.evang-friedhof.at\/simmering\/wp-json\/wp\/v2\/users\/1"}],"replies":[{"embeddable":true,"href":"https:\/\/www.evang-friedhof.at\/simmering\/wp-json\/wp\/v2\/comments?post=23579"}],"version-history":[{"count":1,"href":"https:\/\/www.evang-friedhof.at\/simmering\/wp-json\/wp\/v2\/pages\/23579\/revisions"}],"predecessor-version":[{"id":23581,"href":"https:\/\/www.evang-friedhof.at\/simmering\/wp-json\/wp\/v2\/pages\/23579\/revisions\/23581"}],"wp:attachment":[{"href":"https:\/\/www.evang-friedhof.at\/simmering\/wp-json\/wp\/v2\/media?parent=23579"}],"curies":[{"name":"wp","href":"https:\/\/api.w.org\/{rel}","templated":true}]}}