{"id":46335,"date":"2022-10-30T17:11:49","date_gmt":"2022-10-30T16:11:49","guid":{"rendered":"https:\/\/www.evang-friedhof.at\/matzleinsdorf\/?page_id=46335"},"modified":"2022-10-30T17:12:38","modified_gmt":"2022-10-30T16:12:38","slug":"konrad-wilhelm-hellwag","status":"publish","type":"page","link":"https:\/\/www.evang-friedhof.at\/matzleinsdorf\/konrad-wilhelm-hellwag\/","title":{"rendered":"Konrad Wilhelm HELLWAG"},"content":{"rendered":"<p><a href=\"https:\/\/www.evang-friedhof.at\/matzleinsdorf\/wp-content\/uploads\/2022\/10\/4-425-Vorderseite-Hellwag-Konrad-Wilhelm.jpg\"><img loading=\"lazy\" decoding=\"async\" class=\"size-medium wp-image-46336 alignleft\" src=\"https:\/\/www.evang-friedhof.at\/matzleinsdorf\/wp-content\/uploads\/2022\/10\/4-425-Vorderseite-Hellwag-Konrad-Wilhelm-200x300.jpg\" alt=\"\" width=\"200\" height=\"300\" srcset=\"https:\/\/www.evang-friedhof.at\/matzleinsdorf\/wp-content\/uploads\/2022\/10\/4-425-Vorderseite-Hellwag-Konrad-Wilhelm-200x300.jpg 200w, https:\/\/www.evang-friedhof.at\/matzleinsdorf\/wp-content\/uploads\/2022\/10\/4-425-Vorderseite-Hellwag-Konrad-Wilhelm-683x1024.jpg 683w, https:\/\/www.evang-friedhof.at\/matzleinsdorf\/wp-content\/uploads\/2022\/10\/4-425-Vorderseite-Hellwag-Konrad-Wilhelm-768x1152.jpg 768w, https:\/\/www.evang-friedhof.at\/matzleinsdorf\/wp-content\/uploads\/2022\/10\/4-425-Vorderseite-Hellwag-Konrad-Wilhelm-1024x1536.jpg 1024w, https:\/\/www.evang-friedhof.at\/matzleinsdorf\/wp-content\/uploads\/2022\/10\/4-425-Vorderseite-Hellwag-Konrad-Wilhelm-350x525.jpg 350w, https:\/\/www.evang-friedhof.at\/matzleinsdorf\/wp-content\/uploads\/2022\/10\/4-425-Vorderseite-Hellwag-Konrad-Wilhelm.jpg 1080w\" sizes=\"auto, (max-width: 200px) 100vw, 200px\" \/><\/a><a href=\"https:\/\/www.evang-friedhof.at\/matzleinsdorf\/wp-content\/uploads\/2022\/10\/4-425-Rueckseite-Hellwag-Konrad-Wilhelm.jpg\"><img loading=\"lazy\" decoding=\"async\" class=\"size-medium wp-image-46338 alignleft\" src=\"https:\/\/www.evang-friedhof.at\/matzleinsdorf\/wp-content\/uploads\/2022\/10\/4-425-Rueckseite-Hellwag-Konrad-Wilhelm-200x300.jpg\" alt=\"\" width=\"200\" height=\"300\" srcset=\"https:\/\/www.evang-friedhof.at\/matzleinsdorf\/wp-content\/uploads\/2022\/10\/4-425-Rueckseite-Hellwag-Konrad-Wilhelm-200x300.jpg 200w, https:\/\/www.evang-friedhof.at\/matzleinsdorf\/wp-content\/uploads\/2022\/10\/4-425-Rueckseite-Hellwag-Konrad-Wilhelm-683x1024.jpg 683w, https:\/\/www.evang-friedhof.at\/matzleinsdorf\/wp-content\/uploads\/2022\/10\/4-425-Rueckseite-Hellwag-Konrad-Wilhelm-768x1152.jpg 768w, https:\/\/www.evang-friedhof.at\/matzleinsdorf\/wp-content\/uploads\/2022\/10\/4-425-Rueckseite-Hellwag-Konrad-Wilhelm-1024x1536.jpg 1024w, https:\/\/www.evang-friedhof.at\/matzleinsdorf\/wp-content\/uploads\/2022\/10\/4-425-Rueckseite-Hellwag-Konrad-Wilhelm-350x525.jpg 350w, https:\/\/www.evang-friedhof.at\/matzleinsdorf\/wp-content\/uploads\/2022\/10\/4-425-Rueckseite-Hellwag-Konrad-Wilhelm.jpg 1080w\" sizes=\"auto, (max-width: 200px) 100vw, 200px\" \/><\/a>Bauingenieur<\/p>\n<p>geb.: 18.09.1827 Eutin<br \/>\ngest.: 5.01.1882 Wien<\/p>\n<p>Konrad Wilhelm Hellwag besuchte das Gymnasium in Eutin und schloss sich 1848 den Kieler Studenten an, um am Schleswig-holsteinischen Feldzug gegen D\u00e4nemark teil zu nehmen. Den Waffenstillstand im Sommer 1848 n\u00fctzte er f\u00fcr sein mathematisch naturwissenschaftliches Studium an der Universit\u00e4t Kiel, doch r\u00fcckte er Mitte 1849 wieder ein und erhielt den Bau von Befestigungen \u00fcbertragen. Nach dem Ende des Krieges ging er nach M\u00fcnchen und studierte von 1851 bis 1853 Bauwesen. 1853 trat der Absolvent der k\u00f6niglich bayerischen polytechnischen Schule in den Dienst der Schweizer Zentralbahn. Als sein Chef Karl v. Etzel als Baudirektor der Franz Joseph Orientbahn nach Wien \u00fcbersiedelte, nahm er den jungen Techniker mit und setzte ihn beim Bau des ungarischen Teils der Franz Joseph Orientbahn ein. Nach dem 1859 die Gesellschaft von der S\u00fcdbahngesellschaft \u00fcbernommen wurde, verlagerte sich Hellwags Arbeitsgebiet an die Linie Wien \u2013 Triest bzw. die Brennerbahn. Nach der Fertigstellung der Brennerbahn erhielt er ein Angebot, die Arbeiten f\u00fcr die Trassierung der NW \u2013 Bahn zu \u00fcbernehmen und wurde 1868 Baudirektor. In sechs Jahren vollendete er das gesamte Streckennetz. Trotz seines Erfolges wechselte Hellwag 1875 als bauleitender Oberingenieur zur Gotthardbahn. Doch l\u00f6ste er 1878 den Vertrag, nachdem sein Trassenentwurf wegen h\u00f6herer Kosten abgel\u00f6st worden war. Die Richtigkeit seines Planes stellte sich im Nachhinein heraus, denn die umstrittene Trasse wurde sp\u00e4ter im Wesentlichen realisiert. Nach seiner R\u00fcckkehr in Wien bet\u00e4tigte er sich als Bauunternehmer. Infolge seiner bedeutenden technischen Leistungen wurde Hellwag zum Mitglied des \u00f6sterreichischen Ingenieur- und Architektenvereins gew\u00e4hlt und zum Regierungskommiss\u00e4r f\u00fcr Diplompr\u00fcfungen des polytechnischen Instituts ernannt. Lit.: Personalakt WSTLA, Meyers Konversationslexikon, Leipzig 18763 Bd. 8 S. 766<\/p>\n<p>Grablage<br \/>\nGruppe: 4<br \/>\nReihe<br \/>\nGrabnummer: 245<\/p>\n<p><a href=\"https:\/\/de.wikipedia.org\/wiki\/Wilhelm_Hellwag\">https:\/\/de.wikipedia.org\/wiki\/Wilhelm_Hellwag<\/a><\/p>\n","protected":false},"excerpt":{"rendered":"<p>Bauingenieur geb.: 18.09.1827 Eutin gest.: 5.01.1882 Wien Konrad Wilhelm Hellwag besuchte das Gymnasium in Eutin und schloss sich 1848 den Kieler Studenten an, um am Schleswig-holsteinischen Feldzug gegen D\u00e4nemark teil zu nehmen. Den Waffenstillstand im Sommer 1848 n\u00fctzte er f\u00fcr sein mathematisch naturwissenschaftliches Studium an der Universit\u00e4t Kiel, doch r\u00fcckte er Mitte 1849 wieder ein &hellip; <\/p>\n<p class=\"link-more\"><a href=\"https:\/\/www.evang-friedhof.at\/matzleinsdorf\/konrad-wilhelm-hellwag\/\" class=\"more-link\"><span class=\"screen-reader-text\">\u201eKonrad Wilhelm HELLWAG\u201c<\/span> weiterlesen<\/a><\/p>\n","protected":false},"author":1,"featured_media":0,"parent":0,"menu_order":0,"comment_status":"closed","ping_status":"closed","template":"","meta":{"ngg_post_thumbnail":0,"footnotes":""},"class_list":["post-46335","page","type-page","status-publish","hentry"],"_links":{"self":[{"href":"https:\/\/www.evang-friedhof.at\/matzleinsdorf\/wp-json\/wp\/v2\/pages\/46335","targetHints":{"allow":["GET"]}}],"collection":[{"href":"https:\/\/www.evang-friedhof.at\/matzleinsdorf\/wp-json\/wp\/v2\/pages"}],"about":[{"href":"https:\/\/www.evang-friedhof.at\/matzleinsdorf\/wp-json\/wp\/v2\/types\/page"}],"author":[{"embeddable":true,"href":"https:\/\/www.evang-friedhof.at\/matzleinsdorf\/wp-json\/wp\/v2\/users\/1"}],"replies":[{"embeddable":true,"href":"https:\/\/www.evang-friedhof.at\/matzleinsdorf\/wp-json\/wp\/v2\/comments?post=46335"}],"version-history":[{"count":2,"href":"https:\/\/www.evang-friedhof.at\/matzleinsdorf\/wp-json\/wp\/v2\/pages\/46335\/revisions"}],"predecessor-version":[{"id":46339,"href":"https:\/\/www.evang-friedhof.at\/matzleinsdorf\/wp-json\/wp\/v2\/pages\/46335\/revisions\/46339"}],"wp:attachment":[{"href":"https:\/\/www.evang-friedhof.at\/matzleinsdorf\/wp-json\/wp\/v2\/media?parent=46335"}],"curies":[{"name":"wp","href":"https:\/\/api.w.org\/{rel}","templated":true}]}}