{"id":46297,"date":"2022-10-30T16:48:56","date_gmt":"2022-10-30T15:48:56","guid":{"rendered":"https:\/\/www.evang-friedhof.at\/matzleinsdorf\/?page_id=46297"},"modified":"2022-10-30T16:48:56","modified_gmt":"2022-10-30T15:48:56","slug":"josefine-gallmeyer","status":"publish","type":"page","link":"https:\/\/www.evang-friedhof.at\/matzleinsdorf\/josefine-gallmeyer\/","title":{"rendered":"Josefine GALLMEYER"},"content":{"rendered":"<p><a href=\"https:\/\/www.evang-friedhof.at\/matzleinsdorf\/wp-content\/uploads\/2022\/10\/DSC01737.jpg\"><img loading=\"lazy\" decoding=\"async\" class=\"size-medium wp-image-46298 alignleft\" src=\"https:\/\/www.evang-friedhof.at\/matzleinsdorf\/wp-content\/uploads\/2022\/10\/DSC01737-200x300.jpg\" alt=\"\" width=\"200\" height=\"300\" srcset=\"https:\/\/www.evang-friedhof.at\/matzleinsdorf\/wp-content\/uploads\/2022\/10\/DSC01737-200x300.jpg 200w, https:\/\/www.evang-friedhof.at\/matzleinsdorf\/wp-content\/uploads\/2022\/10\/DSC01737-683x1024.jpg 683w, https:\/\/www.evang-friedhof.at\/matzleinsdorf\/wp-content\/uploads\/2022\/10\/DSC01737-768x1152.jpg 768w, https:\/\/www.evang-friedhof.at\/matzleinsdorf\/wp-content\/uploads\/2022\/10\/DSC01737-1024x1536.jpg 1024w, https:\/\/www.evang-friedhof.at\/matzleinsdorf\/wp-content\/uploads\/2022\/10\/DSC01737-1366x2048.jpg 1366w, https:\/\/www.evang-friedhof.at\/matzleinsdorf\/wp-content\/uploads\/2022\/10\/DSC01737-350x525.jpg 350w, https:\/\/www.evang-friedhof.at\/matzleinsdorf\/wp-content\/uploads\/2022\/10\/DSC01737.jpg 1667w\" sizes=\"auto, (max-width: 200px) 100vw, 200px\" \/><\/a>Schauspielerin<\/p>\n<p>geb.: 27.02.1838 Leipzig<br \/>\ngest.: 03.02.1884<\/p>\n<p>Josefine Gallmeyer deb\u00fctierte 1853 in Br\u00fcnn und wirkte seit 1862 an verschiedenen Wiener B\u00fchnen, wie zum Beispiel dem Carl Theater, als Soubrette. Josefine Gallmeyer war gleich bedeutend als Volksschauspielerin wie als Operettendarstellerin. Die Schauspielerin fiel durch ihren Witz und Improvisationskunst auf, allerdings auch durch anst\u00f6\u00dfige Improvisationen und pers\u00f6nliche Extravaganzen. Daher besa\u00df sie trotz hoher Gagen kein Verm\u00f6gen. Im Jahr 1874 pachtete Josefine Gallmeyer das Stampfertheater in den Tuchlauben 19 f\u00fcr sechs Jahre zusammen mit Nikolaus Duffek (Pseudonym Julius Rosen). Trotz teilweise sehr erfolgreicher Produktionen endete die Direktion nach f\u00fcnf Monaten im Februar 1875. 1884 starb sie im Haus Praterstra\u00dfe 54.<br \/>\nLit.: Bergauer J.: Auf den Spuren ber\u00fchmter Menschen in Wien, Wien 1949, S. 62, 158, 160, Gro\u00dfer Brockhaus, Band 6, Leipzig 193015, S. 741 Hadamowsky F.: Wien, Theatergeschichte Sonderausgabe, Wien 1994, S. 678f Abb. Hadamowsky XXXVII<\/p>\n<p>Grablage:<br \/>\nWiener Zentralfriedhof, Gruppe 32A\/1F<\/p>\n<p><a href=\"https:\/\/de.wikipedia.org\/wiki\/Josefine_Gallmeyer\">https:\/\/de.wikipedia.org\/wiki\/Josefine_Gallmeyer<\/a><\/p>\n","protected":false},"excerpt":{"rendered":"<p>Schauspielerin geb.: 27.02.1838 Leipzig gest.: 03.02.1884 Josefine Gallmeyer deb\u00fctierte 1853 in Br\u00fcnn und wirkte seit 1862 an verschiedenen Wiener B\u00fchnen, wie zum Beispiel dem Carl Theater, als Soubrette. Josefine Gallmeyer war gleich bedeutend als Volksschauspielerin wie als Operettendarstellerin. Die Schauspielerin fiel durch ihren Witz und Improvisationskunst auf, allerdings auch durch anst\u00f6\u00dfige Improvisationen und pers\u00f6nliche Extravaganzen. &hellip; <\/p>\n<p class=\"link-more\"><a href=\"https:\/\/www.evang-friedhof.at\/matzleinsdorf\/josefine-gallmeyer\/\" class=\"more-link\"><span class=\"screen-reader-text\">\u201eJosefine GALLMEYER\u201c<\/span> weiterlesen<\/a><\/p>\n","protected":false},"author":1,"featured_media":0,"parent":0,"menu_order":0,"comment_status":"closed","ping_status":"closed","template":"","meta":{"ngg_post_thumbnail":0,"footnotes":""},"class_list":["post-46297","page","type-page","status-publish","hentry"],"_links":{"self":[{"href":"https:\/\/www.evang-friedhof.at\/matzleinsdorf\/wp-json\/wp\/v2\/pages\/46297","targetHints":{"allow":["GET"]}}],"collection":[{"href":"https:\/\/www.evang-friedhof.at\/matzleinsdorf\/wp-json\/wp\/v2\/pages"}],"about":[{"href":"https:\/\/www.evang-friedhof.at\/matzleinsdorf\/wp-json\/wp\/v2\/types\/page"}],"author":[{"embeddable":true,"href":"https:\/\/www.evang-friedhof.at\/matzleinsdorf\/wp-json\/wp\/v2\/users\/1"}],"replies":[{"embeddable":true,"href":"https:\/\/www.evang-friedhof.at\/matzleinsdorf\/wp-json\/wp\/v2\/comments?post=46297"}],"version-history":[{"count":1,"href":"https:\/\/www.evang-friedhof.at\/matzleinsdorf\/wp-json\/wp\/v2\/pages\/46297\/revisions"}],"predecessor-version":[{"id":46299,"href":"https:\/\/www.evang-friedhof.at\/matzleinsdorf\/wp-json\/wp\/v2\/pages\/46297\/revisions\/46299"}],"wp:attachment":[{"href":"https:\/\/www.evang-friedhof.at\/matzleinsdorf\/wp-json\/wp\/v2\/media?parent=46297"}],"curies":[{"name":"wp","href":"https:\/\/api.w.org\/{rel}","templated":true}]}}