{"id":46250,"date":"2022-10-30T16:28:35","date_gmt":"2022-10-30T15:28:35","guid":{"rendered":"https:\/\/www.evang-friedhof.at\/matzleinsdorf\/?page_id=46250"},"modified":"2022-10-30T16:28:35","modified_gmt":"2022-10-30T15:28:35","slug":"hans-canon","status":"publish","type":"page","link":"https:\/\/www.evang-friedhof.at\/matzleinsdorf\/hans-canon\/","title":{"rendered":"Hans CANON"},"content":{"rendered":"<p><a href=\"https:\/\/www.evang-friedhof.at\/matzleinsdorf\/wp-content\/uploads\/2022\/10\/19-159-Canon-v.-Hans.jpg\"><img loading=\"lazy\" decoding=\"async\" class=\"size-medium wp-image-46251 alignleft\" src=\"https:\/\/www.evang-friedhof.at\/matzleinsdorf\/wp-content\/uploads\/2022\/10\/19-159-Canon-v.-Hans-200x300.jpg\" alt=\"\" width=\"200\" height=\"300\" srcset=\"https:\/\/www.evang-friedhof.at\/matzleinsdorf\/wp-content\/uploads\/2022\/10\/19-159-Canon-v.-Hans-200x300.jpg 200w, https:\/\/www.evang-friedhof.at\/matzleinsdorf\/wp-content\/uploads\/2022\/10\/19-159-Canon-v.-Hans-683x1024.jpg 683w, https:\/\/www.evang-friedhof.at\/matzleinsdorf\/wp-content\/uploads\/2022\/10\/19-159-Canon-v.-Hans-768x1152.jpg 768w, https:\/\/www.evang-friedhof.at\/matzleinsdorf\/wp-content\/uploads\/2022\/10\/19-159-Canon-v.-Hans-1024x1536.jpg 1024w, https:\/\/www.evang-friedhof.at\/matzleinsdorf\/wp-content\/uploads\/2022\/10\/19-159-Canon-v.-Hans-350x525.jpg 350w, https:\/\/www.evang-friedhof.at\/matzleinsdorf\/wp-content\/uploads\/2022\/10\/19-159-Canon-v.-Hans.jpg 1080w\" sizes=\"auto, (max-width: 200px) 100vw, 200px\" \/><\/a>(Johann von STRASIRIPKA)<\/p>\n<p>Maler<\/p>\n<p>geb.: 13.03.1829 in Wien<br \/>\ngest.: 12.09.1885 in Wien<\/p>\n<p>Er begann seine Ausbildung im Jahre 1845 an der Akademie, wo er zum Beispiel im Jahre 1847\/48 Sch\u00fcler Georg Waldm\u00fcllers war. Von 1848-55 diente er als Offizier in der \u00f6sterreichischen Armee. Er unternahm viele Reisen, die ihn u. a. nach Westeuropa, Italien und in den Orient f\u00fchrten. Im Jahre 1860 und von 1863-1869 weilte Canon in Karlsruhe, wo er der Lehrer Wilhelm Tr\u00fcbners wurde. Von 1869-1874 hielt er sich in Stuttgart auf, danach arbeitete er dauernd in Wien. Seine ersten Erfolge feierte er mit dem \u201eFischerm\u00e4dchen\u201c. Sp\u00e4ter folgte eine Phase, in der er haupts\u00e4chlich Rubens imitierte. In seinen Werken verwendete Hans Canon eine \u00e4hnliche Farbgebung wie Tizian. Sein wichtigsten Werke sind: \u201eLoge Johannes\u201c (1873), \u201eKreislauf des Lebens\u201c und das Deckengem\u00e4lde des Naturhistorischen Museums in Wien. Da er ein Freund des Kronprinzen Rudolf war, malte er auch Portraits Rudolfs, sowie von dessen Frau Stephanie. Literatur: Lhotsky Kunsthist. Mus.: Bergauer \u201eBer\u00fchmte Menschen\u201c 1\/91, 98 Denkmal: Wien 1: Stadtpark, Ecke Johannesgasse von Rudolf Heyr am 27. Oktober 1905 Gedenktafel: Wien 18; W\u00e4hringer Str. 81-83 (mit B\u00fcste) im Warteraum des R\u00f6mischen Bades, Kleine Landgutgasse 9; Stra\u00dfenbenennung: Wien 18; Canongasse<\/p>\n<p>Grablage<br \/>\nGruppe: 19<br \/>\nReihe:<br \/>\nGrabnummer: 159<\/p>\n<p><a href=\"https:\/\/de.wikipedia.org\/wiki\/Hans_Canon\">https:\/\/de.wikipedia.org\/wiki\/Hans_Canon<\/a><\/p>\n","protected":false},"excerpt":{"rendered":"<p>(Johann von STRASIRIPKA) Maler geb.: 13.03.1829 in Wien gest.: 12.09.1885 in Wien Er begann seine Ausbildung im Jahre 1845 an der Akademie, wo er zum Beispiel im Jahre 1847\/48 Sch\u00fcler Georg Waldm\u00fcllers war. Von 1848-55 diente er als Offizier in der \u00f6sterreichischen Armee. Er unternahm viele Reisen, die ihn u. a. nach Westeuropa, Italien und &hellip; <\/p>\n<p class=\"link-more\"><a href=\"https:\/\/www.evang-friedhof.at\/matzleinsdorf\/hans-canon\/\" class=\"more-link\"><span class=\"screen-reader-text\">\u201eHans CANON\u201c<\/span> weiterlesen<\/a><\/p>\n","protected":false},"author":1,"featured_media":0,"parent":0,"menu_order":0,"comment_status":"closed","ping_status":"closed","template":"","meta":{"ngg_post_thumbnail":0,"footnotes":""},"class_list":["post-46250","page","type-page","status-publish","hentry"],"_links":{"self":[{"href":"https:\/\/www.evang-friedhof.at\/matzleinsdorf\/wp-json\/wp\/v2\/pages\/46250","targetHints":{"allow":["GET"]}}],"collection":[{"href":"https:\/\/www.evang-friedhof.at\/matzleinsdorf\/wp-json\/wp\/v2\/pages"}],"about":[{"href":"https:\/\/www.evang-friedhof.at\/matzleinsdorf\/wp-json\/wp\/v2\/types\/page"}],"author":[{"embeddable":true,"href":"https:\/\/www.evang-friedhof.at\/matzleinsdorf\/wp-json\/wp\/v2\/users\/1"}],"replies":[{"embeddable":true,"href":"https:\/\/www.evang-friedhof.at\/matzleinsdorf\/wp-json\/wp\/v2\/comments?post=46250"}],"version-history":[{"count":1,"href":"https:\/\/www.evang-friedhof.at\/matzleinsdorf\/wp-json\/wp\/v2\/pages\/46250\/revisions"}],"predecessor-version":[{"id":46252,"href":"https:\/\/www.evang-friedhof.at\/matzleinsdorf\/wp-json\/wp\/v2\/pages\/46250\/revisions\/46252"}],"wp:attachment":[{"href":"https:\/\/www.evang-friedhof.at\/matzleinsdorf\/wp-json\/wp\/v2\/media?parent=46250"}],"curies":[{"name":"wp","href":"https:\/\/api.w.org\/{rel}","templated":true}]}}