{"id":46238,"date":"2022-10-30T16:23:27","date_gmt":"2022-10-30T15:23:27","guid":{"rendered":"https:\/\/www.evang-friedhof.at\/matzleinsdorf\/?page_id=46238"},"modified":"2022-10-30T16:23:27","modified_gmt":"2022-10-30T15:23:27","slug":"friedrich-f-von-beust","status":"publish","type":"page","link":"https:\/\/www.evang-friedhof.at\/matzleinsdorf\/friedrich-f-von-beust\/","title":{"rendered":"Friedrich F. von BEUST"},"content":{"rendered":"<p><a href=\"https:\/\/www.evang-friedhof.at\/matzleinsdorf\/wp-content\/uploads\/2022\/10\/GRUFT-re-010-Beust-Freiherr-von.jpg\"><img loading=\"lazy\" decoding=\"async\" class=\"size-medium wp-image-46239 alignleft\" src=\"https:\/\/www.evang-friedhof.at\/matzleinsdorf\/wp-content\/uploads\/2022\/10\/GRUFT-re-010-Beust-Freiherr-von-200x300.jpg\" alt=\"\" width=\"200\" height=\"300\" srcset=\"https:\/\/www.evang-friedhof.at\/matzleinsdorf\/wp-content\/uploads\/2022\/10\/GRUFT-re-010-Beust-Freiherr-von-200x300.jpg 200w, https:\/\/www.evang-friedhof.at\/matzleinsdorf\/wp-content\/uploads\/2022\/10\/GRUFT-re-010-Beust-Freiherr-von-683x1024.jpg 683w, https:\/\/www.evang-friedhof.at\/matzleinsdorf\/wp-content\/uploads\/2022\/10\/GRUFT-re-010-Beust-Freiherr-von-768x1152.jpg 768w, https:\/\/www.evang-friedhof.at\/matzleinsdorf\/wp-content\/uploads\/2022\/10\/GRUFT-re-010-Beust-Freiherr-von-1024x1536.jpg 1024w, https:\/\/www.evang-friedhof.at\/matzleinsdorf\/wp-content\/uploads\/2022\/10\/GRUFT-re-010-Beust-Freiherr-von-350x525.jpg 350w, https:\/\/www.evang-friedhof.at\/matzleinsdorf\/wp-content\/uploads\/2022\/10\/GRUFT-re-010-Beust-Freiherr-von.jpg 1080w\" sizes=\"auto, (max-width: 200px) 100vw, 200px\" \/><\/a>Diplomat und Politiker<\/p>\n<p>geb.: 13.01.1809 Dresden<br \/>\ngest.: 23.10.1886 im Schloss Altenberg bei Greifenstein in Nieder\u00f6sterreich<\/p>\n<p>1832 trat Beust in den s\u00e4chsischen Staatsdienst. 1849 war er Au\u00dfenminister im s\u00e4chsischen Staatsdienst und ab 1853 Innenminister. 1866 schloss Beust das B\u00fcndnis mit \u00d6sterreich. Nach der Niederlage von 1866 erfolgte auf Verlangen Bismarcks seine Absetzung und in der Folge trat er in \u00f6sterreichische Dienste.<\/p>\n<p>1866-1871 Au\u00dfenminister mit dem Titel eines Reichskanzlers, von Februar bis Juni 1867 ist er auch \u00f6sterreichischer Ministerpr\u00e4sident. Beust f\u00fchrte den Ausgleich mit Ungarn durch und leitete die konstitutionelle Verfassung ein. Als Au\u00dfenminister und Ministerpr\u00e4sident vertrat er die Triasidee.<\/p>\n<p>Au\u00dfenpolitisch arbeitete Beust vergeblich auf eine diplomatische Verhinderung der deutschen Einigung unter preu\u00dfischer Herrschaft hin. Diese Politik scheiterte 1871 an den schnellen milit\u00e4rischen Erfolgen Preu\u00dfens im Deutsch-Franz\u00f6sischen Krieg. Beust trat zur\u00fcck und wirkte 1871-1882 als \u00f6sterreichischer Botschafter in London und Paris. Dann schrieb er seine Memoiren unter dem Titel: \u201eAus drei Viertel Jahrhunderten\u201c.<\/p>\n<p>Grablage<br \/>\nGruppe: GRU<br \/>\nReihe: RE<br \/>\nGrabnummer: 10<\/p>\n<p><a href=\"https:\/\/de.wikipedia.org\/wiki\/Friedrich_Ferdinand_von_Beust\">https:\/\/de.wikipedia.org\/wiki\/Friedrich_Ferdinand_von_Beust<\/a><\/p>\n","protected":false},"excerpt":{"rendered":"<p>Diplomat und Politiker geb.: 13.01.1809 Dresden gest.: 23.10.1886 im Schloss Altenberg bei Greifenstein in Nieder\u00f6sterreich 1832 trat Beust in den s\u00e4chsischen Staatsdienst. 1849 war er Au\u00dfenminister im s\u00e4chsischen Staatsdienst und ab 1853 Innenminister. 1866 schloss Beust das B\u00fcndnis mit \u00d6sterreich. Nach der Niederlage von 1866 erfolgte auf Verlangen Bismarcks seine Absetzung und in der Folge &hellip; <\/p>\n<p class=\"link-more\"><a href=\"https:\/\/www.evang-friedhof.at\/matzleinsdorf\/friedrich-f-von-beust\/\" class=\"more-link\"><span class=\"screen-reader-text\">\u201eFriedrich F. von BEUST\u201c<\/span> weiterlesen<\/a><\/p>\n","protected":false},"author":1,"featured_media":0,"parent":0,"menu_order":0,"comment_status":"closed","ping_status":"closed","template":"","meta":{"ngg_post_thumbnail":0,"footnotes":""},"class_list":["post-46238","page","type-page","status-publish","hentry"],"_links":{"self":[{"href":"https:\/\/www.evang-friedhof.at\/matzleinsdorf\/wp-json\/wp\/v2\/pages\/46238","targetHints":{"allow":["GET"]}}],"collection":[{"href":"https:\/\/www.evang-friedhof.at\/matzleinsdorf\/wp-json\/wp\/v2\/pages"}],"about":[{"href":"https:\/\/www.evang-friedhof.at\/matzleinsdorf\/wp-json\/wp\/v2\/types\/page"}],"author":[{"embeddable":true,"href":"https:\/\/www.evang-friedhof.at\/matzleinsdorf\/wp-json\/wp\/v2\/users\/1"}],"replies":[{"embeddable":true,"href":"https:\/\/www.evang-friedhof.at\/matzleinsdorf\/wp-json\/wp\/v2\/comments?post=46238"}],"version-history":[{"count":1,"href":"https:\/\/www.evang-friedhof.at\/matzleinsdorf\/wp-json\/wp\/v2\/pages\/46238\/revisions"}],"predecessor-version":[{"id":46240,"href":"https:\/\/www.evang-friedhof.at\/matzleinsdorf\/wp-json\/wp\/v2\/pages\/46238\/revisions\/46240"}],"wp:attachment":[{"href":"https:\/\/www.evang-friedhof.at\/matzleinsdorf\/wp-json\/wp\/v2\/media?parent=46238"}],"curies":[{"name":"wp","href":"https:\/\/api.w.org\/{rel}","templated":true}]}}