{"id":46231,"date":"2022-10-30T16:19:59","date_gmt":"2022-10-30T15:19:59","guid":{"rendered":"https:\/\/www.evang-friedhof.at\/matzleinsdorf\/?page_id=46231"},"modified":"2022-10-30T16:20:15","modified_gmt":"2022-10-30T15:20:15","slug":"friedrich-beckmann","status":"publish","type":"page","link":"https:\/\/www.evang-friedhof.at\/matzleinsdorf\/friedrich-beckmann\/","title":{"rendered":"Friedrich BECKMANN"},"content":{"rendered":"<p><a style=\"color: #000000;\" href=\"https:\/\/www.evang-friedhof.at\/matzleinsdorf\/wp-content\/uploads\/2022\/10\/MLI-011-Beckmann-Friedrich.jpg\"><img loading=\"lazy\" decoding=\"async\" class=\"wp-image-46232 size-medium alignleft\" src=\"https:\/\/www.evang-friedhof.at\/matzleinsdorf\/wp-content\/uploads\/2022\/10\/MLI-011-Beckmann-Friedrich-200x300.jpg\" alt=\"\" width=\"200\" height=\"300\" srcset=\"https:\/\/www.evang-friedhof.at\/matzleinsdorf\/wp-content\/uploads\/2022\/10\/MLI-011-Beckmann-Friedrich-200x300.jpg 200w, https:\/\/www.evang-friedhof.at\/matzleinsdorf\/wp-content\/uploads\/2022\/10\/MLI-011-Beckmann-Friedrich-683x1024.jpg 683w, https:\/\/www.evang-friedhof.at\/matzleinsdorf\/wp-content\/uploads\/2022\/10\/MLI-011-Beckmann-Friedrich-768x1152.jpg 768w, https:\/\/www.evang-friedhof.at\/matzleinsdorf\/wp-content\/uploads\/2022\/10\/MLI-011-Beckmann-Friedrich-1024x1536.jpg 1024w, https:\/\/www.evang-friedhof.at\/matzleinsdorf\/wp-content\/uploads\/2022\/10\/MLI-011-Beckmann-Friedrich-350x525.jpg 350w, https:\/\/www.evang-friedhof.at\/matzleinsdorf\/wp-content\/uploads\/2022\/10\/MLI-011-Beckmann-Friedrich.jpg 1080w\" sizes=\"auto, (max-width: 200px) 100vw, 200px\" \/><\/a>Hofschauspieler<\/p>\n<p>geb.: 13.01.1803 Breslau<br \/>\ngest.: 07.09.1866 Wien<\/p>\n<p>Die Anf\u00e4nge Friedrich Beckmanns als Schauspieler reichen bis in seine Jugendzeit zur\u00fcck, als er bereits im Chor des Theaters von Breslau arbeitete. Ab 1824 ist er am K\u00f6nigst\u00e4dtischen Theater in Berlin besch\u00e4ftigt und erh\u00e4lt sehr bald Hauptrollen, insbesondere im komischen Fach \u00fcbertragen. Der Erfolg von Holteis St\u00fcck \u201eEin Trauerspiel in Berlin\u201c veranlasste Beckmann, die Posse \u201eEckensteher Nante\u201c zu verfassen, dessen Titelfigur er sich auf den Leib schrieb. Das Werk wurde in ganz Deutschland aufgef\u00fchrt und erlebte unz\u00e4hlige Neuauflagen (44. Auflage, Berlin 1873). 1838 heiratete er die Soubrette Adele Muzarelli (4.6.1816 \u2013 3.11.1885) und \u00fcbersiedelte 1844 nach Wien. Dort trat Friedrich Beckmann mit seiner Frau am Theater an der Wien auf, zuletzt in Elmars \u201eDichter und Bauer\u201c. 1846 deb\u00fctierte der Schauspieler am Hofburgtheater als Agamemnon P\u00fcnktlich in \u201eKunst und Natur\u201c und wurde ab 1849 der \u201eerste Komiker\u201c des Hauses. Zu seinen Hauptrollen z\u00e4hlten der Kapuziner in Schillers \u201eWallensteins Lager oder der Fallstaff\u201c in Shakespeares \u201eHeinrich IV\u201c. In sp\u00e4teren Jahren f\u00fchrte er auch Regie. Nach seinem Tod errichtete seine Frau Adele die \u201eFriedrich Beckmann Stiftung\u201c zur Unterst\u00fctzung bed\u00fcrftiger deutscher Schauspieler in Wien. Lit.: Personalakt WSTLA, Der Gro\u00dfe Brockhaus, Leipzig 192915, Bd. 2 S. 445, Meyers Konversationslexikon, Leipzig 18743 Bd. 2 S.<\/p>\n<p>Grablage<br \/>\nGruppe: MLI<br \/>\nReihe:<br \/>\nGrabnummer: 11<\/p>\n<p><a href=\"https:\/\/de.wikipedia.org\/wiki\/Friedrich_Beckmann_(Schauspieler,_1803)\">https:\/\/de.wikipedia.org\/wiki\/Friedrich_Beckmann_(Schauspieler,_1803)<\/a><\/p>\n","protected":false},"excerpt":{"rendered":"<p>Hofschauspieler geb.: 13.01.1803 Breslau gest.: 07.09.1866 Wien Die Anf\u00e4nge Friedrich Beckmanns als Schauspieler reichen bis in seine Jugendzeit zur\u00fcck, als er bereits im Chor des Theaters von Breslau arbeitete. Ab 1824 ist er am K\u00f6nigst\u00e4dtischen Theater in Berlin besch\u00e4ftigt und erh\u00e4lt sehr bald Hauptrollen, insbesondere im komischen Fach \u00fcbertragen. Der Erfolg von Holteis St\u00fcck \u201eEin &hellip; <\/p>\n<p class=\"link-more\"><a href=\"https:\/\/www.evang-friedhof.at\/matzleinsdorf\/friedrich-beckmann\/\" class=\"more-link\"><span class=\"screen-reader-text\">\u201eFriedrich BECKMANN\u201c<\/span> weiterlesen<\/a><\/p>\n","protected":false},"author":1,"featured_media":0,"parent":0,"menu_order":0,"comment_status":"closed","ping_status":"closed","template":"","meta":{"ngg_post_thumbnail":0,"footnotes":""},"class_list":["post-46231","page","type-page","status-publish","hentry"],"_links":{"self":[{"href":"https:\/\/www.evang-friedhof.at\/matzleinsdorf\/wp-json\/wp\/v2\/pages\/46231","targetHints":{"allow":["GET"]}}],"collection":[{"href":"https:\/\/www.evang-friedhof.at\/matzleinsdorf\/wp-json\/wp\/v2\/pages"}],"about":[{"href":"https:\/\/www.evang-friedhof.at\/matzleinsdorf\/wp-json\/wp\/v2\/types\/page"}],"author":[{"embeddable":true,"href":"https:\/\/www.evang-friedhof.at\/matzleinsdorf\/wp-json\/wp\/v2\/users\/1"}],"replies":[{"embeddable":true,"href":"https:\/\/www.evang-friedhof.at\/matzleinsdorf\/wp-json\/wp\/v2\/comments?post=46231"}],"version-history":[{"count":2,"href":"https:\/\/www.evang-friedhof.at\/matzleinsdorf\/wp-json\/wp\/v2\/pages\/46231\/revisions"}],"predecessor-version":[{"id":46234,"href":"https:\/\/www.evang-friedhof.at\/matzleinsdorf\/wp-json\/wp\/v2\/pages\/46231\/revisions\/46234"}],"wp:attachment":[{"href":"https:\/\/www.evang-friedhof.at\/matzleinsdorf\/wp-json\/wp\/v2\/media?parent=46231"}],"curies":[{"name":"wp","href":"https:\/\/api.w.org\/{rel}","templated":true}]}}